000
CXUS55 KBOU 290804
CF620V
PRELIMINARY LOCAL CLIMATOLOGICAL DATA (WS FORM: F-6)

                                          STATION:   Kremmling
                                          MONTH:     APRIL
                                          YEAR:      2016
                                          LATITUDE:   40  3 N
                                          LONGITUDE: 106 22 W

  TEMPERATURE IN F:       :PCPN:    SNOW:  WIND      :SUNSHINE: SKY     :PK WND
================================================================================
1   2   3   4   5  6A  6B    7    8   9   10  11  12  13   14  15   16   17  18
                                     12Z  AVG MX 2MIN
DY MAX MIN AVG DEP HDD CDD  WTR  SNW DPTH SPD SPD DIR MIN PSBL S-S WX    SPD DR
================================================================================

 1  43  14  29   M  36   0    M    M    M  3.5 12 310   M    M   6         M  M
 2  54  19  37   M  28   0    M    M    M  2.0 12  10   M    M   2         M  M
 3  59  23  41   M  24   0    M    M    M  2.5 12 330   M    M   5        23 300
 4  64  30  47   M  18   0    M    M    M  3.9 17 240   M    M   4        29 240
 5  52  32  42   M  23   0    M    M    M  7.2 27 320   M    M   6        36 320
 6  32  23  28   M  37   0    M    M    M  2.3  7 270   M    M   1         M  M
 7  61  30  46   M  19   0    M    M    M  3.1  9 340   M    M   0        17 310
 8  66  23  45   M  20   0    M    M    M  3.2 17 100   M    M   0        18  90
 9  54  30  42   M  23   0    M    M    M  3.4 24 220   M    M   7        29 220
10  61  32  47   M  18   0    M    M    M  6.5 17 250   M    M   6        23 250
11  55  32  44   M  21   0    M    M    M  4.9 14 190   M    M   8        18 200
12  61  30  46   M  19   0    M    M    M  3.1 12 190   M    M   6        18 240
13  64  27  46   M  19   0    M    M    M  2.6 14 270   M    M   3        23 270
14  66  30  48   M  17   0    M    M    M  5.6 18 230   M    M   4        31 210
15  37  32  35   M  30   0    M    M    M  6.1 15 350   M    M  10        22 350
16  36  28  32   M  33   0    M    M    M  7.0 17 340   M    M  10        25 350
17  37  30  34   M  31   0    M    M    M  8.5 14 330   M    M   9        24 330
18  45  30  38   M  27   0    M    M    M  6.4 14 320   M    M   8        20 320
19  45  25  35   M  30   0    M    M    M  2.0  9 230   M    M   9        17 350
20  55  32  44   M  21   0    M    M    M  3.5 12 320   M    M   6        23 340
21  64  27  46   M  19   0    M    M    M  1.3  7 130   M    M   1         M  M
22  73  28  51   M  14   0    M    M    M  4.1 16 250   M    M   1        25 250
23  70  30  50   M  15   0    M    M    M  6.0 22 250   M    M   3 3      36 250
24  52  32  42   M  23   0    M    M    M  7.3 18 250   M    M   8        25 250
25  64  25  45   M  20   0    M    M    M  3.9 17 250   M    M   4        25 270
26  45  32  39   M  26   0    M    M    M  5.5 12 260   M    M   8        22 260
27  50  32  41   M  24   0    M    M    M  3.7 12 290   M    M   9        22 290
28  46  28  37   M  28   0    M    M    M  2.4 13 350   M    M   8 3      18 350
================================================================================
SM 1511  786       663   0    M     M    121.5          M      152
================================================================================
AV 54.0 28.1                               4.3 FASTST   M    M   5    MAX(MPH)
                                 MISC ---->  # 27 320                 36    M
================================================================================
NOTES:
# LAST OF SEVERAL OCCURRENCES

COLUMN 17 PEAK WIND IN M.P.H.

PRELIMINARY LOCAL CLIMATOLOGICAL DATA (WS FORM: F-6) , PAGE 2

                                          STATION:  Kremmling
                                          MONTH:    APRIL
                                          YEAR:     2016
                                          LATITUDE:   40  3 N
                                          LONGITUDE: 106 22 W

[TEMPERATURE DATA]      [PRECIPITATION DATA]       SYMBOLS USED IN COLUMN 16

AVERAGE MONTHLY: 41.0   TOTAL FOR MONTH:      M    1 = FOG OR MIST
DPTR FM NORMAL:     M   DPTR FM NORMAL:       M    2 = FOG REDUCING VISIBILITY
HIGHEST:    73 ON 22    GRTST 24HR    M  ON   M        TO 1/4 MILE OR LESS
LOWEST:     14 ON  1                               3 = THUNDER
                        SNOW, ICE PELLETS, HAIL    4 = ICE PELLETS
                        TOTAL MONTH:    M          5 = HAIL
                        GRTST 24HR    M  ON   M    6 = FREEZING RAIN OR DRIZZLE
                        GRTST DEPTH:  M  ON   M    7 = DUSTSTORM OR SANDSTORM:
                                                       VSBY 1/2 MILE OR LESS
                                                   8 = SMOKE OR HAZE
[NO. OF DAYS WITH]      [WEATHER - DAYS WITH]      9 = BLOWING SNOW
                                                   X = TORNADO
MAX 32 OR BELOW:   1    0.01 INCH OR MORE:   0
MAX 90 OR ABOVE:   0    0.10 INCH OR MORE:   0
MIN 32 OR BELOW:  28    0.50 INCH OR MORE:   0
MIN  0 OR BELOW:   0    1.00 INCH OR MORE:   0

[HDD (BASE 65) ]
TOTAL THIS MO.   663    CLEAR  (SCALE 0-3)   7
DPTR FM NORMAL     M    PTCLDY (SCALE 4-7)  14
TOTAL FM JUL 1  8310    CLOUDY (SCALE 8-10)  7
DPTR FM NORMAL     M

[CDD (BASE 65) ]
TOTAL THIS MO.     0
DPTR FM NORMAL     M    [PRESSURE DATA]
TOTAL FM JAN 1     0    HIGHEST SLP M ON M
DPTR FM NORMAL     M    LOWEST  SLP M ON M

[REMARKS]
