000
CXUS53 KUNR 200945
CF62WX
PRELIMINARY LOCAL CLIMATOLOGICAL DATA (WS FORM: F-6)

                                          STATION:   BUFFALO SD
                                          MONTH:     FEBRUARY
                                          YEAR:      2018
                                          LATITUDE:   45 35 N
                                          LONGITUDE: 103 33 W

  TEMPERATURE IN F:       :PCPN:    SNOW:  WIND      :SUNSHINE: SKY     :PK WND
================================================================================
1   2   3   4   5  6A  6B    7    8   9   10  11  12  13   14  15   16   17  18
                                     12Z  AVG MX 2MIN
DY MAX MIN AVG DEP HDD CDD  WTR  SNW DPTH SPD SPD DIR MIN PSBL S-S WX    SPD DR
================================================================================

 1  18  -3   8 -13  57   0 0.00    M    M  8.4 18 310   M    M   M        21 310
 2  40  11  26   5  39   0 0.00    M    M  5.3 18 290   M    M   M        22 290
 3  38  -1  19  -2  46   0 0.09    M    M 16.7 33 300   M    M   M        39 300
 4  10 -12  -1 -23  66   0 0.02    M    M 12.2 23 310   M    M   M        27 320
 5  11  -4   4 -18  61   0 0.09    M    M 12.1 26 320   M    M   M        31 320
 6  20  -6   7 -15  58   0 0.00    M    M 14.2 39 310   M    M   M        44 310
 7  24  -4  10 -12  55   0 0.10    M    M  8.2 17 190   M    M   M        21 190
 8  13  -3   5 -17  60   0 0.51    M    M 13.9 25  60   M    M   M        29  60
 9   1 -16  -7 -29  72   0 0.03    M    M  8.5 22 300   M    M   M        24 310
10   8 -18  -5 -27  70   0 0.00    M    M 12.1 22 270   M    M   M        25 270
11  15  -4   6 -17  59   0 0.01    M    M  8.4 18 350   M    M   M        22 350
12   2  -7  -2 -25  67   0 0.09    M    M 10.8 17 140   M    M   M        19 150
13  30  -8  11 -12  54   0 0.00    M    M  8.6 22 240   M    M   M        24 240
14  39  24  32   9  33   0 0.00    M    M 11.6 21 260   M    M   M        25 250
15  32  -5  14 -10  51   0 0.00    M    M 20.4 35 330   M    M   M        39 330
16  27  -5  11 -13  54   0 0.00    M    M 14.0 28 250   M    M   M        31 250
17  26  14  20  -4  45   0 0.01    M    M 14.7 35 320   M    M   M        39 320
18  17   4  11 -13  54   0 0.08    M    M 15.3 28  10   M    M   M        32  20
19   4   0   2 -22  63   0 0.10    M    M 10.3 16  50   M    M   M        18  30
================================================================================
SM  375  -43      1064   0  1.13    M    225.7          M        M
================================================================================
AV 19.7 -2.3                              11.9 FASTST   M    M   5    MAX(MPH)
                                 MISC ---->  # 39 310               # 44  310
================================================================================
NOTES:
# LAST OF SEVERAL OCCURRENCES

COLUMN 17 PEAK WIND IN M.P.H.

PRELIMINARY LOCAL CLIMATOLOGICAL DATA (WS FORM: F-6) , PAGE 2

                                          STATION:  BUFFALO SD
                                          MONTH:    FEBRUARY
                                          YEAR:     2018
                                          LATITUDE:   45 35 N
                                          LONGITUDE: 103 33 W

[TEMPERATURE DATA]      [PRECIPITATION DATA]       SYMBOLS USED IN COLUMN 16

AVERAGE MONTHLY:  8.7   TOTAL FOR MONTH:   1.13    1 = FOG OR MIST
DPTR FM NORMAL: -13.8   DPTR FM NORMAL:    0.94    2 = FOG REDUCING VISIBILITY
HIGHEST:    40 ON  2    GRTST 24HR  0.51 ON  8- 8      TO 1/4 MILE OR LESS
LOWEST:    -18 ON 10                               3 = THUNDER
                        SNOW, ICE PELLETS, HAIL    4 = ICE PELLETS
                        TOTAL MONTH:    M          5 = HAIL
                        GRTST 24HR    M  ON   M    6 = FREEZING RAIN OR DRIZZLE
                        GRTST DEPTH:  M  ON   M    7 = DUSTSTORM OR SANDSTORM:
                                                       VSBY 1/2 MILE OR LESS
                                                   8 = SMOKE OR HAZE
[NO. OF DAYS WITH]      [WEATHER - DAYS WITH]      9 = BLOWING SNOW
                                                   X = TORNADO
MAX 32 OR BELOW:  16    0.01 INCH OR MORE:  11
MAX 90 OR ABOVE:   0    0.10 INCH OR MORE:   3
MIN 32 OR BELOW:  19    0.50 INCH OR MORE:   1
MIN  0 OR BELOW:  15    1.00 INCH OR MORE:   0

[HDD (BASE 65) ]
TOTAL THIS MO.  1064    CLEAR  (SCALE 0-3)   0
DPTR FM NORMAL   257    PTCLDY (SCALE 4-7)   0
TOTAL FM JUL 1  5440    CLOUDY (SCALE 8-10)  0
DPTR FM NORMAL    -6

[CDD (BASE 65) ]
TOTAL THIS MO.     0
DPTR FM NORMAL     0    [PRESSURE DATA]
TOTAL FM JAN 1     0    HIGHEST SLP M ON M
DPTR FM NORMAL     0    LOWEST  SLP 29.27 ON 18

[REMARKS]
