000
CXUS56 KMFR 211000
CF6AAT
PRELIMINARY LOCAL CLIMATOLOGICAL DATA (WS FORM: F-6)

                                          STATION:   ALTURAS CA
                                          MONTH:     MAY
                                          YEAR:      2015
                                          LATITUDE:   41 29 N
                                          LONGITUDE: 120 34 W

  TEMPERATURE IN F:       :PCPN:    SNOW:  WIND      :SUNSHINE: SKY     :PK WND
================================================================================
1   2   3   4   5  6A  6B    7    8   9   10  11  12  13   14  15   16   17  18
                                     12Z  AVG MX 2MIN
DY MAX MIN AVG DEP HDD CDD  WTR  SNW DPTH SPD SPD DIR MIN PSBL S-S WX    SPD DR
================================================================================

 1  81  26  54   6  11   0 0.00    M    M  3.4 17 270   M    M   2        26 170
 2  78  36  57   9   8   0 0.00    M    M  6.6 21 270   M    M   1        26 260
 3  77  32  55   7  10   0 0.00    M    M  5.0 20 260   M    M   1        25 250
 4  77  33  55   7  10   0 0.00    M    M  6.0 22 270   M    M   1        27 260
 5  70  32  51   2  14   0 0.00    M    M  7.3 22 300   M    M   2        27 290
 6  61  36  49   0  16   0 0.00    M    M 10.8 28  10   M    M   5 8      36  10
 7  60  32  46  -3  19   0 0.00    M    M 13.3 22 360   M    M   5 8      29 350
 8  70  43  57   7   8   0 0.00    M    M 10.4 25 340   M    M   5 38     33 340
 9  72  27  50   0  15   0 0.00    M    M  4.2 17 320   M    M   0        23  10
10  75  30  53   3  12   0 0.00    M    M  5.9 23 260   M    M   2        28 260
11  66  38  52   2  13   0 0.07    M    M  8.1 25 320   M    M   M        39 210
12  48  31  40 -11  25   0 0.12    M    M  7.7 22 250   M    M   5 1      26 240
13  60  29  45  -6  20   0 0.10    M    M  5.1 22 280   M    M   7 1      26 270
14  60  34  47  -4  18   0 0.15    M    M  3.7 18 330   M    M   7 12     24 340
15  48  42  45  -7  20   0 0.43    M    M  8.6 20 320   M    M   9 1      26 320
16  62  40  51  -1  14   0 0.00    M    M  3.1 10 340   M    M   8        18 270
17  64  41  53   1  12   0 0.19    M    M  4.1 20 260   M    M   7 13     25 270
18  57  45  51  -1  14   0 0.04    M    M  4.8 17 260   M    M  10 1      21 260
19  58  48  53   0  12   0 0.15    M    M  5.7 15 260   M    M   9 1      18 280
20  65  45  55   2  10   0 0.39    M    M  3.0 23 260   M    M   9 13     27 260
================================================================================
SM 1309  720       281   0  1.64    M    126.8          M       95
================================================================================
AV 65.4 36.0                               6.3 FASTST   M    M   5    MAX(MPH)
                                 MISC ---->  # 28  10               # 39  210
================================================================================
NOTES:
# LAST OF SEVERAL OCCURRENCES

COLUMN 17 PEAK WIND IN M.P.H.

PRELIMINARY LOCAL CLIMATOLOGICAL DATA (WS FORM: F-6) , PAGE 2

                                          STATION:  ALTURAS CA
                                          MONTH:    MAY
                                          YEAR:     2015
                                          LATITUDE:   41 29 N
                                          LONGITUDE: 120 34 W

[TEMPERATURE DATA]      [PRECIPITATION DATA]       SYMBOLS USED IN COLUMN 16

AVERAGE MONTHLY: 50.7   TOTAL FOR MONTH:   1.64    1 = FOG OR MIST
DPTR FM NORMAL:   0.4   DPTR FM NORMAL:    0.74    2 = FOG REDUCING VISIBILITY
HIGHEST:    81 ON  1    GRTST 24HR  0.55 ON 14-15      TO 1/4 MILE OR LESS
LOWEST:     26 ON  1                               3 = THUNDER
                        SNOW, ICE PELLETS, HAIL    4 = ICE PELLETS
                        TOTAL MONTH:    M          5 = HAIL
                        GRTST 24HR    M  ON   M    6 = FREEZING RAIN OR DRIZZLE
                        GRTST DEPTH:  M  ON   M    7 = DUSTSTORM OR SANDSTORM:
                                                       VSBY 1/2 MILE OR LESS
                                                   8 = SMOKE OR HAZE
[NO. OF DAYS WITH]      [WEATHER - DAYS WITH]      9 = BLOWING SNOW
                                                   X = TORNADO
MAX 32 OR BELOW:   0    0.01 INCH OR MORE:   9
MAX 90 OR ABOVE:   0    0.10 INCH OR MORE:   7
MIN 32 OR BELOW:   8    0.50 INCH OR MORE:   0
MIN  0 OR BELOW:   0    1.00 INCH OR MORE:   0

[HDD (BASE 65) ]
TOTAL THIS MO.   281    CLEAR  (SCALE 0-3)   7
DPTR FM NORMAL   -12    PTCLDY (SCALE 4-7)   8
TOTAL FM JUL 1  5134    CLOUDY (SCALE 8-10)  4
DPTR FM NORMAL -1503

[CDD (BASE 65) ]
TOTAL THIS MO.     0
DPTR FM NORMAL     0    [PRESSURE DATA]
TOTAL FM JAN 1     0    HIGHEST SLP M ON M
DPTR FM NORMAL     0    LOWEST  SLP 29.74 ON 14

[REMARKS]
