000
CXUS56 KMFR 241000
CF6AAT
PRELIMINARY LOCAL CLIMATOLOGICAL DATA (WS FORM: F-6)

                                          STATION:   ALTURAS CA
                                          MONTH:     AUGUST
                                          YEAR:      2016
                                          LATITUDE:   41 29 N
                                          LONGITUDE: 120 34 W

  TEMPERATURE IN F:       :PCPN:    SNOW:  WIND      :SUNSHINE: SKY     :PK WND
================================================================================
1   2   3   4   5  6A  6B    7    8   9   10  11  12  13   14  15   16   17  18
                                     12Z  AVG MX 2MIN
DY MAX MIN AVG DEP HDD CDD  WTR  SNW DPTH SPD SPD DIR MIN PSBL S-S WX    SPD DR
================================================================================

 1  94  44  69   2   0   4 0.00    M    M  6.1 22 280   M    M   0        28 290
 2  91  44  68   1   0   3 0.00    M    M  6.5 22 280   M    M   0        28 270
 3  90  44  67   0   0   2 0.00    M    M  4.5 12  20   M    M   0        17  50
 4  93  43  68   1   0   3 0.00    M    M  6.1 15 280   M    M   0        24 280
 5  88  48  68   1   0   3 0.00    M    M  5.8 21 260   M    M   0        27 270
 6  86  42  64  -3   1   0 0.00    M    M  5.4 21 250   M    M   0        24 260
 7  84  47  66   0   0   1 0.00    M    M  7.1 22 260   M    M   1        28 260
 8  84  41  63  -3   2   0 0.00    M    M  7.4 22 290   M    M   0        27 280
 9  79  42  61  -5   4   0 0.00    M    M  4.4 14 330   M    M   0        23 310
10  84  49  67   1   0   2 0.00    M    M  3.8 13 330   M    M   0        17 360
11  91  41  66   0   0   1 0.00    M    M  3.7 14 250   M    M   0        17 290
12  95  44  70   4   0   5 0.00    M    M  4.2 17 260   M    M   0        24 260
13  97  47  72   6   0   7 0.00    M    M  4.6 20 270   M    M   0        26 280
14  94  47  71   6   0   6 0.00    M    M  5.4 23 270   M    M   0        30 270
15  93  45  69   4   0   4 0.00    M    M  3.5 12 270   M    M   0        15 260
16  96  48  72   7   0   7 0.00    M    M  3.4 16 260   M    M   0        21 260
17  96  50  73   8   0   8 0.00    M    M  3.1 13  30   M    M   0 8      15 320
18  97  50  74  10   0   9 0.00    M    M  3.4 13  30   M    M   0        19  20
19  98  50  74  10   0   9 0.00    M    M  4.3 16 290   M    M   0        20 320
20  97  48  73   9   0   8 0.00    M    M  4.8 20 260   M    M   0        24 260
21  94  47  71   7   0   6    T    M    M  5.0 21 270   M    M   0        28 270
22  90  46  68   5   0   3    T    M    M  5.2 23 300   M    M   0        34 290
23  87  40  64   1   1   0 0.00    M    M  5.6 17 340   M    M   0        25 260
================================================================================
SM 2098 1047         8  91    T     M    113.3          M        1
================================================================================
AV 91.2 45.5                               4.9 FASTST   M    M   0    MAX(MPH)
                                 MISC ---->  # 23 270               # 34  290
================================================================================
NOTES:
# LAST OF SEVERAL OCCURRENCES

COLUMN 17 PEAK WIND IN M.P.H.

PRELIMINARY LOCAL CLIMATOLOGICAL DATA (WS FORM: F-6) , PAGE 2

                                          STATION:  ALTURAS CA
                                          MONTH:    AUGUST
                                          YEAR:     2016
                                          LATITUDE:   41 29 N
                                          LONGITUDE: 120 34 W

[TEMPERATURE DATA]      [PRECIPITATION DATA]       SYMBOLS USED IN COLUMN 16

AVERAGE MONTHLY: 68.4   TOTAL FOR MONTH:      T    1 = FOG OR MIST
DPTR FM NORMAL:   2.9   DPTR FM NORMAL:   -0.25    2 = FOG REDUCING VISIBILITY
HIGHEST:    98 ON 19    GRTST 24HR    T  ON 22-22      TO 1/4 MILE OR LESS
LOWEST:     40 ON 23                               3 = THUNDER
                        SNOW, ICE PELLETS, HAIL    4 = ICE PELLETS
                        TOTAL MONTH:    M          5 = HAIL
                        GRTST 24HR    M  ON   M    6 = FREEZING RAIN OR DRIZZLE
                        GRTST DEPTH:  M  ON   M    7 = DUSTSTORM OR SANDSTORM:
                                                       VSBY 1/2 MILE OR LESS
                                                   8 = SMOKE OR HAZE
[NO. OF DAYS WITH]      [WEATHER - DAYS WITH]      9 = BLOWING SNOW
                                                   X = TORNADO
MAX 32 OR BELOW:   0    0.01 INCH OR MORE:   0
MAX 90 OR ABOVE:  16    0.10 INCH OR MORE:   0
MIN 32 OR BELOW:   0    0.50 INCH OR MORE:   0
MIN  0 OR BELOW:   0    1.00 INCH OR MORE:   0

[HDD (BASE 65) ]
TOTAL THIS MO.     8    CLEAR  (SCALE 0-3)  23
DPTR FM NORMAL   -31    PTCLDY (SCALE 4-7)   0
TOTAL FM JUL 1    48    CLOUDY (SCALE 8-10)  0
DPTR FM NORMAL   -32

[CDD (BASE 65) ]
TOTAL THIS MO.    91
DPTR FM NORMAL    43    [PRESSURE DATA]
TOTAL FM JAN 1   251    HIGHEST SLP M ON M
DPTR FM NORMAL   108    LOWEST  SLP 29.76 ON  6

[REMARKS]
