000
CXUS56 KMFR 260040
CF6AAT
PRELIMINARY LOCAL CLIMATOLOGICAL DATA (WS FORM: F-6)

                                          STATION:   ALTURAS CA
                                          MONTH:     FEBRUARY
                                          YEAR:      2018
                                          LATITUDE:   41 29 N
                                          LONGITUDE: 120 34 W

  TEMPERATURE IN F:       :PCPN:    SNOW:  WIND      :SUNSHINE: SKY     :PK WND
================================================================================
1   2   3   4   5  6A  6B    7    8   9   10  11  12  13   14  15   16   17  18
                                     12Z  AVG MX 2MIN
DY MAX MIN AVG DEP HDD CDD  WTR  SNW DPTH SPD SPD DIR MIN PSBL S-S WX    SPD DR
================================================================================

 1  57  30  44  12  21   0 0.00    M    M  1.6  8  60   M    M   3 18     10  60
 2  60  24  42  10  23   0 0.00    M    M  1.9  8  90   M    M   0 1      11 300
 3  62  25  44  12  21   0 0.00    M    M  1.6 10 330   M    M   1 18     13 300
 4  60  23  42  10  23   0 0.00    M    M  1.1  7 120   M    M   1 128     9 340
 5  58  28  43  11  22   0 0.00    M    M  4.4 17 310   M    M   2 1      22 300
 6  55  18  37   5  28   0 0.00    M    M  1.8  8 360   M    M   0 18     10 300
 7  61  20  41   9  24   0 0.00    M    M  1.0  6  10   M    M   0 18      7  10
 8  65  23  44  11  21   0 0.00    M    M  2.6 10 140   M    M   0 18     12 130
 9  59  24  42   9  23   0 0.00    M    M  4.4 22 300   M    M   2 18     26 300
10  46  15  31  -2  34   0 0.00    M    M  7.2 20 310   M    M   1 18     25 300
11  42  11  27  -6  38   0 0.01    M    M  5.7 25 320   M    M   6 18     32 300
12  35  23  29  -4  36   0 0.02    M    M 10.8 23  10   M    M   4 1      30  20
13  47   9  28  -6  37   0 0.00    M    M  3.0 14 180   M    M   0 18     18 170
14  46  24  35   1  30   0    T    M    M  8.8 25 330   M    M   4        30 330
15  44   9  27  -7  38   0 0.00    M    M  1.7  8 330   M    M   1 18     10 340
16  51  11  31  -3  34   0 0.00    M    M  3.2 16 320   M    M   0 18     19 320
17  59  17  38   4  27   0 0.00    M    M  6.7 24 260   M    M   1 1      30 250
18  41  20  31  -4  34   0 0.03    M    M 14.7 32 320   M    M   7 1      40 320
19  29  13  21 -14  44   0 0.06    M    M  6.2 18 350   M    M   8 18     23 300
20  30   0  15 -20  50   0 0.00    M    M  2.1  9 140   M    M   4 18     13 140
21  36  12  24 -11  41   0 0.00    M    M  2.2 12 310   M    M   7 18     15 320
22  31  18  25 -10  40   0 0.14    M    M  6.7 18 320   M    M   7 18     22 320
23  27   3  15 -21  50   0 0.00    M    M  3.7 17  10   M    M   3 8      22  10
24  33  12  23 -13  42   0 0.05    M    M  8.3 30 310   M    M   7 128    35 320
================================================================================
SM 1134  412       781   0  0.31    M    111.4          M       69
================================================================================
AV 47.3 17.2                               4.6 FASTST   M    M   3    MAX(MPH)
                                 MISC ---->  # 32 320               # 40  320
================================================================================
NOTES:
# LAST OF SEVERAL OCCURRENCES

COLUMN 17 PEAK WIND IN M.P.H.

PRELIMINARY LOCAL CLIMATOLOGICAL DATA (WS FORM: F-6) , PAGE 2

                                          STATION:  ALTURAS CA
                                          MONTH:    FEBRUARY
                                          YEAR:     2018
                                          LATITUDE:   41 29 N
                                          LONGITUDE: 120 34 W

[TEMPERATURE DATA]      [PRECIPITATION DATA]       SYMBOLS USED IN COLUMN 16

AVERAGE MONTHLY: 32.2   TOTAL FOR MONTH:   0.31    1 = FOG OR MIST
DPTR FM NORMAL:  -1.4   DPTR FM NORMAL:   -0.92    2 = FOG REDUCING VISIBILITY
HIGHEST:    65 ON  8    GRTST 24HR  0.14 ON 22-22      TO 1/4 MILE OR LESS
LOWEST:      0 ON 20                               3 = THUNDER
                        SNOW, ICE PELLETS, HAIL    4 = ICE PELLETS
                        TOTAL MONTH:    M          5 = HAIL
                        GRTST 24HR    M  ON   M    6 = FREEZING RAIN OR DRIZZLE
                        GRTST DEPTH:  M  ON   M    7 = DUSTSTORM OR SANDSTORM:
                                                       VSBY 1/2 MILE OR LESS
                                                   8 = SMOKE OR HAZE
[NO. OF DAYS WITH]      [WEATHER - DAYS WITH]      9 = BLOWING SNOW
                                                   X = TORNADO
MAX 32 OR BELOW:   4    0.01 INCH OR MORE:   6
MAX 90 OR ABOVE:   0    0.10 INCH OR MORE:   1
MIN 32 OR BELOW:  24    0.50 INCH OR MORE:   0
MIN  0 OR BELOW:   1    1.00 INCH OR MORE:   0

[HDD (BASE 65) ]
TOTAL THIS MO.   781    CLEAR  (SCALE 0-3)  14
DPTR FM NORMAL    28    PTCLDY (SCALE 4-7)  10
TOTAL FM JUL 1  4237    CLOUDY (SCALE 8-10)  0
DPTR FM NORMAL  -514

[CDD (BASE 65) ]
TOTAL THIS MO.     0
DPTR FM NORMAL     0    [PRESSURE DATA]
TOTAL FM JAN 1     0    HIGHEST SLP M ON M
DPTR FM NORMAL     0    LOWEST  SLP 29.82 ON 18

[REMARKS]
