000
CXUS51 KPHI 290800
CF6ABE
PRELIMINARY LOCAL CLIMATOLOGICAL DATA (WS FORM: F-6)

                                          STATION:   ALLENTOWN PA
                                          MONTH:     AUGUST
                                          YEAR:      2016
                                          LATITUDE:   40 39 N
                                          LONGITUDE:  75 26 W

  TEMPERATURE IN F:       :PCPN:    SNOW:  WIND      :SUNSHINE: SKY     :PK WND
================================================================================
1   2   3   4   5  6A  6B    7    8   9   10  11  12  13   14  15   16   17  18
                                     12Z  AVG MX 2MIN
DY MAX MIN AVG DEP HDD CDD  WTR  SNW DPTH SPD SPD DIR MIN PSBL S-S WX    SPD DR
================================================================================

 1  77  71  74   1   0   9 0.02  0.0    0  5.8 10 170   M    M   9 18     18 200
 2  82  65  74   1   0   9 0.00  0.0    0  5.5 15  60   M    M   7        20  70
 3  83  62  73   0   0   8 0.00  0.0    0  4.3 13  70   M    M   2 1      16  90
 4  85  60  73   0   0   8 0.00  0.0    0  3.4  9 210   M    M   2        17 130
 5  81  62  72  -1   0   7    T  0.0    0  5.0 16 240   M    M   6        22 240
 6  91  67  79   6   0  14 0.21  0.0    0  4.6 20 240   M    M   7 3      29 260
 7  87  60  74   1   0   9 0.00  0.0    0  4.4 10 290   M    M   1        17 320
 8  86  62  74   1   0   9 0.00  0.0    0  2.0  8 230   M    M   0        12  40
 9  88  59  74   1   0   9 0.00  0.0    0  6.0 14 190   M    M   3        22 180
10  89  77  83  11   0  18 0.18  0.0    0  5.8 13 250   M    M   7 13     17 180
11  93  76  85  13   0  20 0.03  0.0    0  5.2 16 240   M    M   4 138    18 240
12  94  73  84  12   0  19 0.24  0.0    0  4.8 23 230   M    M   1 13     29 230
13  96  75  86  14   0  21 0.05  0.0    0  5.2 23 280   M    M   1 13     30 300
14  93  73  83  11   0  18 0.20  0.0    0  6.2 22 300   M    M   2 3      31 290
15  91  71  81   9   0  16 0.00  0.0    0  2.6  9 240   M    M   2        15 280
16  91  70  81   9   0  16 0.19  0.0    0  5.3 30 220   M    M   4 38     43 210
17  86  74  80   8   0  15 0.01  0.0    0  6.3 15 290   M    M   4        20 290
18  87  68  78   6   0  13 0.07  0.0    0  3.8 13 260   M    M   5 1      20 250
19  90  68  79   7   0  14 0.00  0.0    0  3.6  9 350   M    M   2        13 340
20  91  64  78   7   0  13 0.00  0.0    0  4.9 14 130   M    M   2        22 120
21  89  66  78   7   0  13 0.73  0.0    0  6.0 16 180   M    M   5 1      31 170
22  78  57  68  -3   0   3 0.00  0.0    0  7.3 20 330   M    M   1        26 320
23  81  52  67  -4   0   2 0.00  0.0    0  2.3 12 280   M    M   0        17 250
24  86  57  72   1   0   7 0.00  0.0    0  4.9 14 240   M    M   0 1      17 250
25  84  62  73   3   0   8 0.00  0.0    0  5.0 14 240   M    M   3        25 210
26  91  68  80  10   0  15 0.00  0.0    0  5.1 14 310   M    M   2 18     20 340
27  90  63  77   7   0  12 0.00  0.0    0  2.8 10  90   M    M   0        15 140
28  91  60  76   6   0  11 0.00  0.0    0  4.2 13 220   M    M   0        17 210
================================================================================
SM 2451 1842         0 336  1.93     0.0 132.3          M       82
================================================================================
AV 87.5 65.8                               4.7 FASTST   M    M   3    MAX(MPH)
                                 MISC ---->  # 30 220               # 43  210
================================================================================
NOTES:
# LAST OF SEVERAL OCCURRENCES

COLUMN 17 PEAK WIND IN M.P.H.

PRELIMINARY LOCAL CLIMATOLOGICAL DATA (WS FORM: F-6) , PAGE 2

                                          STATION:  ALLENTOWN PA
                                          MONTH:    AUGUST
                                          YEAR:     2016
                                          LATITUDE:   40 39 N
                                          LONGITUDE:  75 26 W

[TEMPERATURE DATA]      [PRECIPITATION DATA]       SYMBOLS USED IN COLUMN 16

AVERAGE MONTHLY: 76.7   TOTAL FOR MONTH:   1.93    1 = FOG OR MIST
DPTR FM NORMAL:   4.8   DPTR FM NORMAL:   -1.45    2 = FOG REDUCING VISIBILITY
HIGHEST:    96 ON 13    GRTST 24HR  0.73 ON 21-21      TO 1/4 MILE OR LESS
LOWEST:     52 ON 23                               3 = THUNDER
                        SNOW, ICE PELLETS, HAIL    4 = ICE PELLETS
                        TOTAL MONTH:   0.0 INCH    5 = HAIL
                        GRTST 24HR     0.0         6 = FREEZING RAIN OR DRIZZLE
                        GRTST DEPTH:   0           7 = DUSTSTORM OR SANDSTORM:
                                                       VSBY 1/2 MILE OR LESS
                                                   8 = SMOKE OR HAZE
[NO. OF DAYS WITH]      [WEATHER - DAYS WITH]      9 = BLOWING SNOW
                                                   X = TORNADO
MAX 32 OR BELOW:   0    0.01 INCH OR MORE:  11
MAX 90 OR ABOVE:  12    0.10 INCH OR MORE:   6
MIN 32 OR BELOW:   0    0.50 INCH OR MORE:   1
MIN  0 OR BELOW:   0    1.00 INCH OR MORE:   0

[HDD (BASE 65) ]
TOTAL THIS MO.     0    CLEAR  (SCALE 0-3)  18
DPTR FM NORMAL    -1    PTCLDY (SCALE 4-7)   9
TOTAL FM JUL 1     0    CLOUDY (SCALE 8-10)  1
DPTR FM NORMAL    -4

[CDD (BASE 65) ]
TOTAL THIS MO.   336
DPTR FM NORMAL   137    [PRESSURE DATA]
TOTAL FM JAN 1  1002    HIGHEST SLP M ON M
DPTR FM NORMAL   338    LOWEST  SLP  0.00 ON M

[REMARKS]
