000
CXUS56 KEKA 261230
CF6ACV
PRELIMINARY LOCAL CLIMATOLOGICAL DATA (WS FORM: F-6)

                                          STATION:   ARCATA CA
                                          MONTH:     AUGUST
                                          YEAR:      2016
                                          LATITUDE:   40 58 N
                                          LONGITUDE: 124  6 W

  TEMPERATURE IN F:       :PCPN:    SNOW:  WIND      :SUNSHINE: SKY     :PK WND
================================================================================
1   2   3   4   5  6A  6B    7    8   9   10  11  12  13   14  15   16   17  18
                                     12Z  AVG MX 2MIN
DY MAX MIN AVG DEP HDD CDD  WTR  SNW DPTH SPD SPD DIR MIN PSBL S-S WX    SPD DR
================================================================================

 1  64  47  56  -1   9   0 0.00  0.0    0  4.2 12 320   M    M   4 28     15 310
 2  66  53  60   3   5   0 0.00  0.0    0  7.2 23 320   M    M   5        29 320
 3  64  47  56  -1   9   0 0.00  0.0    0  4.1 10 160   M    M   2 28     12 160
 4  61  52  57   0   8   0 0.00  0.0    0  6.5 14 230   M    M   9 2      17 230
 5  61  51  56  -1   9   0 0.00  0.0    0  5.4  9 160   M    M   9 18     14 160
 6  61  47  54  -3  11   0 0.00  0.0    0  5.0 14 310   M    M   5 1      17 310
 7  64  47  56  -1   9   0 0.00  0.0    0  6.7 16 330   M    M   4 1      26 320
 8  65  50  58   1   7   0    T  0.0    0  6.5 17 310   M    M   7 28     23 330
 9  74  53  64   7   1   0 0.00  0.0    0  8.3 23 330   M    M   5 2      29 320
10  62  54  58   1   7   0 0.00  0.0    0  4.6  9 300   M    M   8 18     13 270
11  62  52  57   0   8   0 0.00  0.0    0  3.9  8 180   M    M   8 28     11 250
12  61  51  56  -1   9   0 0.00  0.0    0  3.8  9 320   M    M   8 2      12 250
13  62  49  56  -1   9   0 0.00  0.0    M  2.3  8 300   M    M   9 28     14 240
14  60  52  56  -1   9   0 0.00  0.0    0  4.9  9 160   M    M   9 28     13 180
15  64  52  58   1   7   0 0.00  0.0    0  4.7 10 170   M    M   6 2      16 260
16  63  53  58   1   7   0    T  0.0    0  4.4  9 290   M    M   8 28     13 270
17  69  50  60   3   5   0    T  0.0    0  5.0 17 330   M    M   7 28     24 330
18  62  49  56  -1   9   0 0.00  0.0    0  3.1  8 250   M    M   6 28     11 280
19  57  49  53  -4  12   0 0.00  0.0    0  3.1  8 300   M    M   9 28     12 330
20  63  48  56  -1   9   0 0.00  0.0    0  3.0  9 310   M    M   7 12     13 290
21  61  46  54  -3  11   0 0.00  0.0    0  3.4  9 290   M    M   9 128    27 180
22  62  50  56   0   9   0 0.00  0.0    0  3.0  9 240   M    M   8 128    12 160
23  59  44  52  -4  13   0 0.00  0.0    0  4.5  9 250   M    M   8 128    14 210
24  56  49  53  -3  12   0 0.00  0.0    0  4.0  9 200   M    M  10 12     12 180
25  58  45  52  -4  13   0 0.00  0.0    0  2.9  9 230   M    M  10 28     13 220
================================================================================
SM 1561 1240       217   0    T      0.0 114.5          M      180
================================================================================
AV 62.4 49.6                               4.6 FASTST   M    M   7    MAX(MPH)
                                 MISC ---->  # 23 320               # 29  320
================================================================================
NOTES:
# LAST OF SEVERAL OCCURRENCES

COLUMN 17 PEAK WIND IN M.P.H.

PRELIMINARY LOCAL CLIMATOLOGICAL DATA (WS FORM: F-6) , PAGE 2

                                          STATION:  ARCATA CA
                                          MONTH:    AUGUST
                                          YEAR:     2016
                                          LATITUDE:   40 58 N
                                          LONGITUDE: 124  6 W

[TEMPERATURE DATA]      [PRECIPITATION DATA]       SYMBOLS USED IN COLUMN 16

AVERAGE MONTHLY: 56.0   TOTAL FOR MONTH:      T    1 = FOG OR MIST
DPTR FM NORMAL:  -0.8   DPTR FM NORMAL:   -0.33    2 = FOG REDUCING VISIBILITY
HIGHEST:    74 ON  9    GRTST 24HR    T  ON 17-17      TO 1/4 MILE OR LESS
LOWEST:     44 ON 23                               3 = THUNDER
                        SNOW, ICE PELLETS, HAIL    4 = ICE PELLETS
                        TOTAL MONTH:   0.0 INCH    5 = HAIL
                        GRTST 24HR     0.0         6 = FREEZING RAIN OR DRIZZLE
                        GRTST DEPTH:   0           7 = DUSTSTORM OR SANDSTORM:
                                                       VSBY 1/2 MILE OR LESS
                                                   8 = SMOKE OR HAZE
[NO. OF DAYS WITH]      [WEATHER - DAYS WITH]      9 = BLOWING SNOW
                                                   X = TORNADO
MAX 32 OR BELOW:   0    0.01 INCH OR MORE:   0
MAX 90 OR ABOVE:   0    0.10 INCH OR MORE:   0
MIN 32 OR BELOW:   0    0.50 INCH OR MORE:   0
MIN  0 OR BELOW:   0    1.00 INCH OR MORE:   0

[HDD (BASE 65) ]
TOTAL THIS MO.   217    CLEAR  (SCALE 0-3)   1
DPTR FM NORMAL    14    PTCLDY (SCALE 4-7)  13
TOTAL FM JUL 1   424    CLOUDY (SCALE 8-10) 11
DPTR FM NORMAL   -58

[CDD (BASE 65) ]
TOTAL THIS MO.     0
DPTR FM NORMAL     0    [PRESSURE DATA]
TOTAL FM JAN 1     0    HIGHEST SLP M ON M
DPTR FM NORMAL     0    LOWEST  SLP 29.81 ON 17

[REMARKS]
