000
CXUS52 KFFC 301110
CF6AHN
PRELIMINARY LOCAL CLIMATOLOGICAL DATA (WS FORM: F-6)

                                          STATION:   ATHENS
                                          MONTH:     MAY
                                          YEAR:      2015
                                          LATITUDE:   33 57 N
                                          LONGITUDE:  83 19 W

  TEMPERATURE IN F:       :PCPN:    SNOW:  WIND      :SUNSHINE: SKY     :PK WND
================================================================================
1   2   3   4   5  6A  6B    7    8   9   10  11  12  13   14  15   16   17  18
                                     12Z  AVG MX 2MIN
DY MAX MIN AVG DEP HDD CDD  WTR  SNW DPTH SPD SPD DIR MIN PSBL S-S WX    SPD DR
================================================================================

 1  73  48  61  -5   4   0 0.00  0.0    0  5.8 13  30   M    M   2 8      21 220
 2  78  46  62  -4   3   0 0.00  0.0    0  1.5  9 340   M    M   0 18     12 330
 3  80  50  65  -1   0   0 0.00  0.0    0  1.7  9 240   M    M   1        13 190
 4  83  53  68   1   0   3 0.00  0.0    0  1.7  9 210   M    M   1 18     20 160
 5  83  54  69   2   0   4 0.00  0.0    0  2.9 13  80   M    M   0 8      19  70
 6  83  53  68   1   0   3 0.00  0.0    0  3.0 12  70   M    M   1 18     15  70
 7  85  54  70   3   0   5 0.00  0.0    0  2.4 14  70   M    M   0 18     19  60
 8  87  59  73   5   0   8 0.00  0.0    0  4.0  9  50   M    M   0 18     13  70
 9  86  63  75   7   0  10 0.00  0.0    0  4.8 10  80   M    M   2 8      16  60
10  89  61  75   7   0  10 0.00  0.0    0  1.7  9 290   M    M   1 3      13 270
11  91  64  78   9   0  13 0.00  0.0    0  3.6 12 240   M    M   1 18     17 210
12  88  64  76   7   0  11 0.00  0.0    0  4.9 15 310   M    M   1 18     21 280
13  87  62  75   6   0  10 0.00  0.0    0  3.0  9  80   M    M   0 8      13 300
14  83  60  72   2   0   7 0.00  0.0    0  7.5 16  70   M    M   0 8      21  90
15  83  64  74   4   0   9    T  0.0    0  3.0  8 120   M    M   4 18     14 100
16  86  62  74   4   0   9 0.00  0.0    0  3.2  9 190   M    M   1        14 170
17  87  64  76   6   0  11 0.00  0.0    0  2.1  8 120   M    M   1        13 110
18  90  67  79   8   0  14 0.05  0.0    0  3.5 12 290   M    M   4 1      18 310
19  90  65  78   7   0  13 0.00  0.0    0  5.5 13 320   M    M   1 18     20 280
20  91  65  78   7   0  13    T  0.0    0  3.7  9 290   M    M   2 1      14 210
21  84  59  72   0   0   7 0.00  0.0    0 10.3 17 300   M    M   0 8      27 290
22  80  53  67  -5   0   2 0.00  0.0    0  4.3 14  70   M    M   0 8      18  80
23  84  53  69  -3   0   4 0.00  0.0    0  5.1 15  90   M    M   0        21  60
24  86  57  72   0   0   7 0.00  0.0    0  4.4 12  80   M    M   2        16  80
25  86  59  73   0   0   8 0.01  0.0    0  4.1 12  90   M    M   6 1      15  80
26  86  66  76   3   0  11 0.79  0.0    0  4.1 25 250   M    M   8 138    38 260
27  85  66  76   3   0  11 0.00  0.0    0  1.3  5 110   M    M   7 1       9 220
28  85  65  75   2   0  10 1.64  0.0    0  3.0 26 100   M    M   4 1      44 110
29  86  64  75   1   0  10 0.00  0.0    0  3.6 10  90   M    M   3 1      18 100
================================================================================
SM 2465 1720         7 223  2.49     0.0 109.7          M       53
================================================================================
AV 85.0 59.3                               3.8 FASTST   M    M   2    MAX(MPH)
                                 MISC ---->  # 26 100               # 44  110
================================================================================
NOTES:
# LAST OF SEVERAL OCCURRENCES

COLUMN 17 PEAK WIND IN M.P.H.

PRELIMINARY LOCAL CLIMATOLOGICAL DATA (WS FORM: F-6) , PAGE 2

                                          STATION:  ATHENS
                                          MONTH:    MAY
                                          YEAR:     2015
                                          LATITUDE:   33 57 N
                                          LONGITUDE:  83 19 W

[TEMPERATURE DATA]      [PRECIPITATION DATA]       SYMBOLS USED IN COLUMN 16

AVERAGE MONTHLY: 72.2   TOTAL FOR MONTH:   2.49    1 = FOG OR MIST
DPTR FM NORMAL:   2.4   DPTR FM NORMAL:   -0.30    2 = FOG REDUCING VISIBILITY
HIGHEST:    91 ON 20,11 GRTST 24HR  1.64 ON 28-28      TO 1/4 MILE OR LESS
LOWEST:     46 ON  2                               3 = THUNDER
                        SNOW, ICE PELLETS, HAIL    4 = ICE PELLETS
                        TOTAL MONTH:   0.0 INCH    5 = HAIL
                        GRTST 24HR     0.0         6 = FREEZING RAIN OR DRIZZLE
                        GRTST DEPTH:   0           7 = DUSTSTORM OR SANDSTORM:
                                                       VSBY 1/2 MILE OR LESS
                                                   8 = SMOKE OR HAZE
[NO. OF DAYS WITH]      [WEATHER - DAYS WITH]      9 = BLOWING SNOW
                                                   X = TORNADO
MAX 32 OR BELOW:   0    0.01 INCH OR MORE:   4
MAX 90 OR ABOVE:   4    0.10 INCH OR MORE:   2
MIN 32 OR BELOW:   0    0.50 INCH OR MORE:   2
MIN  0 OR BELOW:   0    1.00 INCH OR MORE:   1

[HDD (BASE 65) ]
TOTAL THIS MO.     7    CLEAR  (SCALE 0-3)  23
DPTR FM NORMAL   -18    PTCLDY (SCALE 4-7)   6
TOTAL FM JUL 1  2828    CLOUDY (SCALE 8-10)  0
DPTR FM NORMAL    60

[CDD (BASE 65) ]
TOTAL THIS MO.   223
DPTR FM NORMAL    59    [PRESSURE DATA]
TOTAL FM JAN 1   302    HIGHEST SLP M ON M
DPTR FM NORMAL    80    LOWEST  SLP 29.85 ON M

[REMARKS]
