124
CXUS53 KGRB 290710
CF6AIG
PRELIMINARY LOCAL CLIMATOLOGICAL DATA (WS FORM: F-6)

                                          STATION:   ANTIGO AWOS
                                          MONTH:     MAY
                                          YEAR:      2016
                                          LATITUDE:   45  9 N
                                          LONGITUDE:  89  8 W

  TEMPERATURE IN F:       :PCPN:    SNOW:  WIND      :SUNSHINE: SKY     :PK WND
================================================================================
1   2   3   4   5  6A  6B    7    8   9   10  11  12  13   14  15   16   17  18
                                     12Z  AVG MX 2MIN
DY MAX MIN AVG DEP HDD CDD  WTR  SNW DPTH SPD SPD DIR MIN PSBL S-S WX    SPD DR
================================================================================

 1  61  38  50   2  15   0 0.00  0.0    0  6.0 14  30   M    M   6        18  60
 2  62  30  46  -2  19   0 0.00  0.0    0  0.4  6 340   M    M   2         M  M
 3  64  35  50   1  15   0 0.09    M    0  7.6 20 270   M    M   4        28 270
 4  51  36  44  -5  21   0 0.00  0.0    0 14.4 22 360   M    M   5        29 360
 5  65  30  48  -2  17   0 0.00  0.0    0  1.4 12 260   M    M   0         M  M
 6  85  43  64  14   1   0 0.05    M    0  6.3 24 350   M    M   2        32 350
 7  64  40  52   2  13   0 0.00  0.0    0  9.3 18 360   M    M   3        27 310
 8  65  35  50   0  15   0 0.00  0.0    0  4.2 13 320   M    M   1        21 330
 9  62  39  51   0  14   0 0.00  0.0    0 10.0 17 130   M    M   0        22 130
10  50  42  46  -5  19   0 0.00  0.0    0 14.5 24 110   M    M   8 1      32 110
11  53  46  50  -1  15   0 0.02    M    0  4.9 13 100   M    M  10 1       M  M
12  62  51  57   5   8   0 0.20  0.0    0  8.5 17 300   M    M   9 1      21 300
13  51  36  44  -8  21   0 0.04    M    0 11.2 18 250   M    M   9        24 250
14  39  30  35 -17  30   0 0.00  0.0    0 10.7 17 300   M    M   9        24 290
15  55  27  41 -12  24   0 0.00  0.0    0  8.2 18 290   M    M   6        29 300
16  59  33  46  -7  19   0 0.00  0.0    0  7.0 15 360   M    M   4        22 330
17  61  27  44  -9  21   0 0.00  0.0    0  0.7  7  50   M    M   3         M  M
18  64  30  47  -7  18   0 0.00  0.0    0  0.3  8 110   M    M   0 8       M  M
19  69  35  52  -2  13   0 0.00  0.0    0  2.0  7 140   M    M   0        10 190
20  71  38  55   1  10   0 0.00  0.0    0  2.0 10 260   M    M   0         M  M
21  77  42  60   6   5   0 0.00  0.0    0  3.5 13  20   M    M   2        18  20
22  80  43  62   7   3   0 0.00  0.0    0  3.0 10 270   M    M   0         M  M
23  83  50  67  12   0   2 0.00  0.0    0 10.4 22 200   M    M   0        28 180
24  76  57  67  12   0   2 0.13  0.0    0  4.0 12 250   M    M   6         M  M
25  76  49  63   7   2   0 0.51    M    0 10.3 21 100   M    M   7 12     30 100
26  74  58  66  10   0   1 0.06  0.0    0  4.3 13 200   M    M   7 12     20 200
27  71  51  61   5   4   0 0.24  0.0    0  7.1 17 110   M    M   7 1      20 120
28  76  62  69  13   0   4 0.24  0.0    0  9.3 18 200   M    M   8 12     25 190
================================================================================
SM 1826 1133       342   9  1.58     0.0 181.5          M      118
================================================================================
AV 65.2 40.5                               6.5 FASTST   M    M   4    MAX(MPH)
                                 MISC ---->    24   M                 32    M
================================================================================
NOTES:
# LAST OF SEVERAL OCCURRENCES

COLUMN 17 PEAK WIND IN M.P.H.

PRELIMINARY LOCAL CLIMATOLOGICAL DATA (WS FORM: F-6) , PAGE 2

                                          STATION:  ANTIGO AWOS
                                          MONTH:    MAY
                                          YEAR:     2016
                                          LATITUDE:   45  9 N
                                          LONGITUDE:  89  8 W

[TEMPERATURE DATA]      [PRECIPITATION DATA]       SYMBOLS USED IN COLUMN 16

AVERAGE MONTHLY: 52.8   TOTAL FOR MONTH:   1.58    1 = FOG OR MIST
DPTR FM NORMAL:   0.4   DPTR FM NORMAL:   -1.30    2 = FOG REDUCING VISIBILITY
HIGHEST:    85 ON  6    GRTST 24HR  0.51 ON 25-25      TO 1/4 MILE OR LESS
LOWEST:     27 ON 17,15                            3 = THUNDER
                        SNOW, ICE PELLETS, HAIL    4 = ICE PELLETS
                        TOTAL MONTH:   0.0 INCH    5 = HAIL
                        GRTST 24HR     0.0         6 = FREEZING RAIN OR DRIZZLE
                        GRTST DEPTH:   0           7 = DUSTSTORM OR SANDSTORM:
                                                       VSBY 1/2 MILE OR LESS
                                                   8 = SMOKE OR HAZE
[NO. OF DAYS WITH]      [WEATHER - DAYS WITH]      9 = BLOWING SNOW
                                                   X = TORNADO
MAX 32 OR BELOW:   0    0.01 INCH OR MORE:  10
MAX 90 OR ABOVE:   0    0.10 INCH OR MORE:   5
MIN 32 OR BELOW:   6    0.50 INCH OR MORE:   1
MIN  0 OR BELOW:   0    1.00 INCH OR MORE:   0

[HDD (BASE 65) ]
TOTAL THIS MO.   342    CLEAR  (SCALE 0-3)  12
DPTR FM NORMAL   -18    PTCLDY (SCALE 4-7)  11
TOTAL FM JUL 1  7774    CLOUDY (SCALE 8-10)  5
DPTR FM NORMAL -1161

[CDD (BASE 65) ]
TOTAL THIS MO.     9
DPTR FM NORMAL     9    [PRESSURE DATA]
TOTAL FM JAN 1     9    HIGHEST SLP M ON M
DPTR FM NORMAL     8    LOWEST  SLP M ON M

[REMARKS]
