000
CXAK56 PAKN 211119
CF6AKN

PRELIMINARY LOCAL CLIMATOLOGICAL DATA (WS FORM: F-6)

                                          STATION:   KING SALMON
                                          MONTH:     09
                                          YEAR:      2014
                                          LATITUDE:   58 41 N
                                          LONGITUDE: 156 39 W

  TEMPERATURE IN F:       :PCPN:    SNOW:  WIND      :SUNSHINE: SKY     :PK WND
================================================================================
1   2   3   4   5  6A  6B    7     8   9   10  11  12  13   14  15   16  17  18
                                      12Z  AVG MX 2MIN
DY MAX MIN AVG DEP HDD CDD  WTR   SNW DPTH SPD SPD DIR MIN PSBL S-S WX   SPD DR
================================================================================

 1  60  31  46  -7  19   0  0.01  0.0   0 10.3 24  240   M    M   M 12    30 240
 2  59  52  56   4   9   0  0.06  0.0   0 12.2 22  240   M    M   M 1     28 230
 3  67  49  58   6   7   0  0.01  0.0   0  4.7 13   20   M    M   M 1     15  20
 4  60  51  56   4   9   0  1.27  0.0   0  5.4 13   80   M    M   M 1     15 160
 5  64  53  59   7   6   0  0.16  0.0   0  8.1 15  160   M    M   M 1     18 160
 6  67  44  56   5   9   0  0.00  0.0   0  5.2 13   10   M    M   M 12    17  10
 7  64  47  56   5   9   0  0.01  0.0   0  5.8 20  170   M    M   M       24 160
 8  67  50  59   8   6   0  0.00  0.0   0 10.3 22  170   M    M   M       29 160
 9  61  52  57   7   8   0  0.01  0.0   0  3.6 12  150   M    M   M 1     15 160
10  68  50  59   9   6   0  0.00  0.0   0  8.6 20  170   M    M   M       26 160
11  67  54  61  11   4   0  0.04  0.0   0 16.4 32  100   M    M   M       44  90
12  67  51  59  10   6   0  0.18  0.0   0 16.0 35  160   M    M   M 1     45 170
13  64  47  56   7   9   0     T  0.0   0 17.0 35  150   M    M   M       43 150
14  60  50  55   6  10   0  0.23  0.0   0 10.9 23  150   M    M   M 1     27 160
15  60  48  54   6  11   0  0.07  0.0   0  9.9 23  240   M    M   M 1     29 240
16  55  44  50   2  15   0  0.43  0.0   0 11.0 20   90   M    M   M 1     27  80
17  56  46  51   4  14   0  0.54  0.0   0  5.0 18   80   M    M   M 1     25  80
18  59  47  53   6  12   0  0.04  0.0   0  4.9 14  290   M    M   M 1     18 290
19  61  42  52   5  13   0     T  0.0   0  3.4 15  340   M    M   M 12    23 340
20  62  45  54   8  11   0  0.31  0.0   0  4.0 14   50   M    M   M 1     17  50
================================================================================
SM 1248  953       193   0  3.37 0.0    172.7           M        M
================================================================================
AV 62.4 47.6                              8.6 FASTST  PSBL  %   M    MAX(MPH)
                                 MISC ---->  #  35  150                 45 170
================================================================================
NOTES:
# LAST OF SEVERAL OCCURRENCES

COLUMN 17 PEAK WIND IN M.P.H.

PRELIMINARY LOCAL CLIMATOLOGICAL DATA (WS FORM: F-6) , PAGE 2

                                          STATION:   KING SALMON
                                          MONTH:     09
                                          YEAR:      2014
                                          LATITUDE:  58 41 N
                                          LONGITUDE: 156 39 W

[TEMPERATURE DATA]      [PRECIPITATION DATA]       SYMBOLS USED IN COLUMN 16

AVERAGE MONTHLY:55.0   TOTAL FOR MONTH: 3.37       1 = FOG
DPTR FM NORMAL:  5.3   DPTR FM NORMAL: 1.20       2 = FOG REDUCING VISIBILITY
HIGHEST:    68 ON 10    GRTST 24HR   1.27 ON  4        TO 1/4 MILE OR LESS
LOWEST:     31 ON  1                               3 = THUNDER
                        SNOW, ICE PELLETS, HAIL    4 = ICE PELLETS
                        TOTAL MONTH: 0.0         5 = HAIL
                        GRTST 24HR   0.0           6 = GLAZE OR RIME
                        GRTST DEPTH:    0          7 = BLOWING DUST OR SAND:
                                                       VSBY 1/2 MILE OR LESS
                                                   8 = SMOKE OR HAZE
[NO. OF DAYS WITH]      [WEATHER - DAYS WITH]      9 = BLOWING SNOW
                                                   X = TORNADO
MAX 32 OR BELOW:   0    0.01 INCH OR MORE:  15
MAX 70 OR ABOVE:   0    0.10 INCH OR MORE:   7
MIN 32 OR BELOW:   1    0.50 INCH OR MORE:   2
MIN  0 OR BELOW:   0    1.00 INCH OR MORE:   1

[HDD (BASE 65) ]
TOTAL THIS MO.   193    CLEAR  (SCALE 0-3)   M
DPTR FM NORMAL  -115    PTCLDY (SCALE 4-7)   M
SEASONAL TOTAL   667    CLOUDY (SCALE 8-10)  M
DPTR FM NORMAL  -253

[CDD (BASE 65) ]
TOTAL THIS MO.     0
DPTR FM NORMAL     0    [PRESSURE DATA]
SEASONAL TOTAL     0    HIGHEST SLP     M
DPTR FM NORMAL     0    LOWEST  SLP     M

[REMARKS]
