157
CXAK56 PAKN 260927
CF6AKN

PRELIMINARY LOCAL CLIMATOLOGICAL DATA (WS FORM: F-6)

                                          STATION:   KING SALMON
                                          MONTH:     07
                                          YEAR:      2016
                                          LATITUDE:   58 41 N
                                          LONGITUDE: 156 39 W

  TEMPERATURE IN F:       :PCPN:    SNOW:  WIND      :SUNSHINE: SKY     :PK WND
================================================================================
1   2   3   4   5  6A  6B    7     8   9   10  11  12  13   14  15   16  17  18
                                      12Z  AVG MX 2MIN
DY MAX MIN AVG DEP HDD CDD  WTR   SNW DPTH SPD SPD DIR MIN PSBL S-S WX   SPD DR
================================================================================

 1  68  53  61   6   4   0  0.36  0.0   0  7.5 18  300   M    M   M 2     24 300
 2  64  53  59   4   6   0  0.46  0.0   0 12.2 22  220   M    M   M 1     28 220
 3  58  52  55   0  10   0  0.19  0.0   0  9.2 16  220   M    M   M 1     22 210
 4  60  50  55   0  10   0  0.04  0.0   0  5.4 14  250   M    M   M       17 250
 5  61  52  57   2   8   0  0.03  0.0   0  4.8 12  270   M    M   M 1     14 280
 6  61  52  57   2   8   0  0.25  0.0   0  8.2 18  240   M    M   M 1     21 250
 7  69  43  56   1   9   0  0.00  0.0   0  6.1 17  250   M    M   M 12    22 250
 8  69  37  53  -2  12   0     T  0.0   0  4.5 15  210   M    M   M 12    19 250
 9  62  54  58   3   7   0  0.05  0.0   0  6.2 16  280   M    M   M 1     22 270
10  71  51  61   5   4   0  0.01  0.0   0  8.6 15  360   M    M   M       21 350
11  72  38  55  -1  10   0  0.00  0.0   0 10.3 22  320   M    M   M       31 310
12  80  47  64   8   1   0  0.00  0.0   0  5.9 12   80   M    M   M       15  80
13  77  43  60   4   5   0  0.00  0.0   0  5.9 16  100   M    M   M 1     21  80
14  70  52  61   5   4   0  0.05  0.0   0 11.5 26   90   M    M   M 1     34 100
15  68  51  60   4   5   0  0.00  0.0   0  6.9 15  210   M    M   M       20 210
16  76  44  60   4   5   0  0.00  0.0   0  4.4  9  220   M    M   M       14 310
17  75  42  59   3   6   0  0.00  0.0   0  9.1 20  260   M    M   M 2     25 240
18  72  58  65   9   0   0  0.00  0.0   0 14.5 25  260   M    M   M 1     34 270
19  72  46  59   3   6   0  0.00  0.0   0  8.4 20  270   M    M   M 2     24 260
20  68  47  58   2   7   0  0.38  0.0   0  7.5 20  240   M    M   M 2     26 240
21  66  56  61   5   4   0     T  0.0   0 12.9 22  260   M    M   M 1     28 240
22  62  54  58   2   7   0  0.31  0.0   0  8.5 17  320   M    M   M 18    25 320
23  64  53  59   3   6   0  0.17  0.0   0 10.7 21  260   M    M   M 1     27 250
24  66  55  61   5   4   0  0.15  0.0   0 10.7 18  230   M    M   M 1     23 240
25  73  52  63   7   2   0     T  0.0   0  5.2 13   30   M    M   M 1     16  50
================================================================================
SM 1704 1235       150   0  2.45 0.0    205.1           M        M
================================================================================
AV 68.2 49.4                              8.2 FASTST  PSBL  %   M    MAX(MPH)
                                 MISC ---->     26   90               # 34 270
================================================================================
NOTES:
# LAST OF SEVERAL OCCURRENCES

COLUMN 17 PEAK WIND IN M.P.H.

PRELIMINARY LOCAL CLIMATOLOGICAL DATA (WS FORM: F-6) , PAGE 2

                                          STATION:   KING SALMON
                                          MONTH:     07
                                          YEAR:      2016
                                          LATITUDE:  58 41 N
                                          LONGITUDE: 156 39 W

[TEMPERATURE DATA]      [PRECIPITATION DATA]       SYMBOLS USED IN COLUMN 16

AVERAGE MONTHLY:58.8   TOTAL FOR MONTH: 2.45       1 = FOG
DPTR FM NORMAL:  3.2   DPTR FM NORMAL: 0.66       2 = FOG REDUCING VISIBILITY
HIGHEST:    80 ON 12    GRTST 24HR   0.46 ON  2        TO 1/4 MILE OR LESS
LOWEST:     37 ON  8                               3 = THUNDER
                        SNOW, ICE PELLETS, HAIL    4 = ICE PELLETS
                        TOTAL MONTH: 0.0         5 = HAIL
                        GRTST 24HR   0.0           6 = GLAZE OR RIME
                        GRTST DEPTH:    0          7 = BLOWING DUST OR SAND:
                                                       VSBY 1/2 MILE OR LESS
                                                   8 = SMOKE OR HAZE
[NO. OF DAYS WITH]      [WEATHER - DAYS WITH]      9 = BLOWING SNOW
                                                   X = TORNADO
MAX 32 OR BELOW:   0    0.01 INCH OR MORE:  13
MAX 70 OR ABOVE:  10    0.10 INCH OR MORE:   8
MIN 32 OR BELOW:   0    0.50 INCH OR MORE:   0
MIN  0 OR BELOW:   0    1.00 INCH OR MORE:   0

[HDD (BASE 65) ]
TOTAL THIS MO.   150    CLEAR  (SCALE 0-3)   M
DPTR FM NORMAL   -86    PTCLDY (SCALE 4-7)   M
SEASONAL TOTAL   150    CLOUDY (SCALE 8-10)  M
DPTR FM NORMAL   -86

[CDD (BASE 65) ]
TOTAL THIS MO.     0
DPTR FM NORMAL     0    [PRESSURE DATA]
SEASONAL TOTAL     0    HIGHEST SLP     M
DPTR FM NORMAL     0    LOWEST  SLP     M

[REMARKS]
