000
CXUS55 KALY 300800
CF6ALB
PRELIMINARY LOCAL CLIMATOLOGICAL DATA (WS FORM: F-6)

                                          STATION:   ALBANY NY
                                          MONTH:     OCTOBER
                                          YEAR:      2014
                                          LATITUDE:   42 45 N
                                          LONGITUDE:  73 48 W

  TEMPERATURE IN F:       :PCPN:    SNOW:  WIND      :SUNSHINE: SKY     :PK WND
================================================================================
1   2   3   4   5  6A  6B    7    8   9   10  11  12  13   14  15   16   17  18
                                     12Z  AVG MX 2MIN
DY MAX MIN AVG DEP HDD CDD  WTR  SNW DPTH SPD SPD DIR MIN PSBL S-S WX    SPD DR
================================================================================

 1  64  59  62   7   3   0 0.02  0.0    0  3.0  9 350   M    M   9 1      11 360
 2  73  58  66  11   0   1    T  0.0    0  2.8  9 180   M    M   8 1      11 180
 3  73  48  61   6   4   0 0.00  0.0    0  8.0 17 160   M    M   3        24 180
 4  60  49  55   1  10   0 0.43  0.0    0  7.7 20 290   M    M  10 1      25 300
 5  61  41  51  -3  14   0 0.00  0.0    0  6.3 15 270   M    M   4        19 280
 6  69  40  55   2  10   0 0.00  0.0    0 12.8 26 190   M    M   4        34 170
 7  72  59  66  13   0   1 0.01  0.0    0 12.6 21 180   M    M   9        29 190
 8  71  48  60   8   5   0 0.13  0.0    0 12.4 25 310   M    M   7 1      33 310
 9  65  41  53   1  12   0 0.00  0.0    0  7.5 21 280   M    M   4        27 290
10  63  38  51  -1  14   0 0.00  0.0    0  3.4 16 290   M    M   7        22 280
11  61  41  51   0  14   0 0.00  0.0    0  3.5 14 300   M    M   8 1      18 310
12  61  32  47  -4  18   0 0.00  0.0    0  1.6  9 340   M    M   1 1      12  40
13  63  33  48  -3  17   0 0.00  0.0    0  7.0 18 170   M    M   8 1      26 190
14  77  59  68  18   0   3 0.00  0.0    0 11.9 23 170   M    M   9 18     33 160
15  79  70  75  25   0  10 0.13  0.0    0 11.5 20 170   M    M  10 1      28 150
16  74  61  68  18   0   3 0.80  0.0    0  8.1 20 170   M    M   8 1      26 190
17  73  53  63  14   2   0    T  0.0    0  6.3 15 270   M    M   7        19 220
18  61  49  55   6  10   0 0.05  0.0    0  8.6 18 290   M    M   9        25 290
19  50  35  43  -5  22   0    T  0.0    0 13.6 29 290   M    M   8        35 280
20  56  31  44  -4  21   0    T  0.0    0  6.4 16 170   M    M   8        20 160
21  56  47  52   4  13   0 0.50  0.0    0  4.3 14  10   M    M  10 1      16 360
22  54  50  52   4  13   0 0.06  0.0    0 12.2 22  10   M    M  10        28  30
23  51  46  49   2  16   0 1.41  0.0    0  9.2 20  10   M    M  10 1      25  10
24  49  41  45  -2  20   0 0.27  0.0    0  4.9 12  20   M    M   7 1      15  20
25  62  38  50   4  15   0 0.01  0.0    0  3.8 15 280   M    M   5 13     22 300
26  53  44  49   3  16   0 0.14  0.0    0 10.7 23 280   M    M   8 35     31 280
27  59  39  49   3  16   0    T  0.0    0  7.1 21 310   M    M   7        27 300
28  67  39  53   7  12   0    T  0.0    0  6.3 15 180   M    M   8        23 180
29  64  44  54   9  11   0 0.26  0.0    0  2.8 17 300   M    M  10 1      22 310
================================================================================
SM 1841 1333       308  18  4.22     0.0 216.3          M      216
================================================================================
AV 63.5 46.0                               7.5 FASTST   M    M   7    MAX(MPH)
                                 MISC ---->  # 29 290               # 35  280
================================================================================
NOTES:
# LAST OF SEVERAL OCCURRENCES

COLUMN 17 PEAK WIND IN M.P.H.

PRELIMINARY LOCAL CLIMATOLOGICAL DATA (WS FORM: F-6) , PAGE 2

                                          STATION:  ALBANY NY
                                          MONTH:    OCTOBER
                                          YEAR:     2014
                                          LATITUDE:   42 45 N
                                          LONGITUDE:  73 48 W

[TEMPERATURE DATA]      [PRECIPITATION DATA]       SYMBOLS USED IN COLUMN 16

AVERAGE MONTHLY: 54.7   TOTAL FOR MONTH:   4.22    1 = FOG OR MIST
DPTR FM NORMAL:   4.7   DPTR FM NORMAL:    0.77    2 = FOG REDUCING VISIBILITY
HIGHEST:    79 ON 15    GRTST 24HR  1.41 ON 23-23      TO 1/4 MILE OR LESS
LOWEST:     31 ON 20                               3 = THUNDER
                        SNOW, ICE PELLETS, HAIL    4 = ICE PELLETS
                        TOTAL MONTH:   0.0 INCH    5 = HAIL
                        GRTST 24HR     0.0         6 = FREEZING RAIN OR DRIZZLE
                        GRTST DEPTH:   0           7 = DUSTSTORM OR SANDSTORM:
                                                       VSBY 1/2 MILE OR LESS
                                                   8 = SMOKE OR HAZE
[NO. OF DAYS WITH]      [WEATHER - DAYS WITH]      9 = BLOWING SNOW
                                                   X = TORNADO
MAX 32 OR BELOW:   0    0.01 INCH OR MORE:  14
MAX 90 OR ABOVE:   0    0.10 INCH OR MORE:   9
MIN 32 OR BELOW:   2    0.50 INCH OR MORE:   3
MIN  0 OR BELOW:   0    1.00 INCH OR MORE:   1

[HDD (BASE 65) ]
TOTAL THIS MO.   308    CLEAR  (SCALE 0-3)   2
DPTR FM NORMAL  -131    PTCLDY (SCALE 4-7)  16
TOTAL FM JUL 1   438    CLOUDY (SCALE 8-10) 11
DPTR FM NORMAL  -168

[CDD (BASE 65) ]
TOTAL THIS MO.    18
DPTR FM NORMAL    18    [PRESSURE DATA]
TOTAL FM JAN 1   659    HIGHEST SLP M ON M
DPTR FM NORMAL    65    LOWEST  SLP 29.49 ON 26

[REMARKS]
