000
CXUS55 KALY 270710
CF6ALB
PRELIMINARY LOCAL CLIMATOLOGICAL DATA (WS FORM: F-6)

                                          STATION:   ALBANY NY
                                          MONTH:     FEBRUARY
                                          YEAR:      2015
                                          LATITUDE:   42 45 N
                                          LONGITUDE:  73 48 W

  TEMPERATURE IN F:       :PCPN:    SNOW:  WIND      :SUNSHINE: SKY     :PK WND
================================================================================
1   2   3   4   5  6A  6B    7    8   9   10  11  12  13   14  15   16   17  18
                                     12Z  AVG MX 2MIN
DY MAX MIN AVG DEP HDD CDD  WTR  SNW DPTH SPD SPD DIR MIN PSBL S-S WX    SPD DR
================================================================================

 1  27   9  18  -5  47   0    T    T    3  5.8 14  10   M    M   7        19  10
 2  12  -1   6 -17  59   0 0.88 11.9    6  8.3 18 340   M    M  10 1      23 350
 3  18 -12   3 -21  62   0 0.00  0.0   13  3.3 13 190   M    M   2 1      15 330
 4  32   6  19  -5  46   0 0.01  0.4   11 10.9 20 180   M    M  10 1      26 180
 5  30   1  16  -8  49   0 0.02  0.5   10 13.5 23 330   M    M   7 1      29 320
 6  23 -10   7 -17  58   0 0.02  0.1    9  4.9 14 270   M    M   5        18 270
 7  27  19  23  -1  42   0 0.07  0.9    9  5.1 13 170   M    M  10 1      15 160
 8  21  13  17  -7  48   0 0.34  3.0   10  7.1 14  20   M    M  10 1      20  30
 9  24  13  19  -6  46   0 0.46  6.1   14  4.1 10  20   M    M  10 18     14  10
10  30  15  23  -2  42   0    T    T   16  7.6 22  10   M    M   8 8      27 360
11  27   7  17  -8  48   0 0.00  0.0   15  3.5 13 330   M    M   5        19 340
12  33   8  21  -4  44   0 0.01  0.1   14 11.9 26 290   M    M   9 1      37 290
13  10  -4   3 -22  62   0 0.00  0.0   13 12.2 23 290   M    M   2        30 290
14  21   1  11 -15  54   0 0.07  1.2   13  8.8 22 180   M    M  10 1      31 170
15  17  -5   6 -20  59   0 0.15  4.6   17 17.9 36 280   M    M   6 9      46 280
16  11  -8   2 -24  63   0 0.00  0.0   15 14.1 24 280   M    M   4        31 290
17  21   0  11 -15  54   0 0.00  0.0   14  1.6  8 340   M    M   6        10 330
18  27  -7  10 -17  55   0 0.01  0.3   14  1.2 10 190   M    M   4 1      13 200
19  20   4  12 -15  53   0 0.02  0.6   14 17.4 35 290   M    M   8 189    46 280
20  13  -4   5 -22  60   0    T    T   13 13.0 28 300   M    M   4        35 280
21  24 -10   7 -20  58   0 0.09  0.9   13 10.4 28 180   M    M   8 9      40 180
22  34  22  28   0  37   0    T    T   13  5.1 13 300   M    M   8        16 310
23  26  -3  12 -16  53   0    T    T   12 15.0 29 290   M    M   4        37 290
24  19  -9   5 -23  60   0 0.00  0.0   12  9.9 23 170   M    M   7        33 170
25  29   7  18 -10  47   0    T    T   12  9.9 28 290   M    M   4        34 290
26  20  11  16 -13  49   0    T    T   12  7.6 14 360   M    M  10        17 360
================================================================================
SM  596   63      1355   0  2.15    30.6 230.1          M      178
================================================================================
AV 22.9  2.4                               8.8 FASTST   M    M   7    MAX(MPH)
                                 MISC ---->  # 36 280               # 46  280
================================================================================
NOTES:
# LAST OF SEVERAL OCCURRENCES

COLUMN 17 PEAK WIND IN M.P.H.

PRELIMINARY LOCAL CLIMATOLOGICAL DATA (WS FORM: F-6) , PAGE 2

                                          STATION:  ALBANY NY
                                          MONTH:    FEBRUARY
                                          YEAR:     2015
                                          LATITUDE:   42 45 N
                                          LONGITUDE:  73 48 W

[TEMPERATURE DATA]      [PRECIPITATION DATA]       SYMBOLS USED IN COLUMN 16

AVERAGE MONTHLY: 12.7   TOTAL FOR MONTH:   2.15    1 = FOG OR MIST
DPTR FM NORMAL: -13.0   DPTR FM NORMAL:    0.13    2 = FOG REDUCING VISIBILITY
HIGHEST:    34 ON 22    GRTST 24HR  0.88 ON  2- 2      TO 1/4 MILE OR LESS
LOWEST:    -12 ON  3                               3 = THUNDER
                        SNOW, ICE PELLETS, HAIL    4 = ICE PELLETS
                        TOTAL MONTH:  30.6 INCHES  5 = HAIL
                        GRTST 24HR  11.9 ON   M    6 = FREEZING RAIN OR DRIZZLE
                        GRTST DEPTH:  17 ON 15     7 = DUSTSTORM OR SANDSTORM:
                                                       VSBY 1/2 MILE OR LESS
                                                   8 = SMOKE OR HAZE
[NO. OF DAYS WITH]      [WEATHER - DAYS WITH]      9 = BLOWING SNOW
                                                   X = TORNADO
MAX 32 OR BELOW:  24    0.01 INCH OR MORE:  13
MAX 90 OR ABOVE:   0    0.10 INCH OR MORE:   4
MIN 32 OR BELOW:  26    0.50 INCH OR MORE:   1
MIN  0 OR BELOW:  12    1.00 INCH OR MORE:   0

[HDD (BASE 65) ]
TOTAL THIS MO.  1355    CLEAR  (SCALE 0-3)   2
DPTR FM NORMAL   333    PTCLDY (SCALE 4-7)  15
TOTAL FM JUL 1  5026    CLOUDY (SCALE 8-10)  9
DPTR FM NORMAL   153

[CDD (BASE 65) ]
TOTAL THIS MO.     0
DPTR FM NORMAL     0    [PRESSURE DATA]
TOTAL FM JAN 1     0    HIGHEST SLP M ON M
DPTR FM NORMAL     0    LOWEST  SLP 29.52 ON  2

[REMARKS]
