000
CXUS55 KALY 290710
CF6ALB
PRELIMINARY LOCAL CLIMATOLOGICAL DATA (WS FORM: F-6)

                                          STATION:   ALBANY NY
                                          MONTH:     APRIL
                                          YEAR:      2016
                                          LATITUDE:   42 45 N
                                          LONGITUDE:  73 48 W

  TEMPERATURE IN F:       :PCPN:    SNOW:  WIND      :SUNSHINE: SKY     :PK WND
================================================================================
1   2   3   4   5  6A  6B    7    8   9   10  11  12  13   14  15   16   17  18
                                     12Z  AVG MX 2MIN
DY MAX MIN AVG DEP HDD CDD  WTR  SNW DPTH SPD SPD DIR MIN PSBL S-S WX    SPD DR
================================================================================

 1  70  42  56  14   9   0 0.05  0.0    0 13.7 32 300   M    M   9        39 290
 2  53  37  45   3  20   0    T  0.0    0  8.1 32 300   M    M   8        41 300
 3  38  24  31 -12  34   0 0.07  2.1    2 16.3 39 280   M    M   8 1      52 280
 4  26  18  22 -21  43   0 0.45  4.3    1  8.4 17  20   M    M   9 126    22  20
 5  36  14  25 -19  40   0 0.00  0.0    4 10.3 21 280   M    M   1 8      26 280
 6  44  17  31 -13  34   0 0.00  0.0    1 10.2 24 170   M    M   7        31 160
 7  62  42  52   8  13   0 0.38  0.0    0 10.0 37 250   M    M  10        47 240
 8  47  31  39  -6  26   0 0.20    T    0  9.9 24 280   M    M   8 1      30 280
 9  46  27  37  -8  28   0 0.00  0.0    0  7.5 21  20   M    M   7        27  10
10  47  23  35 -11  30   0 0.00  0.0    0  7.4 17 280   M    M   5        24 260
11  52  40  46   0  19   0 0.08  0.0    0 14.5 28 180   M    M  10        38 170
12  51  36  44  -2  21   0 0.07  0.0    0 12.8 26 290   M    M   8 1      33 280
13  53  31  42  -5  23   0 0.00  0.0    0  7.3 16  10   M    M   4        26  10
14  58  31  45  -2  20   0 0.00  0.0    0  7.1 15  30   M    M   1        22 340
15  64  32  48   0  17   0 0.00  0.0    0  5.2 16  20   M    M   1        23  30
16  66  35  51   3  14   0 0.00  0.0    0  5.5 14 320   M    M   4        18  30
17  76  36  56   7   9   0 0.00  0.0    0  2.1 10 330   M    M   3        13 330
18  78  40  59  10   6   0    T  0.0    0  4.6 20 300   M    M   5        23 300
19  65  44  55   6  10   0    T  0.0    0 12.3 26 320   M    M   6        36 330
20  62  42  52   2  13   0 0.00  0.0    0  7.1 18  20   M    M   1        25  20
21  76  32  54   4  11   0    T  0.0    0  5.7 15 170   M    M   6        19 140
22  76  58  67  17   0   2 0.03  0.0    0  6.0 16 230   M    M  10        19 230
23  64  42  53   2  12   0    T  0.0    0 11.8 20  20   M    M   6        27  20
24  58  35  47  -4  18   0 0.00  0.0    0  7.2 17 300   M    M   4        21 310
25  59  45  52   0  13   0    T  0.0    0  5.1 14 300   M    M  10        18 310
26  47  38  43  -9  22   0 0.51  0.0    0  7.1 14  30   M    M  10 1      18  30
27  58  34  46  -6  19   0 0.00  0.0    0  8.8 18 320   M    M   4 1      27 270
28  58  35  47  -6  18   0 0.00  0.0    0  7.1 17  20   M    M   7        22  40
================================================================================
SM 1590  961       542   2  1.84     6.4 239.1          M      172
================================================================================
AV 56.8 34.3                               8.5 FASTST   M    M   6    MAX(MPH)
                                 MISC ---->  # 39 280               # 52  280
================================================================================
NOTES:
# LAST OF SEVERAL OCCURRENCES

COLUMN 17 PEAK WIND IN M.P.H.

PRELIMINARY LOCAL CLIMATOLOGICAL DATA (WS FORM: F-6) , PAGE 2

                                          STATION:  ALBANY NY
                                          MONTH:    APRIL
                                          YEAR:     2016
                                          LATITUDE:   42 45 N
                                          LONGITUDE:  73 48 W

[TEMPERATURE DATA]      [PRECIPITATION DATA]       SYMBOLS USED IN COLUMN 16

AVERAGE MONTHLY: 45.6   TOTAL FOR MONTH:   1.84    1 = FOG OR MIST
DPTR FM NORMAL:  -1.9   DPTR FM NORMAL:   -1.11    2 = FOG REDUCING VISIBILITY
HIGHEST:    78 ON 18    GRTST 24HR  0.58 ON  7- 8      TO 1/4 MILE OR LESS
LOWEST:     14 ON  5                               3 = THUNDER
                        SNOW, ICE PELLETS, HAIL    4 = ICE PELLETS
                        TOTAL MONTH:   6.4 INCHES  5 = HAIL
                        GRTST 24HR   4.3 ON   M    6 = FREEZING RAIN OR DRIZZLE
                        GRTST DEPTH:   4 ON  5     7 = DUSTSTORM OR SANDSTORM:
                                                       VSBY 1/2 MILE OR LESS
                                                   8 = SMOKE OR HAZE
[NO. OF DAYS WITH]      [WEATHER - DAYS WITH]      9 = BLOWING SNOW
                                                   X = TORNADO
MAX 32 OR BELOW:   1    0.01 INCH OR MORE:   9
MAX 90 OR ABOVE:   0    0.10 INCH OR MORE:   4
MIN 32 OR BELOW:  11    0.50 INCH OR MORE:   1
MIN  0 OR BELOW:   0    1.00 INCH OR MORE:   0

[HDD (BASE 65) ]
TOTAL THIS MO.   542    CLEAR  (SCALE 0-3)   5
DPTR FM NORMAL    46    PTCLDY (SCALE 4-7)  15
TOTAL FM JUL 1  5153    CLOUDY (SCALE 8-10)  8
DPTR FM NORMAL -1216

[CDD (BASE 65) ]
TOTAL THIS MO.     2
DPTR FM NORMAL     2    [PRESSURE DATA]
TOTAL FM JAN 1     2    HIGHEST SLP M ON M
DPTR FM NORMAL     2    LOWEST  SLP 29.24 ON  7

[REMARKS]
