353
CXUS53 KDMX 200920
CF6ALO
PRELIMINARY LOCAL CLIMATOLOGICAL DATA (WS FORM: F-6)

                                          STATION:   WATERLOO IA
                                          MONTH:     AUGUST
                                          YEAR:      2017
                                          LATITUDE:   42 32 N
                                          LONGITUDE:  92 24 W

  TEMPERATURE IN F:       :PCPN:    SNOW:  WIND      :SUNSHINE: SKY     :PK WND
================================================================================
1   2   3   4   5  6A  6B    7    8   9   10  11  12  13   14  15   16   17  18
                                     12Z  AVG MX 2MIN
DY MAX MIN AVG DEP HDD CDD  WTR  SNW DPTH SPD SPD DIR MIN PSBL S-S WX    SPD DR
================================================================================

 1  85  57  71  -2   0   6 0.00  0.0    0  3.7 13 250   M    M   1 1      16 240
 2  86  60  73   0   0   8 0.00  0.0    0  4.9 14 340   M    M   0        17 330
 3  78  52  65  -7   0   0 0.14  0.0    0 11.6 28 310   M    M   5 13     36 310
 4  77  50  64  -8   1   0 0.00  0.0    0  9.9 22 320   M    M   1        28 320
 5  76  49  63  -9   2   0 0.00  0.0    0  3.5 13 230   M    M   2        15 240
 6  79  59  69  -3   0   4 0.00  0.0    0  4.4 14 130   M    M   5        17 120
 7  81  54  68  -4   0   3 0.00  0.0    0  6.5 14  20   M    M   3        17  30
 8  82  48  65  -7   0   0 0.00  0.0    0  2.4  9 240   M    M   1 12     13 290
 9  82  54  68  -4   0   3 0.00  0.0    0  8.9 18 180   M    M   2        23 160
10  84  60  72   0   0   7    T  0.0    0  9.1 21 320   M    M   2        26 260
11  78  53  66  -6   0   1 0.00  0.0    0  8.4 18 360   M    M   2        23 360
12  79  52  66  -6   0   1 0.00  0.0    0  3.9 14  20   M    M   1        18  30
13  75  51  63  -9   2   0    T  0.0    0  7.4 16 170   M    M   2        19 150
14  80  61  71  -1   0   6 0.41  0.0    0 10.0 22 330   M    M   5 13     26 330
15  74  59  67  -5   0   2 0.00  0.0    0  7.0 15 110   M    M   6 12     22 110
16  84  65  75   4   0  10 0.03  0.0    0 10.6 17 140   M    M   5 13     23 140
17  79  63  71   0   0   6 0.00  0.0    0 13.1 26 250   M    M   7 1      35 290
18  79  57  68  -3   0   3 0.00  0.0    0  3.1 10 360   M    M   3        13  30
19  82  55  69  -2   0   4 0.00  0.0    0  3.8 17 240   M    M   3 1      20 250
================================================================================
SM 1520 1059         5  64  0.58     0.0 132.2          M       56
================================================================================
AV 80.0 55.7                               7.0 FASTST   M    M   3    MAX(MPH)
                                 MISC ---->  # 28 310               # 36  310
================================================================================
NOTES:
# LAST OF SEVERAL OCCURRENCES

COLUMN 17 PEAK WIND IN M.P.H.

PRELIMINARY LOCAL CLIMATOLOGICAL DATA (WS FORM: F-6) , PAGE 2

                                          STATION:  WATERLOO IA
                                          MONTH:    AUGUST
                                          YEAR:     2017
                                          LATITUDE:   42 32 N
                                          LONGITUDE:  92 24 W

[TEMPERATURE DATA]      [PRECIPITATION DATA]       SYMBOLS USED IN COLUMN 16

AVERAGE MONTHLY: 67.9   TOTAL FOR MONTH:   0.58    1 = FOG OR MIST
DPTR FM NORMAL:  -4.0   DPTR FM NORMAL:   -2.15    2 = FOG REDUCING VISIBILITY
HIGHEST:    86 ON  2    GRTST 24HR  0.41 ON 14-14      TO 1/4 MILE OR LESS
LOWEST:     48 ON  8                               3 = THUNDER
                        SNOW, ICE PELLETS, HAIL    4 = ICE PELLETS
                        TOTAL MONTH:   0.0 INCH    5 = HAIL
                        GRTST 24HR     0.0         6 = FREEZING RAIN OR DRIZZLE
                        GRTST DEPTH:   0           7 = DUSTSTORM OR SANDSTORM:
                                                       VSBY 1/2 MILE OR LESS
                                                   8 = SMOKE OR HAZE
[NO. OF DAYS WITH]      [WEATHER - DAYS WITH]      9 = BLOWING SNOW
                                                   X = TORNADO
MAX 32 OR BELOW:   0    0.01 INCH OR MORE:   3
MAX 90 OR ABOVE:   0    0.10 INCH OR MORE:   2
MIN 32 OR BELOW:   0    0.50 INCH OR MORE:   0
MIN  0 OR BELOW:   0    1.00 INCH OR MORE:   0

[HDD (BASE 65) ]
TOTAL THIS MO.     5    CLEAR  (SCALE 0-3)  12
DPTR FM NORMAL     3    PTCLDY (SCALE 4-7)   7
TOTAL FM JUL 1     5    CLOUDY (SCALE 8-10)  0
DPTR FM NORMAL    -1

[CDD (BASE 65) ]
TOTAL THIS MO.    64
DPTR FM NORMAL   -75    [PRESSURE DATA]
TOTAL FM JAN 1   566    HIGHEST SLP M ON M
DPTR FM NORMAL   -77    LOWEST  SLP 29.68 ON 16

[REMARKS]
