000
CXUS54 KAMA 251015
CF6AMA
PRELIMINARY LOCAL CLIMATOLOGICAL DATA (WS FORM: F-6)

                                          STATION:   AMARILLO
                                          MONTH:     JULY
                                          YEAR:      2016
                                          LATITUDE:   35 13 N
                                          LONGITUDE: 101 42 W

  TEMPERATURE IN F:       :PCPN:    SNOW:  WIND      :SUNSHINE: SKY     :PK WND
================================================================================
1   2   3   4   5  6A  6B    7    8   9   10  11  12  13   14  15   16   17  18
                                     12Z  AVG MX 2MIN
DY MAX MIN AVG DEP HDD CDD  WTR  SNW DPTH SPD SPD DIR MIN PSBL S-S WX    SPD DR
================================================================================

 1  92  67  80   2   0  15 0.01  0.0    0 12.6 25 170   M    M   3        34 160
 2  95  71  83   5   0  18    T  0.0    0 15.6 24 120   M    M   3 3      34 170
 3  93  67  80   2   0  15    T  0.0    0 11.3 22 340   M    M   3 1      29 330
 4  98  62  80   2   0  15 0.00  0.0    0  9.5 21 130   M    M   1        26 130
 5 106  68  87   9   0  22 0.00  0.0    0 15.0 35 170   M    M   0        41 170
 6 104  72  88  10   0  23    T  0.0    0 13.4 29 160   M    M   0 3      37 160
 7 106  67  87   9   0  22 0.00  0.0    0 11.9 21 130   M    M   0        28 170
 8  91  71  81   3   0  16    T  0.0    0 14.6 32 150   M    M   2        40 140
 9 100  65  83   5   0  18 0.00  0.0    0 14.8 26 140   M    M   1        32 140
10 104  71  88  10   0  23 0.00  0.0    0 21.4 33 170   M    M   0        40 170
11 108  76  92  14   0  27 0.00  0.0    0 20.0 29 230   M    M   0        38 210
12 102  73  88  10   0  23 0.00  0.0    0 13.6 31 170   M    M   0        40 170
13 105  74  90  12   0  25 0.00  0.0    0 14.4 26  80   M    M   0        36  70
14  98  68  83   5   0  18 0.00  0.0    0 16.8 36 110   M    M   1 3      43 110
15  95  62  79   1   0  14 1.53    T    0 11.5 38 330   M    M   0 1358   52 340
16  95  64  80   2   0  15 0.00  0.0    0 17.3 28 160   M    M   0        35 170
17  98  72  85   7   0  20 0.00  0.0    0 19.6 29 210   M    M   0        35 210
18  95  69  82   4   0  17 0.00  0.0    0 14.9 26 190   M    M   0        32 210
19  94  67  81   3   0  16 0.00  0.0    0 11.9 21 170   M    M   0        25 180
20  96  71  84   6   0  19 0.00  0.0    0 16.8 28 200   M    M   0        33 210
21  98  72  85   7   0  20 0.00  0.0    0 16.5 25 220   M    M   0        32 210
22  99  69  84   6   0  19 0.00  0.0    0 14.3 23 170   M    M   0        30 160
23  99  66  83   5   0  18 0.00  0.0    0 15.0 23 170   M    M   0        32 220
24 100  69  85   7   0  20 0.00  0.0    0 11.4 23 130   M    M   1        26 150
================================================================================
SM 2371 1653         0 458  1.54    T    354.1          M       15
================================================================================
AV 98.8 68.9                              14.8 FASTST   M    M   1    MAX(MPH)
                                 MISC ---->  # 38 330               # 52  340
================================================================================
NOTES:
# LAST OF SEVERAL OCCURRENCES

COLUMN 17 PEAK WIND IN M.P.H.

PRELIMINARY LOCAL CLIMATOLOGICAL DATA (WS FORM: F-6) , PAGE 2

                                          STATION:  AMARILLO
                                          MONTH:    JULY
                                          YEAR:     2016
                                          LATITUDE:   35 13 N
                                          LONGITUDE: 101 42 W

[TEMPERATURE DATA]      [PRECIPITATION DATA]       SYMBOLS USED IN COLUMN 16

AVERAGE MONTHLY: 83.8   TOTAL FOR MONTH:   1.54    1 = FOG OR MIST
DPTR FM NORMAL:   5.8   DPTR FM NORMAL:   -0.60    2 = FOG REDUCING VISIBILITY
HIGHEST:   108 ON 11    GRTST 24HR  1.53 ON 15-15      TO 1/4 MILE OR LESS
LOWEST:     62 ON 15, 4                            3 = THUNDER
                        SNOW, ICE PELLETS, HAIL    4 = ICE PELLETS
                        TOTAL MONTH:    T          5 = HAIL
                        GRTST 24HR    T  ON 15-15  6 = FREEZING RAIN OR DRIZZLE
                        GRTST DEPTH:   0           7 = DUSTSTORM OR SANDSTORM:
                                                       VSBY 1/2 MILE OR LESS
                                                   8 = SMOKE OR HAZE
[NO. OF DAYS WITH]      [WEATHER - DAYS WITH]      9 = BLOWING SNOW
                                                   X = TORNADO
MAX 32 OR BELOW:   0    0.01 INCH OR MORE:   2
MAX 90 OR ABOVE:  24    0.10 INCH OR MORE:   1
MIN 32 OR BELOW:   0    0.50 INCH OR MORE:   1
MIN  0 OR BELOW:   0    1.00 INCH OR MORE:   1

[HDD (BASE 65) ]
TOTAL THIS MO.     0    CLEAR  (SCALE 0-3)  22
DPTR FM NORMAL     0    PTCLDY (SCALE 4-7)   2
TOTAL FM JUL 1     0    CLOUDY (SCALE 8-10)  0
DPTR FM NORMAL     0

[CDD (BASE 65) ]
TOTAL THIS MO.   458
DPTR FM NORMAL   138    [PRESSURE DATA]
TOTAL FM JAN 1   922    HIGHEST SLP M ON M
DPTR FM NORMAL   189    LOWEST  SLP 29.52 ON 11

[REMARKS]
