000
CXUS52 KJAX 010800
CF6AMG
PRELIMINARY LOCAL CLIMATOLOGICAL DATA (WS FORM: F-6)

                                          STATION:   ALMA GA
                                          MONTH:     AUGUST
                                          YEAR:      2015
                                          LATITUDE:   31 32 N
                                          LONGITUDE:  82 30 W

  TEMPERATURE IN F:       :PCPN:    SNOW:  WIND      :SUNSHINE: SKY     :PK WND
================================================================================
1   2   3   4   5  6A  6B    7    8   9   10  11  12  13   14  15   16   17  18
                                     12Z  AVG MX 2MIN
DY MAX MIN AVG DEP HDD CDD  WTR  SNW DPTH SPD SPD DIR MIN PSBL S-S WX    SPD DR
================================================================================

 1  91  74  83   1   0  18    T  0.0    0  3.2 14  50   M    M   6 123    21  50
 2  89  76  83   1   0  18 0.08  0.0    0  4.6 14 120   M    M   9 18     20 120
 3  90  75  83   1   0  18 0.33  0.0    0  2.4 12  60   M    M   8 138    15  60
 4  95  73  84   2   0  19 0.00  0.0    0  4.3 18 170   M    M   3 12     22 190
 5  94  73  84   2   0  19    T  0.0    0  5.1 22 230   M    M   1 13     30 240
 6  88  75  82   0   0  17 0.44  0.0    0  6.0 17 200   M    M   4 138    22 200
 7  94  76  85   3   0  20    T  0.0    0  8.8 18 280   M    M   5 13     25 290
 8  94  73  84   2   0  19 0.00  0.0    0  3.1  8 110   M    M   1 1      14 120
 9  94  73  84   2   0  19 0.00  0.0    0  3.7 13 130   M    M   3 12     20 120
10  89  70  80  -2   0  15 0.00  0.0    0  2.7 13 360   M    M   3 12     16 360
11  90  72  81  -1   0  16 0.00  0.0    0  3.9 12 280   M    M   2 3      15 250
12  96  75  86   4   0  21 0.00  0.0    0  4.6 13 320   M    M   2        16 310
13  93  71  82   0   0  17 0.00  0.0    0  5.1 15 100   M    M   2 1      22 120
14  92  71  82   0   0  17 0.00  0.0    0  4.6 15 100   M    M   1 1      19  90
15  92  70  81  -1   0  16 0.00  0.0    0  5.2 16 130   M    M   2 1      24  90
16  89  70  80  -1   0  15 1.33  0.0    0  2.1 13  90   M    M   4 13     25 100
17  90  72  81   0   0  16    T  0.0    0  4.3 12 120   M    M   2 13     16 140
18  93  72  83   2   0  18 0.00  0.0    0  4.1 10 210   M    M   3 3      14 250
19  94  74  84   3   0  19 0.00  0.0    0  4.0 17 210   M    M   1        21 210
20  94  75  85   4   0  20 0.00  0.0    0  4.8 17 200   M    M   1 3      22 200
21  96  73  85   4   0  20 0.00  0.0    0  2.5 12 300   M    M   1 1      14 300
22  96  73  85   4   0  20 0.01  0.0    0  2.9 13 120   M    M   2 13     22  80
23  93  71  82   1   0  17 0.21  0.0    0  3.5 21 320   M    M   3 13     30 300
24  91  71  81   0   0  16 0.00  0.0    0  2.2  8 280   M    M   6 1      12 330
25  93  71  82   1   0  17 0.00  0.0    0  3.8 15 320   M    M   1 1      19 320
26  91  67  79  -2   0  14 0.00  0.0    0  3.8 12 290   M    M   3 8      15 260
27  94  65  80   0   0  15 0.00  0.0    0  3.5 16  60   M    M   2        26  60
28  87  69  78  -2   0  13 1.78  0.0    0  3.5 25  80   M    M   3 13     39  70
29  86  74  80   0   0  15 0.47  0.0    0  3.7 14 340   M    M   5 13     19 100
30  88  73  81   1   0  16 0.00  0.0    0  4.4 16 110   M    M   6 1      22 120
31  90  72  81   1   0  16 0.00  0.0    0  3.4  9 340   M    M   6 1      12 340
================================================================================
SM 2846 2239         0 536  4.65     0.0 123.8          M      101
================================================================================
AV 91.8 72.2                               4.0 FASTST   M    M   3    MAX(MPH)
                                 MISC ---->  # 25  80               # 39   70
================================================================================
NOTES:
# LAST OF SEVERAL OCCURRENCES

COLUMN 17 PEAK WIND IN M.P.H.

PRELIMINARY LOCAL CLIMATOLOGICAL DATA (WS FORM: F-6) , PAGE 2

                                          STATION:  ALMA GA
                                          MONTH:    AUGUST
                                          YEAR:     2015
                                          LATITUDE:   31 32 N
                                          LONGITUDE:  82 30 W

[TEMPERATURE DATA]      [PRECIPITATION DATA]       SYMBOLS USED IN COLUMN 16

AVERAGE MONTHLY: 82.0   TOTAL FOR MONTH:   4.65    1 = FOG OR MIST
DPTR FM NORMAL:   0.7   DPTR FM NORMAL:   -0.76    2 = FOG REDUCING VISIBILITY
HIGHEST:    96 ON 22,21 GRTST 24HR  2.18 ON 28-29      TO 1/4 MILE OR LESS
LOWEST:     65 ON 27                               3 = THUNDER
                        SNOW, ICE PELLETS, HAIL    4 = ICE PELLETS
                        TOTAL MONTH:   0.0 INCH    5 = HAIL
                        GRTST 24HR     0.0         6 = FREEZING RAIN OR DRIZZLE
                        GRTST DEPTH:   0           7 = DUSTSTORM OR SANDSTORM:
                                                       VSBY 1/2 MILE OR LESS
                                                   8 = SMOKE OR HAZE
[NO. OF DAYS WITH]      [WEATHER - DAYS WITH]      9 = BLOWING SNOW
                                                   X = TORNADO
MAX 32 OR BELOW:   0    0.01 INCH OR MORE:   8
MAX 90 OR ABOVE:  24    0.10 INCH OR MORE:   6
MIN 32 OR BELOW:   0    0.50 INCH OR MORE:   2
MIN  0 OR BELOW:   0    1.00 INCH OR MORE:   2

[HDD (BASE 65) ]
TOTAL THIS MO.     0    CLEAR  (SCALE 0-3)  19
DPTR FM NORMAL     0    PTCLDY (SCALE 4-7)  11
TOTAL FM JUL 1     0    CLOUDY (SCALE 8-10)  1
DPTR FM NORMAL     0

[CDD (BASE 65) ]
TOTAL THIS MO.   536
DPTR FM NORMAL    31    [PRESSURE DATA]
TOTAL FM JAN 1  2107    HIGHEST SLP 30.15 ON 29
DPTR FM NORMAL   200    LOWEST  SLP 29.77 ON  7

[REMARKS]
#FINAL-08-15#
