000
CXUS54 KBMX 271216
CF6ANB
PRELIMINARY LOCAL CLIMATOLOGICAL DATA (WS FORM: F-6)

                                          STATION:   ANNISTON
                                          MONTH:     FEBRUARY
                                          YEAR:      2015
                                          LATITUDE:   33 35 N
                                          LONGITUDE:  85 51 W

  TEMPERATURE IN F:       :PCPN:    SNOW:  WIND      :SUNSHINE: SKY     :PK WND
================================================================================
1   2   3   4   5  6A  6B    7    8   9   10  11  12  13   14  15   16   17  18
                                     12Z  AVG MX 2MIN
DY MAX MIN AVG DEP HDD CDD  WTR  SNW DPTH SPD SPD DIR MIN PSBL S-S WX    SPD DR
================================================================================

 1  60  45  53   9  12   0 0.56  0.0    0  7.1 15 210   M    M   7 1      26 180
 2  58  29  44  -1  21   0 0.03  0.0    0  9.2 24 290   M    M   7        34 290
 3  49  25  37  -8  28   0 0.00  0.0    0  1.5  7 100   M    M   0         9  30
 4  53  30  42  -3  23   0 0.00  0.0    0  1.7  7 200   M    M   0         9 210
 5  50  32  41  -4  24   0 0.00  0.0    0  5.6 18 360   M    M   4        24  30
 6  55  22  39  -6  26   0 0.00  0.0    0  2.8 10 260   M    M   0        13 230
 7  67  27  47   2  18   0 0.00  0.0    0  4.2 17 250   M    M   0        22 240
 8  68  34  51   5  14   0 0.00  0.0    0  4.1 17 230   M    M   5        23 250
 9  65  40  53   7  12   0 0.09  0.0    0  7.6 20 330   M    M   8 13     27 320
10  51  29  40  -6  25   0 0.00  0.0    0  7.2 17 350   M    M   5        24 360
11  62  25  44  -2  21   0 0.00  0.0    0  3.3 12 270   M    M   0 18     16 250
12  49  27  38  -8  27   0 0.00  0.0    0  9.4 22 340   M    M   1        32 280
13  45  25  35 -12  30   0 0.00  0.0    0  3.4 10  10   M    M   0        14 360
14  62  21  42  -5  23   0 0.00  0.0    0  8.6 23 250   M    M   2        28 230
15  45  23  34 -13  31   0 0.00  0.0    0  9.0 16  10   M    M   2        22  20
16  54  32  43  -4  22   0    M  0.0    0  9.2 21  20   M    M   9 18     24  20
17  38  24  31 -17  34   0 0.00  0.0    0  6.5 16 330   M    M   5        27 340
18  42  20  31 -17  34   0 0.00  0.0    0 10.3 25 270   M    M   4        33 270
19  30  15  23 -25  42   0 0.00  0.0    0  7.8 16 290   M    M   0        25 280
20  36  19  28 -20  37   0    T    M    0  8.0 16 100   M    M   8 68     22  90
21  62  36  49   0  16   0 0.48  0.0    0  7.8 18 170   M    M   8 1      27 200
22  60  44  52   3  13   0 0.20  0.0    0  5.1 15  10   M    M  10 1      20 360
23  47  36  42  -7  23   0 0.45  0.0    0  7.2 16 360   M    M   7 18     22  20
24  46  32  39 -11  26   0 0.01  0.0    0  3.7 12 230   M    M   8 8      18 360
25  37  32  35 -15  30   0 0.84    M    0  4.7 13  30   M    M   6 1      15  50
26  38  27  33 -17  32   0    T  0.0    0  4.7 16  10   M    M   8 1      23 360
================================================================================
SM 1329  751       644   0  2.66     0.0 159.7          M      114
================================================================================
AV 51.1 28.9                               6.1 FASTST   M    M   4    MAX(MPH)
                                 MISC ---->  # 25 270               # 34  290
================================================================================
NOTES:
# LAST OF SEVERAL OCCURRENCES

COLUMN 17 PEAK WIND IN M.P.H.

PRELIMINARY LOCAL CLIMATOLOGICAL DATA (WS FORM: F-6) , PAGE 2

                                          STATION:  ANNISTON
                                          MONTH:    FEBRUARY
                                          YEAR:     2015
                                          LATITUDE:   33 35 N
                                          LONGITUDE:  85 51 W

[TEMPERATURE DATA]      [PRECIPITATION DATA]       SYMBOLS USED IN COLUMN 16

AVERAGE MONTHLY: 40.0   TOTAL FOR MONTH:   2.66    1 = FOG OR MIST
DPTR FM NORMAL:  -7.0   DPTR FM NORMAL:   -2.04    2 = FOG REDUCING VISIBILITY
HIGHEST:    68 ON  8    GRTST 24HR  0.84 ON 24-25      TO 1/4 MILE OR LESS
LOWEST:     15 ON 19                               3 = THUNDER
                        SNOW, ICE PELLETS, HAIL    4 = ICE PELLETS
                        TOTAL MONTH:   0.0 INCH    5 = HAIL
                        GRTST 24HR     0.0         6 = FREEZING RAIN OR DRIZZLE
                        GRTST DEPTH:   0           7 = DUSTSTORM OR SANDSTORM:
                                                       VSBY 1/2 MILE OR LESS
                                                   8 = SMOKE OR HAZE
[NO. OF DAYS WITH]      [WEATHER - DAYS WITH]      9 = BLOWING SNOW
                                                   X = TORNADO
MAX 32 OR BELOW:   1    0.01 INCH OR MORE:   8
MAX 90 OR ABOVE:   0    0.10 INCH OR MORE:   5
MIN 32 OR BELOW:  20    0.50 INCH OR MORE:   2
MIN  0 OR BELOW:   0    1.00 INCH OR MORE:   0

[HDD (BASE 65) ]
TOTAL THIS MO.   644    CLEAR  (SCALE 0-3)  10
DPTR FM NORMAL   174    PTCLDY (SCALE 4-7)  11
TOTAL FM JUL 1  2474    CLOUDY (SCALE 8-10)  5
DPTR FM NORMAL   231

[CDD (BASE 65) ]
TOTAL THIS MO.     0
DPTR FM NORMAL     0    [PRESSURE DATA]
TOTAL FM JAN 1     0    HIGHEST SLP M ON M
DPTR FM NORMAL     0    LOWEST  SLP 29.68 ON 16

[REMARKS]
