000
CXUS53 KAPX 240631
CF6ANJ
PRELIMINARY LOCAL CLIMATOLOGICAL DATA (WS FORM: F-6)

                                          STATION:   SAULT STE MARIE MI
                                          MONTH:     JANUARY
                                          YEAR:      2017
                                          LATITUDE:   46 28 N
                                          LONGITUDE:  84 21 W

  TEMPERATURE IN F:       :PCPN:    SNOW:  WIND      :SUNSHINE: SKY     :PK WND
================================================================================
1   2   3   4   5  6A  6B    7    8   9   10  11  12  13   14  15   16   17  18
                                     12Z  AVG MX 2MIN
DY MAX MIN AVG DEP HDD CDD  WTR  SNW DPTH SPD SPD DIR MIN PSBL S-S WX    SPD DR
================================================================================

 1  32  20  26   9  39   0    T  0.2   15  6.0 15 270   M    M   9 18     21 270
 2  35  29  32  15  33   0    T    T   15  5.7 12  80   M    M   9        20 110
 3  33  29  31  14  34   0 0.04  0.4   14  4.7 14 280   M    M  10 1      19 270
 4  32  14  23   7  42   0 0.26  2.7   14 15.3 21 300   M    M  10        39 290
 5  19   8  14  -2  51   0 0.14  3.7   17 12.7 22 300   M    M   9        31 320
 6  13  -3   5 -11  60   0 0.01  0.4   18  3.8 15 240   M    M   7 18     19 230
 7  15   3   9  -7  56   0 0.05  0.8   16  8.6 21 340   M    M   8 1289   31 330
 8  19  -8   6 -10  59   0    T    T   16  4.9 13 190   M    M   7 8      17  10
 9  23  16  20   4  45   0 0.08  1.2   16  8.5 17 250   M    M   9 18     23 170
10  37  23  30  15  35   0 0.60  4.0   16 13.4 35 270   M    M  10 12     45 270
11  32  19  26  11  39   0 0.34  5.1   18  9.3 33 270   M    M  10 128    50 270
12  22  13  18   3  47   0 0.02  0.3   22  7.8 31 270   M    M   7 8      41 260
13  18   8  13  -2  52   0 0.10  1.8   20  7.2 24 300   M    M  10 128    36 290
14  29   9  19   4  46   0 0.01  0.1   20  7.8 17 260   M    M  10        26 240
15  30  20  25  10  40   0    T    T   19  6.2 16 210   M    M   6 18     22 210
16  36  20  28  13  37   0 0.00  0.0   19  3.6 12 230   M    M   0 18     15 230
17  37  24  31  16  34   0    T    T   19  4.1 10  80   M    M   6 1      14  90
18  37  27  32  17  33   0 0.00  0.0   18  6.6 16 220   M    M   9 12     21 210
19  37  34  36  21  29   0 0.00  0.0   17  5.1 12 180   M    M  10 18     15 220
20  35  33  34  19  31   0 0.05  0.0   16  6.0 13 150   M    M  10 1      17 150
21  37  33  35  20  30   0 0.03  0.0    7  7.0 13 130   M    M  10 12     21 110
22  38  36  37  22  28   0 0.03  0.0   13  4.3 12 130   M    M   9 12     17 120
23  38  35  37  22  28   0 0.28  0.1   12  4.0  9 120   M    M  10 1      14  90
================================================================================
SM  684  442       928   0  2.04    20.8 162.6          M      195
================================================================================
AV 29.7 19.2                               7.1 FASTST   M    M   8    MAX(MPH)
                                 MISC ---->  # 35 270               # 50  270
================================================================================
NOTES:
# LAST OF SEVERAL OCCURRENCES

COLUMN 17 PEAK WIND IN M.P.H.

PRELIMINARY LOCAL CLIMATOLOGICAL DATA (WS FORM: F-6) , PAGE 2

                                          STATION:  SAULT STE MARIE MI
                                          MONTH:    JANUARY
                                          YEAR:     2017
                                          LATITUDE:   46 28 N
                                          LONGITUDE:  84 21 W

[TEMPERATURE DATA]      [PRECIPITATION DATA]       SYMBOLS USED IN COLUMN 16

AVERAGE MONTHLY: 24.5   TOTAL FOR MONTH:   2.04    1 = FOG OR MIST
DPTR FM NORMAL:   9.0   DPTR FM NORMAL:    0.35    2 = FOG REDUCING VISIBILITY
HIGHEST:    38 ON 23,22 GRTST 24HR  0.60 ON 10-10      TO 1/4 MILE OR LESS
LOWEST:     -8 ON  8                               3 = THUNDER
                        SNOW, ICE PELLETS, HAIL    4 = ICE PELLETS
                        TOTAL MONTH:  20.8 INCHES  5 = HAIL
                        GRTST 24HR   5.1 ON   M    6 = FREEZING RAIN OR DRIZZLE
                        GRTST DEPTH:  22 ON 12     7 = DUSTSTORM OR SANDSTORM:
                                                       VSBY 1/2 MILE OR LESS
                                                   8 = SMOKE OR HAZE
[NO. OF DAYS WITH]      [WEATHER - DAYS WITH]      9 = BLOWING SNOW
                                                   X = TORNADO
MAX 32 OR BELOW:  12    0.01 INCH OR MORE:  15
MAX 90 OR ABOVE:   0    0.10 INCH OR MORE:   6
MIN 32 OR BELOW:  18    0.50 INCH OR MORE:   1
MIN  0 OR BELOW:   2    1.00 INCH OR MORE:   0

[HDD (BASE 65) ]
TOTAL THIS MO.   928    CLEAR  (SCALE 0-3)   1
DPTR FM NORMAL  -210    PTCLDY (SCALE 4-7)   6
TOTAL FM JUL 1  3455    CLOUDY (SCALE 8-10) 16
DPTR FM NORMAL  -942

[CDD (BASE 65) ]
TOTAL THIS MO.     0
DPTR FM NORMAL     0    [PRESSURE DATA]
TOTAL FM JAN 1     0    HIGHEST SLP M ON M
DPTR FM NORMAL     0    LOWEST  SLP 29.07 ON 10

[REMARKS]
