034
CXAK56 PANT 300904
CF6ANN

PRELIMINARY LOCAL CLIMATOLOGICAL DATA (WS FORM: F-6)

                                          STATION:   ANNETTE
                                          MONTH:     04
                                          YEAR:      2016
                                          LATITUDE:   55 02 N
                                          LONGITUDE: 131 34 W

  TEMPERATURE IN F:       :PCPN:    SNOW:  WIND      :SUNSHINE: SKY     :PK WND
================================================================================
1   2   3   4   5  6A  6B    7     8   9   10  11  12  13   14  15   16  17  18
                                      12Z  AVG MX 2MIN
DY MAX MIN AVG DEP HDD CDD  WTR   SNW DPTH SPD SPD DIR MIN PSBL S-S WX   SPD DR
================================================================================

 1  46  40  43   1  22   0  0.15  0.0   0  8.1 17  150   M    M   M 18    26 140
 2  46  42  44   2  21   0  0.16  0.0   0  5.2 10  140   M    M   M 1     15 150
 3  46  41  44   2  21   0  0.26  0.0   0  3.6 13  110   M    M   M 1     21 110
 4  45  39  42   0  23   0  0.67  0.0   0 12.5 25  140   M    M   M 18    37 130
 5  49  38  44   1  21   0  0.89  0.0   0 11.1 33  140   M    M   M 1     47 130
 6  47  36  42  -1  23   0  0.04  0.0   0  6.2 17  120   M    M   M 1     27 120
 7  59  42  51   8  14   0  0.00  0.0   0  7.9 18  130   M    M   M 18    28 160
 8  47  33  40  -3  25   0  0.19  0.0   0  7.7 16  160   M    M   M 1     26 170
 9  49  32  41  -2  24   0  0.00  0.0   0  7.7 16  330   M    M   M       20 310
10  51  32  42  -1  23   0  0.00  0.0   0  4.9 10  130   M    M   M 1     15 150
11  45  38  42  -2  23   0  0.18  0.0   0  9.2 17  140   M    M   M 1     25 140
12  45  38  42  -2  23   0  0.48  0.0   0 14.8 25  140   M    M   M 1     41 130
13  48  37  43  -1  22   0  0.16  0.0   0  8.1 18  130   M    M   M 1     25 130
14  55  37  46   2  19   0     T  0.0   0  6.4 21  130   M    M   M       29 140
15  44  39  42  -2  23   0  0.44  0.0   0  9.9 22  140   M    M   M 1     34 150
16  50  39  45   1  20   0  0.48  0.0   0  6.7 17  120   M    M   M 1     27 100
17  50  47  49   5  16   0  2.15  0.0   0 10.2 25  130   M    M   M 1     33 130
18  53  41  47   2  18   0  1.31  0.0   0  0.0 16  300   M    M   M       29 290
19  57  40  49   4  16   0  0.00  0.0   0  9.1 18  320   M    M   M       25 320
20  66  43  55  10  10   0  0.00  0.0   0  4.9 10  320   M    M   M       14 320
21  58  48  53   8  12   0     T  0.0   0  3.6 15  120   M    M   M       18 130
22  62  46  54   9  11   0  0.14  0.0   0  4.4 13  150   M    M   M 1     19 170
23  52  45  49   3  16   0  0.40  0.0   0  4.9 17  150   M    M   M 1     30 150
24  53  43  48   2  17   0  0.00  0.0   0  5.8 13  160   M    M   M       18 150
25  49  44  47   1  18   0  0.53  0.0   0 12.2 24  130   M    M   M 18    32 120
26  47  45  46   0  19   0  0.87  0.0   0 11.3 23  130   M    M   M 1     32 130
27  55  41  48   2  17   0  0.00  0.0   0  4.3 13  130   M    M   M 1     16 130
28  49  40  45  -1  20   0  0.55  0.0   0 10.4 23  140   M    M   M 1     33 160
29  53  38  46  -1  19   0  0.00  0.0   0  4.5 13  170   M    M   M       17 190
================================================================================
SM 1476 1164       556   0 10.05 0.0    215.6           M        M
================================================================================
AV 50.9 40.1                              7.4 FASTST  PSBL  %   M    MAX(MPH)
                                 MISC ---->     33  140                 47 130
================================================================================
NOTES:
# LAST OF SEVERAL OCCURRENCES

COLUMN 17 PEAK WIND IN M.P.H.

PRELIMINARY LOCAL CLIMATOLOGICAL DATA (WS FORM: F-6) , PAGE 2

                                          STATION:   ANNETTE
                                          MONTH:     04
                                          YEAR:      2016
                                          LATITUDE:  55 02 N
                                          LONGITUDE: 131 34 W

[TEMPERATURE DATA]      [PRECIPITATION DATA]       SYMBOLS USED IN COLUMN 16

AVERAGE MONTHLY:45.5   TOTAL FOR MONTH:10.05       1 = FOG
DPTR FM NORMAL:  1.3   DPTR FM NORMAL: 3.47       2 = FOG REDUCING VISIBILITY
HIGHEST:    66 ON 20    GRTST 24HR   2.15 ON 17        TO 1/4 MILE OR LESS
LOWEST:     32 ON 10                               3 = THUNDER
                        SNOW, ICE PELLETS, HAIL    4 = ICE PELLETS
                        TOTAL MONTH: 0.0         5 = HAIL
                        GRTST 24HR   0.0           6 = GLAZE OR RIME
                        GRTST DEPTH:    0          7 = BLOWING DUST OR SAND:
                                                       VSBY 1/2 MILE OR LESS
                                                   8 = SMOKE OR HAZE
[NO. OF DAYS WITH]      [WEATHER - DAYS WITH]      9 = BLOWING SNOW
                                                   X = TORNADO
MAX 32 OR BELOW:   0    0.01 INCH OR MORE:  19
MAX 70 OR ABOVE:   0    0.10 INCH OR MORE:  18
MIN 32 OR BELOW:   2    0.50 INCH OR MORE:   7
MIN  0 OR BELOW:   0    1.00 INCH OR MORE:   2

[HDD (BASE 65) ]
TOTAL THIS MO.   556    CLEAR  (SCALE 0-3)   M
DPTR FM NORMAL   -49    PTCLDY (SCALE 4-7)   M
SEASONAL TOTAL  5322    CLOUDY (SCALE 8-10)  M
DPTR FM NORMAL  -605

[CDD (BASE 65) ]
TOTAL THIS MO.     0
DPTR FM NORMAL     0    [PRESSURE DATA]
SEASONAL TOTAL     0    HIGHEST SLP     M
DPTR FM NORMAL     0    LOWEST  SLP     M

[REMARKS]
