000
CXUS53 KIWX 260800
CF6AOH
PRELIMINARY LOCAL CLIMATOLOGICAL DATA (WS FORM: F-6)

                                          STATION:   LIMA
                                          MONTH:     AUGUST
                                          YEAR:      2016
                                          LATITUDE:   40 42 N
                                          LONGITUDE:  84  1 W

  TEMPERATURE IN F:       :PCPN:    SNOW:  WIND      :SUNSHINE: SKY     :PK WND
================================================================================
1   2   3   4   5  6A  6B    7    8   9   10  11  12  13   14  15   16   17  18
                                     12Z  AVG MX 2MIN
DY MAX MIN AVG DEP HDD CDD  WTR  SNW DPTH SPD SPD DIR MIN PSBL S-S WX    SPD DR
================================================================================

 1  86  64  75   2   0  10 0.00  0.0    0  3.3 10  10   M    M   2 1      15 360
 2  88  63  76   3   0  11 0.00  0.0    0  4.4 12 330   M    M   1 1      15 320
 3  91  63  77   4   0  12 0.00  0.0    0  3.2  9  50   M    M   1 1      12  50
 4  91  66  79   6   0  14 0.00  0.0    0  5.5 10 150   M    M   1        15 120
 5  92  70  81   9   0  16    T  0.0    0  9.0 20 250   M    M   4        26 250
 6  84  65  75   3   0  10 0.00  0.0    0  6.3 14 340   M    M   3        17  40
 7  86  59  73   1   0   8 0.00  0.0    0  4.5 14  50   M    M   3        18  40
 8  86  67  77   5   0  12 0.00  0.0    0  7.7 16  70   M    M   2        20  80
 9  91  65  78   6   0  13 0.00  0.0    0  5.0 13 170   M    M   3 8      16 190
10  86  73  80   8   0  15 0.16  0.0    0  3.8 12 210   M    M   6 13     14 220
11  94  73  84  12   0  19 0.44  0.0    0  6.7 23 210   M    M   2 138    31 220
12  89  74  82  10   0  17 0.19  0.0    0  7.9 26 240   M    M   6 1      31 240
13  84  72  78   6   0  13 1.39  0.0    0 10.4 25 260   M    M   9 13     30 260
14  77  70  74   2   0   9 0.21  0.0    0  5.2 14 230   M    M   7 1      18 220
15  75  69  72   0   0   7 0.35  0.0    0  6.2 15 160   M    M   7 1      20 170
16  79  71  75   3   0  10 0.30  0.0    0 10.2 21 220   M    M   5 1      27 230
17  82  68  75   3   0  10 0.05  0.0    0  6.5 22 300   M    M   6 1      26 290
18  83  65  74   2   0   9 0.02  0.0    0  3.4 15 310   M    M   4 13     20 210
19  84  67  76   4   0  11 0.00  0.0    0  7.2 16 230   M    M   2 1      21 250
20  83  67  75   3   0  10 0.27  0.0    0 10.3 21 200   M    M   3 13     27 180
21  75  59  67  -4   0   2 0.00  0.0    0 10.9 21 260   M    M   3        26 270
22  76  52  64  -7   1   0 0.00  0.0    0  2.1  7 290   M    M   2         9 320
23  81  54  68  -3   0   3 0.00  0.0    0  5.8 13 180   M    M   1        19 210
24  82  63  73   2   0   8 0.74  0.0    0  9.7 22 250   M    M   4 13     25 250
25  88  72  80   9   0  15 0.01  0.0    0  9.3 20 250   M    M   1 1      25 270
================================================================================
SM 2113 1651         1 264  4.13     0.0 164.5          M       88
================================================================================
AV 84.5 66.0                               6.6 FASTST   M    M   4    MAX(MPH)
                                 MISC ---->  # 26 240               # 31  220
================================================================================
NOTES:
# LAST OF SEVERAL OCCURRENCES

COLUMN 17 PEAK WIND IN M.P.H.

PRELIMINARY LOCAL CLIMATOLOGICAL DATA (WS FORM: F-6) , PAGE 2

                                          STATION:  LIMA
                                          MONTH:    AUGUST
                                          YEAR:     2016
                                          LATITUDE:   40 42 N
                                          LONGITUDE:  84  1 W

[TEMPERATURE DATA]      [PRECIPITATION DATA]       SYMBOLS USED IN COLUMN 16

AVERAGE MONTHLY: 75.3   TOTAL FOR MONTH:   4.13    1 = FOG OR MIST
DPTR FM NORMAL:   3.3   DPTR FM NORMAL:    1.34    2 = FOG REDUCING VISIBILITY
HIGHEST:    94 ON 11    GRTST 24HR  1.60 ON 13-14      TO 1/4 MILE OR LESS
LOWEST:     52 ON 22                               3 = THUNDER
                        SNOW, ICE PELLETS, HAIL    4 = ICE PELLETS
                        TOTAL MONTH:   0.0 INCH    5 = HAIL
                        GRTST 24HR     0.0         6 = FREEZING RAIN OR DRIZZLE
                        GRTST DEPTH:   0           7 = DUSTSTORM OR SANDSTORM:
                                                       VSBY 1/2 MILE OR LESS
                                                   8 = SMOKE OR HAZE
[NO. OF DAYS WITH]      [WEATHER - DAYS WITH]      9 = BLOWING SNOW
                                                   X = TORNADO
MAX 32 OR BELOW:   0    0.01 INCH OR MORE:  12
MAX 90 OR ABOVE:   5    0.10 INCH OR MORE:   9
MIN 32 OR BELOW:   0    0.50 INCH OR MORE:   2
MIN  0 OR BELOW:   0    1.00 INCH OR MORE:   1

[HDD (BASE 65) ]
TOTAL THIS MO.     1    CLEAR  (SCALE 0-3)  13
DPTR FM NORMAL     1    PTCLDY (SCALE 4-7)  11
TOTAL FM JUL 1     2    CLOUDY (SCALE 8-10)  1
DPTR FM NORMAL     0

[CDD (BASE 65) ]
TOTAL THIS MO.   264
DPTR FM NORMAL    83    [PRESSURE DATA]
TOTAL FM JAN 1   856    HIGHEST SLP M ON M
DPTR FM NORMAL   161    LOWEST  SLP 29.58 ON 20

[REMARKS]
