000
CXUS55 KCTP 311131
CF6AOO
PRELIMINARY LOCAL CLIMATOLOGICAL DATA (WS FORM: F-6)

                                          STATION:   ALTOONA
                                          MONTH:     JULY
                                          YEAR:      2014
                                          LATITUDE:   40 17 N
                                          LONGITUDE:  78 19 W

  TEMPERATURE IN F:       :PCPN:    SNOW:  WIND      :SUNSHINE: SKY     :PK WND
================================================================================
1   2   3   4   5  6A  6B    7    8   9   10  11  12  13   14  15   16   17  18
                                     12Z  AVG MX 2MIN
DY MAX MIN AVG DEP HDD CDD  WTR  SNW DPTH SPD SPD DIR MIN PSBL S-S WX    SPD DR
================================================================================

 1  88  68  78   8   0  13 0.36    M    M  6.1 13 210   M    M   1 13     21 190
 2  86  70  78   8   0  13 0.00  0.0    0  7.2 15 250   M    M   1 18     19 290
 3  84  65  75   5   0  10 0.77  0.0    0  5.3 31 210   M    M   4 138    45 230
 4  73  59  66  -4   0   1 0.00  0.0    0 10.2 23 350   M    M   5        29 360
 5  77  52  65  -5   0   0 0.00  0.0    0  3.2 10 360   M    M   0        15  20
 6  81  54  68  -3   0   3 0.00  0.0    0  5.4 17 240   M    M   2 1      22 220
 7  85  66  76   5   0  11 0.00  0.0    0 12.9 23 230   M    M   2        29 240
 8  85  69  77   6   0  12 0.25  0.0    0 13.2 21 200   M    M   2 13     35 200
 9  81  62  72   1   0   7 0.00  0.0    0  7.9 18 230   M    M   3        23 290
10  81  58  70  -1   0   5    T  0.0    0  2.6 13  30   M    M   2 13     16  20
11  82  58  70  -1   0   5 0.00  0.0    0  1.5  9  90   M    M   4 12     11  90
12  84  63  74   3   0   9 0.00  0.0    0  3.9 14 230   M    M   1 18     17 230
13  85  66  76   5   0  11 0.34  0.0    0  8.5 23 270   M    M   5 138    33 300
14  76  68  72   1   0   7 0.52  0.0    0  4.3 22 290   M    M   7 18     30 290
15  76  59  68  -3   0   3 0.23  0.0    0  5.1 13 210   M    M   5 13     17 220
16  73  54  64  -7   1   0 0.00    M    M  5.7 16 310   M    M   1        21 310
17  74  52  63  -8   2   0 0.00    M    M  4.2 12 300   M    M   2 1      16 350
18  76  51  64  -7   1   0 0.00    M    M  2.3  8 110   M    M   1 1      11 120
19  72  62  67  -4   0   2 0.18    M    M  3.2  9 180   M    M  10 1      12 160
20  77  63  70  -1   0   5 0.00  0.0    0  2.8  8 190   M    M   8 1      12 150
21  81  65  73   2   0   8    T    M    M  4.9 10 160   M    M   7 1      13 160
22  86  64  75   4   0  10    T    M    M  4.3 12 170   M    M   6 12     16 170
23  85  66  76   5   0  11    T  0.0    0  7.5 17 290   M    M   4 1      23 290
24  76  55  66  -5   0   1    T    M    M  6.2 15  10   M    M   5 8      20  20
25  79  50  65  -6   0   0 0.00    M    M  1.5  9 210   M    M   1 1      12 210
26  82  64  73   2   0   8 0.00    M    M  5.1  9 250   M    M   3         M  M
27  86  65  76   5   0  11 0.56    M    M  6.2 15 280   M    M   5 138    20 310
28  73  58  66  -5   0   1 0.12    M    M  9.9 22 350   M    M   8 1      29 350
29  67  51  59 -12   6   0 0.00    M    M  5.8 15 310   M    M   6        22 310
30  73  49  61 -10   4   0 0.07    M    M  4.1 13 200   M    M   4 1      17 200
================================================================================
SM 2384 1806        14 167  3.40     0.0 171.0          M      115
================================================================================
AV 79.5 60.2                               5.7 FASTST   M    M   4    MAX(MPH)
                                 MISC ---->  # 31 210               # 45  230
================================================================================
NOTES:
# LAST OF SEVERAL OCCURRENCES

COLUMN 17 PEAK WIND IN M.P.H.

PRELIMINARY LOCAL CLIMATOLOGICAL DATA (WS FORM: F-6) , PAGE 2

                                          STATION:  ALTOONA
                                          MONTH:    JULY
                                          YEAR:     2014
                                          LATITUDE:   40 17 N
                                          LONGITUDE:  78 19 W

[TEMPERATURE DATA]      [PRECIPITATION DATA]       SYMBOLS USED IN COLUMN 16

AVERAGE MONTHLY: 69.8   TOTAL FOR MONTH:   3.40    1 = FOG OR MIST
DPTR FM NORMAL:  -1.0   DPTR FM NORMAL:    0.24    2 = FOG REDUCING VISIBILITY
HIGHEST:    88 ON  1    GRTST 24HR  0.86 ON 13-14      TO 1/4 MILE OR LESS
LOWEST:     49 ON 30                               3 = THUNDER
                        SNOW, ICE PELLETS, HAIL    4 = ICE PELLETS
                        TOTAL MONTH:   0.0 INCH    5 = HAIL
                        GRTST 24HR     0.0         6 = FREEZING RAIN OR DRIZZLE
                        GRTST DEPTH:   0           7 = DUSTSTORM OR SANDSTORM:
                                                       VSBY 1/2 MILE OR LESS
                                                   8 = SMOKE OR HAZE
[NO. OF DAYS WITH]      [WEATHER - DAYS WITH]      9 = BLOWING SNOW
                                                   X = TORNADO
MAX 32 OR BELOW:   0    0.01 INCH OR MORE:  10
MAX 90 OR ABOVE:   0    0.10 INCH OR MORE:   9
MIN 32 OR BELOW:   0    0.50 INCH OR MORE:   3
MIN  0 OR BELOW:   0    1.00 INCH OR MORE:   0

[HDD (BASE 65) ]
TOTAL THIS MO.    14    CLEAR  (SCALE 0-3)  14
DPTR FM NORMAL    13    PTCLDY (SCALE 4-7)  15
TOTAL FM JUL 1    14    CLOUDY (SCALE 8-10)  1
DPTR FM NORMAL    13

[CDD (BASE 65) ]
TOTAL THIS MO.   167
DPTR FM NORMAL   -12    [PRESSURE DATA]
TOTAL FM JAN 1   351    HIGHEST SLP M ON M
DPTR FM NORMAL    30    LOWEST  SLP 29.51 ON 28

[REMARKS]
