000
CXUS56 KMTR 291000
CF6APC
PRELIMINARY LOCAL CLIMATOLOGICAL DATA (WS FORM: F-6)

                                          STATION:   NAPA AIRPORT
                                          MONTH:     SEPTEMBER
                                          YEAR:      2016
                                          LATITUDE:   38 13 N
                                          LONGITUDE: 122 17 W

  TEMPERATURE IN F:       :PCPN:    SNOW:  WIND      :SUNSHINE: SKY     :PK WND
================================================================================
1   2   3   4   5  6A  6B    7    8   9   10  11  12  13   14  15   16   17  18
                                     12Z  AVG MX 2MIN
DY MAX MIN AVG DEP HDD CDD  WTR  SNW DPTH SPD SPD DIR MIN PSBL S-S WX    SPD DR
================================================================================

 1  73  55  64  -2   1   0 0.00  0.0    0  8.4 20 200   M    M   4        23 200
 2  80  49  65  -1   0   0 0.00  0.0    0  8.1 18 200   M    M   1 12     22 200
 3  72  52  62  -4   3   0 0.00  0.0    0 12.2 22 190   M    M   1        26 200
 4  76  45  61  -5   4   0 0.00  0.0    0  8.2 18 190   M    M   1        21 210
 5  79  46  63  -3   2   0 0.00  0.0    0  6.0 18 190   M    M   0 1      26  30
 6  89  45  67   1   0   2 0.00  0.0    0  3.8 16 210   M    M   0 1      19 200
 7  95  50  73   7   0   8 0.00  0.0    0  4.9 14 200   M    M   0 1      17 200
 8  75  55  65  -1   0   0 0.00  0.0    0 11.7 22 200   M    M   1        25 270
 9  75  54  65  -1   0   0 0.00  0.0    0  7.5 17 190   M    M   4        22 190
10  75  54  65  -1   0   0 0.00  0.0    0  9.7 18 270   M    M   3        22 270
11  72  55  64  -1   1   0 0.00  0.0    0 14.6 23 200   M    M   6        27 200
12  69  55  62  -3   3   0 0.00  0.0    0 12.2 24 190   M    M   7        28 190
13  74  47  61  -4   4   0 0.00  0.0    0  7.6 17 200   M    M   2        21 200
14  79  47  63  -2   2   0 0.00  0.0    0  6.8 18 200   M    M   0        22 260
15  77  44  61  -4   4   0 0.00  0.0    0  5.4 16 190   M    M   1 12     19 200
16  79  47  63  -2   2   0 0.00  0.0    0  5.3 12 200   M    M   3 1      14 190
17  85  46  66   2   0   1 0.00  0.0    0  4.3 10 200   M    M   2 18     14 180
18  98  50  74  10   0   9 0.00  0.0    0  4.8 12 210   M    M   0        13 200
19  91  55  73   9   0   8 0.00  0.0    0  5.0 17 200   M    M   0        20 200
20  78  51  65   1   0   0 0.00  0.0    0  8.3 18 190   M    M   0        23 190
21  79  54  67   3   0   2 0.00  0.0    0 12.2 25 260   M    M   0        31 250
22  77  45  61  -3   4   0 0.00  0.0    0  8.5 22 210   M    M   0        25 220
23  81  43  62  -1   3   0 0.00  0.0    0  5.7 18 220   M    M   0        22 210
24  90  50  70   7   0   5 0.00  0.0    0  4.1 15 210   M    M   0 8      17 210
25  99  49  74  11   0   9 0.00  0.0    0  4.7 16  90   M    M   0        20 110
26  99  54  77  14   0  12 0.00  0.0    0  4.5 12 200   M    M   0        14 190
27  90  52  71   9   0   6 0.00  0.0    0  5.0 13 200   M    M   0 8      16 200
28  74  48  61  -1   4   0 0.00  0.0    0  7.2 17 200   M    M   1 12     23 200
================================================================================
SM 2280 1397        37  62  0.00     0.0 206.7          M       37
================================================================================
AV 81.4 49.9                               7.4 FASTST   M    M   1    MAX(MPH)
                                 MISC ---->  # 25 260               # 31  250
================================================================================
NOTES:
# LAST OF SEVERAL OCCURRENCES

COLUMN 17 PEAK WIND IN M.P.H.

PRELIMINARY LOCAL CLIMATOLOGICAL DATA (WS FORM: F-6) , PAGE 2

                                          STATION:  NAPA AIRPORT
                                          MONTH:    SEPTEMBER
                                          YEAR:     2016
                                          LATITUDE:   38 13 N
                                          LONGITUDE: 122 17 W

[TEMPERATURE DATA]      [PRECIPITATION DATA]       SYMBOLS USED IN COLUMN 16

AVERAGE MONTHLY: 65.7   TOTAL FOR MONTH:   0.00    1 = FOG OR MIST
DPTR FM NORMAL:   1.0   DPTR FM NORMAL:   -0.20    2 = FOG REDUCING VISIBILITY
HIGHEST:    99 ON 26,25 GRTST 24HR  0.00 ON 28-28      TO 1/4 MILE OR LESS
LOWEST:     43 ON 23                               3 = THUNDER
                        SNOW, ICE PELLETS, HAIL    4 = ICE PELLETS
                        TOTAL MONTH:   0.0 INCH    5 = HAIL
                        GRTST 24HR     0.0         6 = FREEZING RAIN OR DRIZZLE
                        GRTST DEPTH:   0           7 = DUSTSTORM OR SANDSTORM:
                                                       VSBY 1/2 MILE OR LESS
                                                   8 = SMOKE OR HAZE
[NO. OF DAYS WITH]      [WEATHER - DAYS WITH]      9 = BLOWING SNOW
                                                   X = TORNADO
MAX 32 OR BELOW:   0    0.01 INCH OR MORE:   0
MAX 90 OR ABOVE:   7    0.10 INCH OR MORE:   0
MIN 32 OR BELOW:   0    0.50 INCH OR MORE:   0
MIN  0 OR BELOW:   0    1.00 INCH OR MORE:   0

[HDD (BASE 65) ]
TOTAL THIS MO.    37    CLEAR  (SCALE 0-3)  23
DPTR FM NORMAL   -21    PTCLDY (SCALE 4-7)   5
TOTAL FM JUL 1    94    CLOUDY (SCALE 8-10)  0
DPTR FM NORMAL   -37

[CDD (BASE 65) ]
TOTAL THIS MO.    62
DPTR FM NORMAL    16    [PRESSURE DATA]
TOTAL FM JAN 1   181    HIGHEST SLP M ON M
DPTR FM NORMAL   -31    LOWEST  SLP 29.81 ON M

[REMARKS]
