922
CXUS53 KAPX 290631
CF6APN
PRELIMINARY LOCAL CLIMATOLOGICAL DATA (WS FORM: F-6)

                                          STATION:   ALPENA MI
                                          MONTH:     JUNE
                                          YEAR:      2017
                                          LATITUDE:   45  4 N
                                          LONGITUDE:  83 34 W

  TEMPERATURE IN F:       :PCPN:    SNOW:  WIND      :SUNSHINE: SKY     :PK WND
================================================================================
1   2   3   4   5  6A  6B    7    8   9   10  11  12  13   14  15   16   17  18
                                     12Z  AVG MX 2MIN
DY MAX MIN AVG DEP HDD CDD  WTR  SNW DPTH SPD SPD DIR MIN PSBL S-S WX    SPD DR
================================================================================

 1  66  39  53  -5  12   0    T  0.0    0  7.8 21 270   M    M   2        34 280
 2  71  38  55  -3  10   0 0.00  0.0    0  3.8 13 100   M    M   1        17 350
 3  68  43  56  -2   9   0 0.20  0.0    0  8.6 18 130   M    M   4 1      24 140
 4  72  50  61   2   4   0 0.22  0.0    0  8.9 21 360   M    M   7 1      25  10
 5  68  53  61   2   4   0    T  0.0    0 10.6 28  20   M    M   6 1      36  20
 6  71  51  61   2   4   0 0.00  0.0    0  9.8 22  10   M    M   3        30 360
 7  77  46  62   2   3   0 0.00  0.0    0  3.6 14 110   M    M   1        18 110
 8  79  42  61   1   4   0 0.00  0.0    0  3.7 17 130   M    M   1        20 130
 9  72  52  62   2   3   0 0.03  0.0    0  3.1 13 130   M    M   7 1      19 110
10  92  47  70  10   0   5 0.00  0.0    0 10.2 26 210   M    M   1        39 230
11  88  68  78  17   0  13 0.00  0.0    0  8.9 20 230   M    M   2        34 240
12  89  67  78  17   0  13    T  0.0    0  6.3 23 320   M    M   3        35 330
13  76  53  65   3   0   0 0.08  0.0    0  6.5 16  60   M    M   2 3      22  70
14  70  51  61  -1   4   0 0.05  0.0    0  9.6 25 120   M    M   3 1      31 130
15  73  58  66   4   0   1 0.65  0.0    0  5.8 16 330   M    M   4 13     22 310
16  83  55  69   7   0   4 0.29  0.0    0  5.3 17 250   M    M   2 123    29 230
17  83  62  73  10   0   8 0.07  0.0    0  5.5 16 180   M    M   4 13     22 190
18  80  61  71   8   0   6 0.82  0.0    0  8.9 20 220   M    M   6 13     35 220
19  73  58  66   3   0   1 0.64  0.0    0  5.0 13  80   M    M   6 13     18 280
20  69  54  62  -2   3   0 0.12  0.0    0  5.2 16 270   M    M   7 13     25 270
21  73  53  63  -1   2   0 0.00  0.0    0  5.2 14 120   M    M   4        18 110
22  79  51  65   1   0   0 0.35  0.0    0  4.4 17 190   M    M   5 13     25 250
23  79  60  70   6   0   5 0.21  0.0    0  6.3 18 360   M    M   6 1      23 360
24  74  54  64  -1   1   0 0.51  0.0    0  6.2 16 340   M    M   5 13     20 350
25  66  53  60  -5   5   0 0.92  0.0    0  4.3 13 360   M    M   6 1      18 350
26  63  50  57  -8   8   0 0.71  0.0    0  4.3 16 320   M    M   9 1      22 320
27  72  48  60  -5   5   0    T  0.0    0  6.5 14 280   M    M   2 18     21 280
28  77  48  63  -3   2   0 0.08  0.0    0  8.2 21 220   M    M   3 1      27 220
================================================================================
SM 2103 1465        83  56  5.95     0.0 182.5          M      112
================================================================================
AV 75.1 52.3                               6.5 FASTST   M    M   4    MAX(MPH)
                                 MISC ---->  # 28  20               # 39  230
================================================================================
NOTES:
# LAST OF SEVERAL OCCURRENCES

COLUMN 17 PEAK WIND IN M.P.H.

PRELIMINARY LOCAL CLIMATOLOGICAL DATA (WS FORM: F-6) , PAGE 2

                                          STATION:  ALPENA MI
                                          MONTH:    JUNE
                                          YEAR:     2017
                                          LATITUDE:   45  4 N
                                          LONGITUDE:  83 34 W

[TEMPERATURE DATA]      [PRECIPITATION DATA]       SYMBOLS USED IN COLUMN 16

AVERAGE MONTHLY: 63.7   TOTAL FOR MONTH:   5.95    1 = FOG OR MIST
DPTR FM NORMAL:   1.9   DPTR FM NORMAL:    3.51    2 = FOG REDUCING VISIBILITY
HIGHEST:    92 ON 10    GRTST 24HR  0.92 ON 25-25      TO 1/4 MILE OR LESS
LOWEST:     38 ON  2                               3 = THUNDER
                        SNOW, ICE PELLETS, HAIL    4 = ICE PELLETS
                        TOTAL MONTH:   0.0 INCH    5 = HAIL
                        GRTST 24HR     0.0         6 = FREEZING RAIN OR DRIZZLE
                        GRTST DEPTH:   0           7 = DUSTSTORM OR SANDSTORM:
                                                       VSBY 1/2 MILE OR LESS
                                                   8 = SMOKE OR HAZE
[NO. OF DAYS WITH]      [WEATHER - DAYS WITH]      9 = BLOWING SNOW
                                                   X = TORNADO
MAX 32 OR BELOW:   0    0.01 INCH OR MORE:  17
MAX 90 OR ABOVE:   1    0.10 INCH OR MORE:  12
MIN 32 OR BELOW:   0    0.50 INCH OR MORE:   6
MIN  0 OR BELOW:   0    1.00 INCH OR MORE:   0

[HDD (BASE 65) ]
TOTAL THIS MO.    83    CLEAR  (SCALE 0-3)  11
DPTR FM NORMAL   -55    PTCLDY (SCALE 4-7)  16
TOTAL FM JUL 1  6829    CLOUDY (SCALE 8-10)  1
DPTR FM NORMAL -1266

[CDD (BASE 65) ]
TOTAL THIS MO.    56
DPTR FM NORMAL     5    [PRESSURE DATA]
TOTAL FM JAN 1    62    HIGHEST SLP M ON M
DPTR FM NORMAL    -2    LOWEST  SLP 29.55 ON 23

[REMARKS]
