000
CXUS51 KBUF 261205
CF6ART
PRELIMINARY LOCAL CLIMATOLOGICAL DATA (WS FORM: F-6)

                                          STATION:   WATERTOWN NY
                                          MONTH:     JULY
                                          YEAR:      2014
                                          LATITUDE:   43 59 N
                                          LONGITUDE:  76  2 W

  TEMPERATURE IN F:       :PCPN:    SNOW:  WIND      :SUNSHINE: SKY     :PK WND
================================================================================
1   2   3   4   5  6A  6B    7    8   9   10  11  12  13   14  15   16   17  18
                                     12Z  AVG MX 2MIN
DY MAX MIN AVG DEP HDD CDD  WTR  SNW DPTH SPD SPD DIR MIN PSBL S-S WX    SPD DR
================================================================================

 1  90  74  82  15   0  17 0.03  0.0    0 10.6 25 220   M    M   3 3      32 200
 2  83  71  77   9   0  12 0.30    M    M  6.8 17 220   M    M   3 13     23 220
 3  77  65  71   3   0   6 0.14  0.0    0  3.5 12 260   M    M   8 8      15 270
 4  76  59  68   0   0   3 0.02  0.0    0  7.2 17 330   M    M   7        24 310
 5  75  49  62  -6   3   0 0.00    M    M  9.0 23 230   M    M   0        29 230
 6  80  60  70   2   0   5 0.00    M    M  9.0 20 220   M    M   0        26 260
 7  78  65  72   4   0   7 0.54  0.0    0 10.7 20 220   M    M   8 38     27 230
 8  85  67  76   8   0  11 1.33    M    M  9.3 38 260   M    M   5 138    50 260
 9  71  59  65  -3   0   0 0.00    M    M 11.9 25 230   M    M   5        35 220
10  72  50  61  -8   4   0 0.00    M    M  4.9 14 270   M    M   0        17 270
11  77  48  63  -6   2   0 0.00    M    M  2.9 10 230   M    M   0        15 280
12  82  53  68  -1   0   3 0.00    M    M  5.1 14 260   M    M   0        16 260
13  78  67  73   4   0   8 0.33    M    M  9.7 22 190   M    M   5 8      35 200
14  77  56  67  -2   0   2 0.00    M    M  2.7  8 260   M    M   4 128    11 260
15  81  63  72   3   0   7 0.80    M    M  5.3 15 220   M    M   8 123    19 220
16  71  58  65  -4   0   0 0.00    M    M  9.1 20 260   M    M   4        25 260
17  72  52  62  -7   3   0 0.00    M    M  6.4 16 260   M    M   3        21 260
18  75  52  64  -5   1   0 0.00    M    M  4.9 15 270   M    M   0        17 270
19  82  50  66  -3   0   1 0.00    M    M  2.5 10 310   M    M   1        15 320
20  82  65  74   5   0   9    T  0.0    0  4.9 13 220   M    M   5        18 230
21  82  61  72   3   0   7 0.00  0.0    0  4.2 14 270   M    M   1 18     17 260
22  85  59  72   3   0   7 0.00  0.0    0  4.9 14 260   M    M   0 18     17 230
23  80  62  71   2   0   6 0.19  0.0    0  9.2 17 230   M    M   7 138    26 220
24  75  55  65  -4   0   0 0.00    M    M  6.4 15 360   M    M   2        19 340
25  74  55  65  -4   0   0 0.00    M    M  6.5 18 210   M    M   0        23 220
================================================================================
SM 1960 1475        13 111  3.68     0.0 167.6          M       79
================================================================================
AV 78.4 59.0                               6.7 FASTST   M    M   3    MAX(MPH)
                                 MISC ---->  # 38 260               # 50  260
================================================================================
NOTES:
# LAST OF SEVERAL OCCURRENCES

COLUMN 17 PEAK WIND IN M.P.H.

PRELIMINARY LOCAL CLIMATOLOGICAL DATA (WS FORM: F-6) , PAGE 2

                                          STATION:  WATERTOWN NY
                                          MONTH:    JULY
                                          YEAR:     2014
                                          LATITUDE:   43 59 N
                                          LONGITUDE:  76  2 W

[TEMPERATURE DATA]      [PRECIPITATION DATA]       SYMBOLS USED IN COLUMN 16

AVERAGE MONTHLY: 68.7   TOTAL FOR MONTH:   3.68    1 = FOG OR MIST
DPTR FM NORMAL:   0.1   DPTR FM NORMAL:    1.58    2 = FOG REDUCING VISIBILITY
HIGHEST:    90 ON  1    GRTST 24HR  1.33 ON  8- 8      TO 1/4 MILE OR LESS
LOWEST:     48 ON 11                               3 = THUNDER
                        SNOW, ICE PELLETS, HAIL    4 = ICE PELLETS
                        TOTAL MONTH:   0.0 INCH    5 = HAIL
                        GRTST 24HR     0.0         6 = FREEZING RAIN OR DRIZZLE
                        GRTST DEPTH:   0           7 = DUSTSTORM OR SANDSTORM:
                                                       VSBY 1/2 MILE OR LESS
                                                   8 = SMOKE OR HAZE
[NO. OF DAYS WITH]      [WEATHER - DAYS WITH]      9 = BLOWING SNOW
                                                   X = TORNADO
MAX 32 OR BELOW:   0    0.01 INCH OR MORE:   9
MAX 90 OR ABOVE:   1    0.10 INCH OR MORE:   7
MIN 32 OR BELOW:   0    0.50 INCH OR MORE:   3
MIN  0 OR BELOW:   0    1.00 INCH OR MORE:   1

[HDD (BASE 65) ]
TOTAL THIS MO.    13    CLEAR  (SCALE 0-3)  11
DPTR FM NORMAL   -13    PTCLDY (SCALE 4-7)  14
TOTAL FM JUL 1    13    CLOUDY (SCALE 8-10)  0
DPTR FM NORMAL   -13

[CDD (BASE 65) ]
TOTAL THIS MO.   111
DPTR FM NORMAL    -3    [PRESSURE DATA]
TOTAL FM JAN 1   246    HIGHEST SLP M ON M
DPTR FM NORMAL    59    LOWEST  SLP 29.62 ON  1

[REMARKS]
