000
CXUS56 KPQR 201230
CF6AST
PRELIMINARY LOCAL CLIMATOLOGICAL DATA (WS FORM: F-6)

                                          STATION:   ASTORIA OR
                                          MONTH:     OCTOBER
                                          YEAR:      2014
                                          LATITUDE:   46  9 N
                                          LONGITUDE: 123 53 W

  TEMPERATURE IN F:       :PCPN:    SNOW:  WIND      :SUNSHINE: SKY     :PK WND
================================================================================
1   2   3   4   5  6A  6B    7    8   9   10  11  12  13   14  15   16   17  18
                                     12Z  AVG MX 2MIN
DY MAX MIN AVG DEP HDD CDD  WTR  SNW DPTH SPD SPD DIR MIN PSBL S-S WX    SPD DR
================================================================================

 1  65  47  56   0   9   0    T    M    0  4.7 13 320   M    M   6 18     16 320
 2  69  45  57   2   8   0 0.00  0.0    0  6.1 14 320   M    M   1 18     20 330
 3  78  50  64   9   1   0 0.00  0.0    0  4.5 14  60   M    M   0 18     18  50
 4  75  48  62   7   3   0 0.00  0.0    0  3.5 15 300   M    M   0 18     18 300
 5  77  51  64   9   1   0 0.00  0.0    0  4.2 15 310   M    M   0 18     19 310
 6  75  54  65  10   0   0 0.00  0.0    0  4.3 17 320   M    M   4 128    21 320
 7  73  49  61   7   4   0 0.00  0.0    0  3.7 14 300   M    M   6 128    17 280
 8  65  50  58   4   7   0 0.00  0.0    0  3.0 10 270   M    M   8 12     13 260
 9  62  49  56   2   9   0 0.00  0.0    0  4.1 10 260   M    M   9 12     13 270
10  66  55  61   7   4   0 0.02  0.0    0  6.4 14 200   M    M  10 18     19 200
11  67  54  61   7   4   0 0.07  0.0    0  8.5 18 210   M    M   8 18     25 240
12  66  51  59   6   6   0 0.02  0.0    0  2.4  9  10   M    M   9 18     11 190
13  68  49  59   6   6   0 1.08    M    0  7.5 29 190   M    M   6 1      39 190
14  63  52  58   5   7   0 0.16  0.0    0  5.7 12 180   M    M   9 1      16 170
15  63  52  58   5   7   0 0.80  0.0    0  6.3 24 230   M    M   7 1      35 230
16  67  52  60   8   5   0 0.01  0.0    0  6.4 15 110   M    M   3 1      18 120
17  63  54  59   7   6   0 0.27  0.0    0 10.0 23 190   M    M  10 18     33 190
18  66  53  60   8   5   0 0.14  0.0    0  6.0 14 200   M    M  10 1      22 190
19  68  57  63  11   2   0 0.34  0.0    0  9.1 25 190   M    M  10 1      43 190
================================================================================
SM 1296  972        94   0  2.91     0.0 106.4          M      116
================================================================================
AV 68.2 51.2                               5.6 FASTST   M    M   6    MAX(MPH)
                                 MISC ---->  # 29 190               # 43  190
================================================================================
NOTES:
# LAST OF SEVERAL OCCURRENCES

COLUMN 17 PEAK WIND IN M.P.H.

PRELIMINARY LOCAL CLIMATOLOGICAL DATA (WS FORM: F-6) , PAGE 2

                                          STATION:  ASTORIA OR
                                          MONTH:    OCTOBER
                                          YEAR:     2014
                                          LATITUDE:   46  9 N
                                          LONGITUDE: 123 53 W

[TEMPERATURE DATA]      [PRECIPITATION DATA]       SYMBOLS USED IN COLUMN 16

AVERAGE MONTHLY: 59.7   TOTAL FOR MONTH:   2.91    1 = FOG OR MIST
DPTR FM NORMAL:   5.9   DPTR FM NORMAL:   -0.10    2 = FOG REDUCING VISIBILITY
HIGHEST:    78 ON  3    GRTST 24HR  1.15 ON 13-14      TO 1/4 MILE OR LESS
LOWEST:     45 ON  2                               3 = THUNDER
                        SNOW, ICE PELLETS, HAIL    4 = ICE PELLETS
                        TOTAL MONTH:   0.0 INCH    5 = HAIL
                        GRTST 24HR     0.0         6 = FREEZING RAIN OR DRIZZLE
                        GRTST DEPTH:   0           7 = DUSTSTORM OR SANDSTORM:
                                                       VSBY 1/2 MILE OR LESS
                                                   8 = SMOKE OR HAZE
[NO. OF DAYS WITH]      [WEATHER - DAYS WITH]      9 = BLOWING SNOW
                                                   X = TORNADO
MAX 32 OR BELOW:   0    0.01 INCH OR MORE:  10
MAX 90 OR ABOVE:   0    0.10 INCH OR MORE:   6
MIN 32 OR BELOW:   0    0.50 INCH OR MORE:   2
MIN  0 OR BELOW:   0    1.00 INCH OR MORE:   1

[HDD (BASE 65) ]
TOTAL THIS MO.    94    CLEAR  (SCALE 0-3)   4
DPTR FM NORMAL  -121    PTCLDY (SCALE 4-7)   7
TOTAL FM JUL 1   344    CLOUDY (SCALE 8-10)  8
DPTR FM NORMAL  -352

[CDD (BASE 65) ]
TOTAL THIS MO.     0
DPTR FM NORMAL     0    [PRESSURE DATA]
TOTAL FM JAN 1    45    HIGHEST SLP M ON M
DPTR FM NORMAL    33    LOWEST  SLP 29.54 ON 15

[REMARKS]
