000
CXUS52 KFFC 251110
CF6ATL
PRELIMINARY LOCAL CLIMATOLOGICAL DATA (WS FORM: F-6)

                                          STATION:   ATLANTA
                                          MONTH:     MAY
                                          YEAR:      2015
                                          LATITUDE:   33 39 N
                                          LONGITUDE:  84 26 W

  TEMPERATURE IN F:       :PCPN:    SNOW:  WIND      :SUNSHINE: SKY     :PK WND
================================================================================
1   2   3   4   5  6A  6B    7    8   9   10  11  12  13   14  15   16   17  18
                                     12Z  AVG MX 2MIN
DY MAX MIN AVG DEP HDD CDD  WTR  SNW DPTH SPD SPD DIR MIN PSBL S-S WX    SPD DR
================================================================================

 1  70  48  59  -7   6   0 0.00  0.0    0 11.3 21 350   M    M   1        28 330
 2  77  52  65  -1   0   0 0.00  0.0    0  3.6 12  60   M    M   2        14 160
 3  79  55  67   0   0   2 0.00  0.0    0  4.2 13 200   M    M   4        20 210
 4  81  59  70   3   0   5 0.00  0.0    0  4.1 13 170   M    M   3        16 200
 5  81  59  70   3   0   5 0.00  0.0    0  5.8 15 110   M    M   1        21 110
 6  82  60  71   4   0   6 0.00  0.0    0  4.0 15 100   M    M   2        20  60
 7  84  61  73   5   0   8 0.00  0.0    0  4.0 14  90   M    M   3        22  40
 8  87  63  75   7   0  10 0.00  0.0    0  3.5 12 350   M    M   5        18  10
 9  85  69  77   9   0  12 0.00  0.0    0  5.0 14  80   M    M   7        15 120
10  89  68  79  11   0  14 0.00  0.0    0  3.9 12 290   M    M   5        18 230
11  89  69  79  10   0  14 0.00  0.0    0  5.7 16 250   M    M   4        21 220
12  84  70  77   8   0  12    T  0.0    0  8.1 17 310   M    M   8        23 320
13  85  62  74   5   0   9 0.00  0.0    0  8.1 16 320   M    M   6        21 330
14  84  63  74   4   0   9 0.00  0.0    0  8.6 16 120   M    M   8        21 110
15  80  68  74   4   0   9    T  0.0    0  7.1 15 170   M    M   8        17 160
16  85  67  76   6   0  11 0.00  0.0    0  7.9 15 150   M    M   8 8      23 140
17  85  68  77   7   0  12 0.40  0.0    0  6.4 22 280   M    M   8 1      26 280
18  83  69  76   5   0  11 1.19  0.0    0  2.5 23 350   M    M   7 13     28 360
19  85  69  77   6   0  12    T  0.0    0  6.3 15 280   M    M   7        18 280
20  87  68  78   7   0  13 0.00  0.0    0  6.0 21 150   M    M   5 3      28 150
21  80  58  69  -3   0   4 0.00  0.0    0 13.9 23 300   M    M   6        30 300
22  78  51  65  -7   0   0 0.00  0.0    0  6.8 16 330   M    M   4        22 350
23  81  60  71  -1   0   6 0.00  0.0    0  6.8 16  90   M    M   2        21 130
24  83  62  73   1   0   8 0.00  0.0    0  9.1 15 110   M    M   6        22 130
================================================================================
SM 1984 1498         6 192  1.59     0.0 152.7          M      120
================================================================================
AV 82.7 62.4                               6.4 FASTST   M    M   5    MAX(MPH)
                                 MISC ---->  # 23 350               # 30  300
================================================================================
NOTES:
# LAST OF SEVERAL OCCURRENCES

COLUMN 17 PEAK WIND IN M.P.H.

PRELIMINARY LOCAL CLIMATOLOGICAL DATA (WS FORM: F-6) , PAGE 2

                                          STATION:  ATLANTA
                                          MONTH:    MAY
                                          YEAR:     2015
                                          LATITUDE:   33 39 N
                                          LONGITUDE:  84 26 W

[TEMPERATURE DATA]      [PRECIPITATION DATA]       SYMBOLS USED IN COLUMN 16

AVERAGE MONTHLY: 72.5   TOTAL FOR MONTH:   1.59    1 = FOG OR MIST
DPTR FM NORMAL:   3.4   DPTR FM NORMAL:   -1.31    2 = FOG REDUCING VISIBILITY
HIGHEST:    89 ON 11,10 GRTST 24HR  1.19 ON 18-18      TO 1/4 MILE OR LESS
LOWEST:     48 ON  1                               3 = THUNDER
                        SNOW, ICE PELLETS, HAIL    4 = ICE PELLETS
                        TOTAL MONTH:   0.0 INCH    5 = HAIL
                        GRTST 24HR     0.0         6 = FREEZING RAIN OR DRIZZLE
                        GRTST DEPTH:   0           7 = DUSTSTORM OR SANDSTORM:
                                                       VSBY 1/2 MILE OR LESS
                                                   8 = SMOKE OR HAZE
[NO. OF DAYS WITH]      [WEATHER - DAYS WITH]      9 = BLOWING SNOW
                                                   X = TORNADO
MAX 32 OR BELOW:   0    0.01 INCH OR MORE:   2
MAX 90 OR ABOVE:   0    0.10 INCH OR MORE:   2
MIN 32 OR BELOW:   0    0.50 INCH OR MORE:   1
MIN  0 OR BELOW:   0    1.00 INCH OR MORE:   1

[HDD (BASE 65) ]
TOTAL THIS MO.     6    CLEAR  (SCALE 0-3)   7
DPTR FM NORMAL   -18    PTCLDY (SCALE 4-7)  17
TOTAL FM JUL 1  2656    CLOUDY (SCALE 8-10)  0
DPTR FM NORMAL  -108

[CDD (BASE 65) ]
TOTAL THIS MO.   192
DPTR FM NORMAL    68    [PRESSURE DATA]
TOTAL FM JAN 1   288    HIGHEST SLP M ON M
DPTR FM NORMAL    98    LOWEST  SLP 29.85 ON M

[REMARKS]
