000
CXUS55 KABR 301400
CF6ATY
PRELIMINARY LOCAL CLIMATOLOGICAL DATA (WS FORM: F-6)

                                          STATION:   WATERTOWN SD
                                          MONTH:     AUGUST
                                          YEAR:      2015
                                          LATITUDE:   44 55 N
                                          LONGITUDE:  97  9 W

  TEMPERATURE IN F:       :PCPN:    SNOW:  WIND      :SUNSHINE: SKY     :PK WND
================================================================================
1   2   3   4   5  6A  6B    7    8   9   10  11  12  13   14  15   16   17  18
                                     12Z  AVG MX 2MIN
DY MAX MIN AVG DEP HDD CDD  WTR  SNW DPTH SPD SPD DIR MIN PSBL S-S WX    SPD DR
================================================================================

 1  87  59  73   2   0   8    T  0.0    0  9.0 23 230   M    M   0 3      29 210
 2  80  60  70  -1   0   5 0.00  0.0    0 11.2 25  10   M    M   0        31  20
 3  79  53  66  -4   0   1 0.00  0.0    0  4.8 14 330   M    M   0 1      19 280
 4  81  53  67  -3   0   2 0.00  0.0    0  4.8 13 170   M    M   1        16 170
 5  81  58  70   0   0   5 0.00  0.0    0  8.5 16 170   M    M   1        21 170
 6  81  65  73   3   0   8 1.32  0.0    0  9.1 20 210   M    M   5 13     23 220
 7  85  63  74   4   0   9    T  0.0    M  5.6 13 280   M    M   1 12     16 280
 8  83  67  75   5   0  10 0.48  0.0    0  9.2 22 160   M    M   3 3      29 170
 9  81  64  73   3   0   8 0.22  0.0    0  7.0 20 130   M    M   3 13     27 120
10  81  57  69  -1   0   4 0.00  0.0    0  5.4 15 330   M    M   2        19 330
11  84  58  71   1   0   6 0.00  0.0    0  2.7  9 130   M    M   1 1      13 140
12  87  62  75   5   0  10 0.00  0.0    0 12.0 23 200   M    M   0        28 200
13  85  67  76   7   0  11    T  0.0    0  7.2 17  50   M    M   2        23  50
14  89  66  78   9   0  13 0.00  0.0    0  6.5 13 170   M    M   0 1      16 180
15  88  69  79  10   0  14 0.00  0.0    0 14.9 24 180   M    M   0 3      33 180
16  76  57  67  -2   0   2 0.06  0.0    0 10.1 21 340   M    M   5 3      25 340
17  70  54  62  -7   3   0 0.01  0.0    0  6.7 14  40   M    M   6        17  40
18  57  51  54 -14  11   0 3.08  0.0    0 20.1 36 350   M    M   8 1      47 330
19  69  50  60  -8   5   0 0.18  0.0    0 17.8 39 350   M    M   6 1      49 340
20  75  44  60  -8   5   0 0.00  0.0    0  6.5 14 160   M    M   0        19 160
21  79  58  69   1   0   4 0.00  0.0    0 12.7 22 170   M    M   0        28 160
22  78  53  66  -2   0   1    T  0.0    0 20.0 33 260   M    M   7 18     44 270
23  68  50  59  -9   6   0 0.02  0.0    0 19.6 33 280   M    M   2 1      45 290
24  69  48  59  -8   6   0 0.00  0.0    0  9.8 21 320   M    M   0        27 320
25  73  39  56 -11   9   0 0.00  0.0    0  2.4  9 330   M    M   1 12     12 320
26  74  48  61  -6   4   0 0.05    M    0  8.3 18 150   M    M   1 3      24 140
27  75  62  69   3   0   4 0.02  0.0    0  6.8 22 240   M    M   3        26 230
28  78  61  70   4   0   5 0.00  0.0    0  7.2 12 160   M    M   5        15 180
29  79  56  68   2   0   3 0.00  0.0    0  9.4 15 200   M    M   0        19 200
================================================================================
SM 2272 1652        49 133  5.44     0.0 275.3          M       63
================================================================================
AV 78.3 57.0                               9.5 FASTST   M    M   2    MAX(MPH)
                                 MISC ---->  # 39 350               # 49  340
================================================================================
NOTES:
# LAST OF SEVERAL OCCURRENCES

COLUMN 17 PEAK WIND IN M.P.H.

PRELIMINARY LOCAL CLIMATOLOGICAL DATA (WS FORM: F-6) , PAGE 2

                                          STATION:  WATERTOWN SD
                                          MONTH:    AUGUST
                                          YEAR:     2015
                                          LATITUDE:   44 55 N
                                          LONGITUDE:  97  9 W

[TEMPERATURE DATA]      [PRECIPITATION DATA]       SYMBOLS USED IN COLUMN 16

AVERAGE MONTHLY: 67.7   TOTAL FOR MONTH:   5.44    1 = FOG OR MIST
DPTR FM NORMAL:  -1.1   DPTR FM NORMAL:    2.83    2 = FOG REDUCING VISIBILITY
HIGHEST:    89 ON 14    GRTST 24HR  3.19 ON 18-19      TO 1/4 MILE OR LESS
LOWEST:     39 ON 25                               3 = THUNDER
                        SNOW, ICE PELLETS, HAIL    4 = ICE PELLETS
                        TOTAL MONTH:   0.0 INCH    5 = HAIL
                        GRTST 24HR     0.0         6 = FREEZING RAIN OR DRIZZLE
                        GRTST DEPTH:   0           7 = DUSTSTORM OR SANDSTORM:
                                                       VSBY 1/2 MILE OR LESS
                                                   8 = SMOKE OR HAZE
[NO. OF DAYS WITH]      [WEATHER - DAYS WITH]      9 = BLOWING SNOW
                                                   X = TORNADO
MAX 32 OR BELOW:   0    0.01 INCH OR MORE:  10
MAX 90 OR ABOVE:   0    0.10 INCH OR MORE:   5
MIN 32 OR BELOW:   0    0.50 INCH OR MORE:   2
MIN  0 OR BELOW:   0    1.00 INCH OR MORE:   2

[HDD (BASE 65) ]
TOTAL THIS MO.    49    CLEAR  (SCALE 0-3)  22
DPTR FM NORMAL    13    PTCLDY (SCALE 4-7)   7
TOTAL FM JUL 1    62    CLOUDY (SCALE 8-10)  0
DPTR FM NORMAL     9

[CDD (BASE 65) ]
TOTAL THIS MO.   133
DPTR FM NORMAL   -10    [PRESSURE DATA]
TOTAL FM JAN 1   461    HIGHEST SLP M ON M
DPTR FM NORMAL    -6    LOWEST  SLP 29.47 ON 22

[REMARKS]
