000
CXUS55 KABR 201400
CF6ATY
PRELIMINARY LOCAL CLIMATOLOGICAL DATA (WS FORM: F-6)

                                          STATION:   WATERTOWN SD
                                          MONTH:     APRIL
                                          YEAR:      2014
                                          LATITUDE:   44 55 N
                                          LONGITUDE:  97  9 W

  TEMPERATURE IN F:       :PCPN:    SNOW:  WIND      :SUNSHINE: SKY     :PK WND
================================================================================
1   2   3   4   5  6A  6B    7    8   9   10  11  12  13   14  15   16   17  18
                                     12Z  AVG MX 2MIN
DY MAX MIN AVG DEP HDD CDD  WTR  SNW DPTH SPD SPD DIR MIN PSBL S-S WX    SPD DR
================================================================================

 1  28   9  19 -18  46   0 0.01  0.1    1 14.7 35 330   M    M   3 19     44 320
 2  32  12  22 -15  43   0    T    T    0  9.9 21  80   M    M   5        28  80
 3  34  29  32  -6  33   0 0.02  0.2    T 11.6 18  20   M    M  10 1      23  20
 4  36  24  30  -8  35   0 0.00  0.0    T 14.3 26 340   M    M   7 1      32 340
 5  55  24  40   1  25   0 0.00  0.0    0 13.6 26 170   M    M   1        35 180
 6  60  26  43   4  22   0 0.00  0.0    0  4.2 13 290   M    M   3 1      16 280
 7  58  26  42   2  23   0 0.02  0.0    0 10.2 33 330   M    M   3 1      42 320
 8  52  29  41   1  24   0 0.00  0.0    0 10.3 21 350   M    M   2        25 360
 9  79  33  56  15   9   0    T  0.0    0 15.4 29 260   M    M   1        36 250
10  60  36  48   7  17   0 0.00  0.0    0 10.1 24 310   M    M   2        32 290
11  64  29  47   5  18   0    T  0.0    0  7.0 17 120   M    M   4        25  90
12  67  42  55  13  10   0    T  0.0    0 13.2 29  70   M    M   2 3      37  70
13  42  22  32 -11  33   0 0.00  0.0    0 24.6 35 360   M    M   8        44 360
14  36  16  26 -17  39   0    T    T    0 13.5 28 350   M    M   3        31 350
15  43  12  28 -16  37   0 0.00  0.0    0 10.2 25 120   M    M   2        38 120
16  32  19  26 -18  39   0    M  3.7    0 20.6 29  40   M    M   9 128    37  70
17  41  12  27 -18  38   0 0.00  0.0    2  6.7 13 360   M    M   1        15 340
18  62  32  47   2  18   0 0.00  0.0    0 17.9 33 160   M    M   5        45 170
19  67  40  54   8  11   0 0.00  0.0    0 11.4 29 160   M    M   1        37 160
================================================================================
SM  948  472       520   0  0.05     4.0 239.4          M       72
================================================================================
AV 49.9 24.8                              12.6 FASTST   M    M   4    MAX(MPH)
                                 MISC ---->  # 35 330               # 45  170
================================================================================
NOTES:
# LAST OF SEVERAL OCCURRENCES

COLUMN 17 PEAK WIND IN M.P.H.

PRELIMINARY LOCAL CLIMATOLOGICAL DATA (WS FORM: F-6) , PAGE 2

                                          STATION:  WATERTOWN SD
                                          MONTH:    APRIL
                                          YEAR:     2014
                                          LATITUDE:   44 55 N
                                          LONGITUDE:  97  9 W

[TEMPERATURE DATA]      [PRECIPITATION DATA]       SYMBOLS USED IN COLUMN 16

AVERAGE MONTHLY: 37.4   TOTAL FOR MONTH:   0.05    1 = FOG OR MIST
DPTR FM NORMAL:  -3.9   DPTR FM NORMAL:   -1.10    2 = FOG REDUCING VISIBILITY
HIGHEST:    79 ON  9    GRTST 24HR  0.05 ON 31- 1      TO 1/4 MILE OR LESS
LOWEST:      9 ON  1                               3 = THUNDER
                        SNOW, ICE PELLETS, HAIL    4 = ICE PELLETS
                        TOTAL MONTH:   4.0 INCHES  5 = HAIL
                        GRTST 24HR   3.7 ON   M    6 = FREEZING RAIN OR DRIZZLE
                        GRTST DEPTH:   2 ON 17     7 = DUSTSTORM OR SANDSTORM:
                                                       VSBY 1/2 MILE OR LESS
                                                   8 = SMOKE OR HAZE
[NO. OF DAYS WITH]      [WEATHER - DAYS WITH]      9 = BLOWING SNOW
                                                   X = TORNADO
MAX 32 OR BELOW:   3    0.01 INCH OR MORE:   3
MAX 90 OR ABOVE:   0    0.10 INCH OR MORE:   0
MIN 32 OR BELOW:  15    0.50 INCH OR MORE:   0
MIN  0 OR BELOW:   0    1.00 INCH OR MORE:   0

[HDD (BASE 65) ]
TOTAL THIS MO.   520    CLEAR  (SCALE 0-3)  12
DPTR FM NORMAL    69    PTCLDY (SCALE 4-7)   5
TOTAL FM JUL 1  8735    CLOUDY (SCALE 8-10)  2
DPTR FM NORMAL   769

[CDD (BASE 65) ]
TOTAL THIS MO.     0
DPTR FM NORMAL     0    [PRESSURE DATA]
TOTAL FM JAN 1     0    HIGHEST SLP M ON M
DPTR FM NORMAL     0    LOWEST  SLP 29.49 ON  9

[REMARKS]
