000
CXUS51 KGYX 220900
CF6AUG
PRELIMINARY LOCAL CLIMATOLOGICAL DATA (WS FORM: F-6)

                                          STATION:   AUGUSTA
                                          MONTH:     JULY
                                          YEAR:      2017
                                          LATITUDE:   44 18 N
                                          LONGITUDE:  69 48 W

  TEMPERATURE IN F:       :PCPN:    SNOW:  WIND      :SUNSHINE: SKY     :PK WND
================================================================================
1   2   3   4   5  6A  6B    7    8   9   10  11  12  13   14  15   16   17  18
                                     12Z  AVG MX 2MIN
DY MAX MIN AVG DEP HDD CDD  WTR  SNW DPTH SPD SPD DIR MIN PSBL S-S WX    SPD DR
================================================================================

 1  80  64  72   4   0   7 0.58  0.0    0  6.4 17 150   M    M   9 123    24 190
 2  84  64  74   6   0   9 0.00  0.0    0  5.9 15 320   M    M   4 128    20 330
 3  79  61  70   2   0   5 0.00  0.0    0  7.6 16 320   M    M   2        25 280
 4  76  56  66  -2   0   1 0.00  0.0    0  6.7 15 350   M    M   4        20 300
 5  82  55  69   0   0   4 0.00  0.0    0  4.9 14 200   M    M   0        21 200
 6  79  58  69   0   0   4 0.00  0.0    0  8.5 17 180   M    M   1        28 150
 7  76  58  67  -2   0   2 0.00  0.0    0  4.7 15 170   M    M   1        22 160
 8  78  57  68  -1   0   3    T  0.0    0  4.4 15 160   M    M   3 13     21 160
 9  81  62  72   3   0   7 0.00  0.0    0  7.0 17 310   M    M   2        22 310
10  83  60  72   3   0   7 0.00  0.0    0  6.2 16 230   M    M   1        25 240
11  81  64  73   3   0   8    T  0.0    0  6.2 13 200   M    M   4 1      19 180
12  84  64  74   4   0   9 0.00  0.0    0  5.4 12  30   M    M   5 1      17  80
13  65  54  60 -10   5   0 0.29  0.0    0  6.3 16 360   M    M   9 1      20  10
14  73  53  63  -7   2   0 0.04  0.0    0  3.6 13 160   M    M   6 1      16 160
15  76  59  68  -2   0   3    T  0.0    0  4.3 10 180   M    M   8 1      14 160
16  85  59  72   2   0   7 0.00  0.0    0  3.9 12 190   M    M   5 12     19 200
17  83  61  72   2   0   7 0.00  0.0    0  5.8 15 160   M    M   3 1      21 140
18  77  64  71   1   0   6 0.01  0.0    0  5.4 13 160   M    M   9 12     17 110
19  86  68  77   7   0  12    T  0.0    0  3.5 10 200   M    M   6 1      18 190
20  86  68  77   7   0  12 0.17  0.0    0  3.4 23  20   M    M   3 3      30  10
21  86  64  75   5   0  10 0.00  0.0    0  5.1 13 210   M    M   0        20 230
================================================================================
SM 1680 1273         7 123  1.09     0.0 115.2          M       85
================================================================================
AV 80.0 60.6                               5.5 FASTST   M    M   4    MAX(MPH)
                                 MISC ---->  # 23  20               # 30   10
================================================================================
NOTES:
# LAST OF SEVERAL OCCURRENCES

COLUMN 17 PEAK WIND IN M.P.H.

PRELIMINARY LOCAL CLIMATOLOGICAL DATA (WS FORM: F-6) , PAGE 2

                                          STATION:  AUGUSTA
                                          MONTH:    JULY
                                          YEAR:     2017
                                          LATITUDE:   44 18 N
                                          LONGITUDE:  69 48 W

[TEMPERATURE DATA]      [PRECIPITATION DATA]       SYMBOLS USED IN COLUMN 16

AVERAGE MONTHLY: 70.3   TOTAL FOR MONTH:   1.09    1 = FOG OR MIST
DPTR FM NORMAL:   1.0   DPTR FM NORMAL:   -1.18    2 = FOG REDUCING VISIBILITY
HIGHEST:    86 ON 21,20 GRTST 24HR  0.58 ON  1- 1      TO 1/4 MILE OR LESS
LOWEST:     53 ON 14                               3 = THUNDER
                        SNOW, ICE PELLETS, HAIL    4 = ICE PELLETS
                        TOTAL MONTH:   0.0 INCH    5 = HAIL
                        GRTST 24HR     0.0         6 = FREEZING RAIN OR DRIZZLE
                        GRTST DEPTH:   0           7 = DUSTSTORM OR SANDSTORM:
                                                       VSBY 1/2 MILE OR LESS
                                                   8 = SMOKE OR HAZE
[NO. OF DAYS WITH]      [WEATHER - DAYS WITH]      9 = BLOWING SNOW
                                                   X = TORNADO
MAX 32 OR BELOW:   0    0.01 INCH OR MORE:   5
MAX 90 OR ABOVE:   0    0.10 INCH OR MORE:   3
MIN 32 OR BELOW:   0    0.50 INCH OR MORE:   1
MIN  0 OR BELOW:   0    1.00 INCH OR MORE:   0

[HDD (BASE 65) ]
TOTAL THIS MO.     7    CLEAR  (SCALE 0-3)  10
DPTR FM NORMAL    -5    PTCLDY (SCALE 4-7)   8
TOTAL FM JUL 1     7    CLOUDY (SCALE 8-10)  3
DPTR FM NORMAL    -5

[CDD (BASE 65) ]
TOTAL THIS MO.   123
DPTR FM NORMAL    23    [PRESSURE DATA]
TOTAL FM JAN 1   215    HIGHEST SLP M ON M
DPTR FM NORMAL    42    LOWEST  SLP 29.64 ON  8

[REMARKS]
