000
CXUS53 KGID 300730
CF6AUH
PRELIMINARY LOCAL CLIMATOLOGICAL DATA (WS FORM: F-6)

                                          STATION:   AURORA
                                          MONTH:     JULY
                                          YEAR:      2014
                                          LATITUDE:   40 54 N
                                          LONGITUDE:  97 59 W

  TEMPERATURE IN F:       :PCPN:    SNOW:  WIND      :SUNSHINE: SKY     :PK WND
================================================================================
1   2   3   4   5  6A  6B    7    8   9   10  11  12  13   14  15   16   17  18
                                     12Z  AVG MX 2MIN
DY MAX MIN AVG DEP HDD CDD  WTR  SNW DPTH SPD SPD DIR MIN PSBL S-S WX    SPD DR
================================================================================

 1  80  56  68  -7   0   3 0.00    M    M 11.7 24 320   M    M   0        35 320
 2  74  52  63 -12   2   0 0.00    M    M  8.3 17 340   M    M   2        24 340
 3  80  54  67  -8   0   2 0.00    M    M  8.4 14 160   M    M   1        18 170
 4  84  62  73  -2   0   8 0.00    M    M 14.0 27 160   M    M   2        32 160
 5  89  69  79   4   0  14    T    M    M  8.4 17 190   M    M   1 3      22 190
 6  95  64  80   5   0  15 0.00    M    M  3.4 12  10   M    M   2 12      M  M
 7  88  66  77   2   0  12 0.36    M    M  5.8 13  20   M    M   3 3      25  30
 8  81  60  71  -5   0   6 0.00    M    M  9.3 18 320   M    M   1        24 320
 9  81  56  69  -7   0   4 0.54    M    M  8.0 18 140   M    M   4 3      25 160
10  84  64  74  -2   0   9 0.01    M    M 11.0 17 170   M    M   2 1      24 170
11  88  69  79   3   0  14 0.00    M    M  7.3 14 170   M    M   1         M  M
12  84  67  76   0   0  11 0.00    M    M  6.8 12  10   M    M   1 1      16 200
13  87  63  75  -1   0  10 0.00    M    M  3.5  9 280   M    M   1 1       M  M
14  75  52  64 -12   1   0 0.40    M    M  9.3 18 350   M    M   4 3      28 350
15  72  49  61 -15   4   0 0.00    M    M  5.3 10 350   M    M   2        17 360
16  72  52  62 -14   3   0 0.00    M    M  2.2  6 140   M    M   5         M  M
17  77  53  65 -11   0   0 0.00    M    M  3.8 10 190   M    M   3         M  M
18  76  57  67  -9   0   2 0.00    M    M  8.5 13 170   M    M   4 1      21 180
19  82  60  71  -5   0   6 0.00    M    M  9.4 18 190   M    M   2 1      24 190
20  91  66  79   3   0  14 0.00    M    M 11.4 17 160   M    M   2        22 160
21  97  75  86  10   0  21 0.00    M    M  9.4 13 170   M    M   M        18 220
22  89  70  80   5   0  15 0.00    M    M  8.6 13  40   M    M   0        20 210
23  83  63  73  -2   0   8 0.00    M    M  5.7 10  80   M    M   0        16  80
24  87  61  74  -1   0   9 0.00    M    M 12.1 21 170   M    M   1        28 150
25  93  73  83   8   0  18 0.00    M    M  6.7 13 220   M    M   0 1      17 220
26  91  71  81   6   0  16 0.00    M    M  4.8  9  80   M    M   4 128     M  M
27  83  62  73  -2   0   8 0.00    M    M  7.7 15 340   M    M   0        21 350
28  77  56  67  -8   0   2 0.00    M    M  5.4  8  10   M    M   1         M  M
29  79  59  69  -6   0   4 0.00    M    M  1.7  8  60   M    M   5         M  M
================================================================================
SM 2419 1781        10 231  1.31    M    217.9          M       54
================================================================================
AV 83.4 61.4                               7.5 FASTST   M    M   2    MAX(MPH)
                                 MISC ---->  # 27 160               # 35  320
================================================================================
NOTES:
# LAST OF SEVERAL OCCURRENCES

COLUMN 17 PEAK WIND IN M.P.H.

PRELIMINARY LOCAL CLIMATOLOGICAL DATA (WS FORM: F-6) , PAGE 2

                                          STATION:  AURORA
                                          MONTH:    JULY
                                          YEAR:     2014
                                          LATITUDE:   40 54 N
                                          LONGITUDE:  97 59 W

[TEMPERATURE DATA]      [PRECIPITATION DATA]       SYMBOLS USED IN COLUMN 16

AVERAGE MONTHLY: 72.4   TOTAL FOR MONTH:   1.31    1 = FOG OR MIST
DPTR FM NORMAL:  -3.1   DPTR FM NORMAL:   -2.00    2 = FOG REDUCING VISIBILITY
HIGHEST:    97 ON 21    GRTST 24HR  0.54 ON  9- 9      TO 1/4 MILE OR LESS
LOWEST:     49 ON 15                               3 = THUNDER
                        SNOW, ICE PELLETS, HAIL    4 = ICE PELLETS
                        TOTAL MONTH:    M          5 = HAIL
                        GRTST 24HR    M  ON   M    6 = FREEZING RAIN OR DRIZZLE
                        GRTST DEPTH:  M  ON   M    7 = DUSTSTORM OR SANDSTORM:
                                                       VSBY 1/2 MILE OR LESS
                                                   8 = SMOKE OR HAZE
[NO. OF DAYS WITH]      [WEATHER - DAYS WITH]      9 = BLOWING SNOW
                                                   X = TORNADO
MAX 32 OR BELOW:   0    0.01 INCH OR MORE:   4
MAX 90 OR ABOVE:   5    0.10 INCH OR MORE:   3
MIN 32 OR BELOW:   0    0.50 INCH OR MORE:   1
MIN  0 OR BELOW:   0    1.00 INCH OR MORE:   0

[HDD (BASE 65) ]
TOTAL THIS MO.    10    CLEAR  (SCALE 0-3)  22
DPTR FM NORMAL    10    PTCLDY (SCALE 4-7)   6
TOTAL FM JUL 1    10    CLOUDY (SCALE 8-10)  0
DPTR FM NORMAL    10

[CDD (BASE 65) ]
TOTAL THIS MO.   231
DPTR FM NORMAL   -74    [PRESSURE DATA]
TOTAL FM JAN 1   586    HIGHEST SLP M ON M
DPTR FM NORMAL     6    LOWEST  SLP M ON M

[REMARKS]
