000
CXUS53 KGRB 290808
CF6AUW
PRELIMINARY LOCAL CLIMATOLOGICAL DATA (WS FORM: F-6)

                                          STATION:   WAUSAU WI
                                          MONTH:     DECEMBER
                                          YEAR:      2014
                                          LATITUDE:   44 55 N
                                          LONGITUDE:  89 37 W

  TEMPERATURE IN F:       :PCPN:    SNOW:  WIND      :SUNSHINE: SKY     :PK WND
================================================================================
1   2   3   4   5  6A  6B    7    8   9   10  11  12  13   14  15   16   17  18
                                     12Z  AVG MX 2MIN
DY MAX MIN AVG DEP HDD CDD  WTR  SNW DPTH SPD SPD DIR MIN PSBL S-S WX    SPD DR
================================================================================

 1   7  -5   1 -23  64   0 0.00  0.0    4  7.6 17 290   M    M   0        24 330
 2  22  -5   9 -15  56   0 0.06  1.1    5  8.6 20 180   M    M   8 12     25 190
 3  20   7  14 -10  51   0    T    T    5  9.9 22 270   M    M   1 8      25 280
 4  23   4  14  -9  51   0 0.00  0.0    5  5.1 15 160   M    M   6 18     19 170
 5  31  15  23   0  42   0 0.00  0.0    5  4.6 14 340   M    M  10 18     17 350
 6  32  11  22   0  43   0 0.00  0.0    5  4.3 10  80   M    M   0 1      13  60
 7  31   9  20  -2  45   0 0.02  0.3    5  9.3 17 150   M    M   3 1      23 170
 8  33  27  30   9  35   0 0.10  1.0    6  7.8 14 350   M    M  10 12     20 350
 9  31  20  26   5  39   0    T    T    6  6.7 14  10   M    M  10 1      18  10
10  24  15  20   0  45   0 0.00  0.0    6  2.7  8 280   M    M   8 18      9 290
11  23  14  19  -1  46   0    T    T    6  9.4 16 280   M    M  10 1      20 290
12  31  23  27   7  38   0    T    T    5  8.3 16 290   M    M  10 1      19 290
13  39  31  35  16  30   0    T  0.0    4  5.3 13 270   M    M  10 12     18 240
14  42  37  40  21  25   0 0.00  0.0    1  3.1  8 130   M    M  10 2      10 230
15  43  39  41  22  24   0 0.26  0.0    0  5.4 13 160   M    M  10 12     15 160
16  39  23  31  13  34   0 0.02  0.5    1 12.7 18 330   M    M   9 1      28 340
17  24  18  21   3  44   0    T    T    1  9.9 17 300   M    M   9        22 310
18  26  17  22   4  43   0 0.00  0.0    T  4.0 10  80   M    M   7        13  20
19  27  14  21   3  44   0 0.00  0.0    T  2.7  9 210   M    M   6        11 210
20  30  23  27  10  38   0 0.00  0.0    T  5.5 10 170   M    M  10 18     11 160
21  34  28  31  14  34   0 0.08  0.3    T 11.5 18 160   M    M  10 1      24 160
22  35  32  34  17  31   0 0.03  0.7    1 10.8 17  90   M    M  10 1      22  80
23  34  33  34  17  31   0 0.37  2.4    3  6.7 16  70   M    M  10 1      22  90
24  34  30  32  16  33   0    T    T    2  7.1 14 290   M    M  10 1      20 310
25  33  28  31  15  34   0    T    T    2  7.7 16 220   M    M   7 18     22 210
26  35  26  31  15  34   0 0.05  0.3    1  2.8  8 330   M    M   8 12      9 330
27  33  15  24   8  41   0 0.41  4.0    6  7.1 18 280   M    M   9 18     23 300
28  18   4  11  -5  54   0    T  0.2    5  4.6 10 270   M    M   6 18     14 270
================================================================================
SM  834  533      1129   0  1.40    10.8 191.2          M      217
================================================================================
AV 29.8 19.0                               6.8 FASTST   M    M   8    MAX(MPH)
                                 MISC ---->  # 22 270               # 28  340
================================================================================
NOTES:
# LAST OF SEVERAL OCCURRENCES

COLUMN 17 PEAK WIND IN M.P.H.

PRELIMINARY LOCAL CLIMATOLOGICAL DATA (WS FORM: F-6) , PAGE 2

                                          STATION:  WAUSAU WI
                                          MONTH:    DECEMBER
                                          YEAR:     2014
                                          LATITUDE:   44 55 N
                                          LONGITUDE:  89 37 W

[TEMPERATURE DATA]      [PRECIPITATION DATA]       SYMBOLS USED IN COLUMN 16

AVERAGE MONTHLY: 24.4   TOTAL FOR MONTH:   1.40    1 = FOG OR MIST
DPTR FM NORMAL:   5.1   DPTR FM NORMAL:    0.15    2 = FOG REDUCING VISIBILITY
HIGHEST:    43 ON 15    GRTST 24HR  0.41 ON 27-27      TO 1/4 MILE OR LESS
LOWEST:     -5 ON  2, 1                            3 = THUNDER
                        SNOW, ICE PELLETS, HAIL    4 = ICE PELLETS
                        TOTAL MONTH:  10.8 INCHES  5 = HAIL
                        GRTST 24HR   4.0 ON 27-27  6 = FREEZING RAIN OR DRIZZLE
                        GRTST DEPTH:   6 ON 27,11  7 = DUSTSTORM OR SANDSTORM:
                                                       VSBY 1/2 MILE OR LESS
                                                   8 = SMOKE OR HAZE
[NO. OF DAYS WITH]      [WEATHER - DAYS WITH]      9 = BLOWING SNOW
                                                   X = TORNADO
MAX 32 OR BELOW:  16    0.01 INCH OR MORE:  10
MAX 90 OR ABOVE:   0    0.10 INCH OR MORE:   4
MIN 32 OR BELOW:  25    0.50 INCH OR MORE:   0
MIN  0 OR BELOW:   2    1.00 INCH OR MORE:   0

[HDD (BASE 65) ]
TOTAL THIS MO.  1129    CLEAR  (SCALE 0-3)   4
DPTR FM NORMAL  -150    PTCLDY (SCALE 4-7)   6
TOTAL FM JUL 1  3212    CLOUDY (SCALE 8-10) 18
DPTR FM NORMAL    74

[CDD (BASE 65) ]
TOTAL THIS MO.     0
DPTR FM NORMAL     0    [PRESSURE DATA]
TOTAL FM JAN 1   338    HIGHEST SLP M ON M
DPTR FM NORMAL   -69    LOWEST  SLP 29.49 ON 24

[REMARKS]
SNOWFALL AND PRECIPITATION AMOUNTS, AND SNOWDEPTH DURING
MIXED OR ALL SNOW EVENTS PROVIDED BY WSAW-TV.
