000
CXUS52 KGSP 310817
CF6AVL
PRELIMINARY LOCAL CLIMATOLOGICAL DATA (WS FORM: F-6)

                                          STATION:   ASHEVILLE NC
                                          MONTH:     AUGUST
                                          YEAR:      2015
                                          LATITUDE:   35 25 N
                                          LONGITUDE:  82 33 W

  TEMPERATURE IN F:       :PCPN:    SNOW:  WIND      :SUNSHINE: SKY     :PK WND
================================================================================
1   2   3   4   5  6A  6B    7    8   9   10  11  12  13   14  15   16   17  18
                                     12Z  AVG MX 2MIN
DY MAX MIN AVG DEP HDD CDD  WTR  SNW DPTH SPD SPD DIR MIN PSBL S-S WX    SPD DR
================================================================================

 1  87  62  75   1   0  10 0.00  0.0    0  9.1 20 330   M    M   2        28 330
 2  87  57  72  -2   0   7 0.00  0.0    0  3.6 13 150   M    M   2        17 120
 3  90  61  76   2   0  11 0.00  0.0    0  4.0 12 350   M    M   1 8      15 350
 4  92  61  77   3   0  12    T  0.0    0  4.8 20 240   M    M   0 3      29 240
 5  90  64  77   3   0  12    T  0.0    0  3.1 18 340   M    M   1 3      23 330
 6  87  65  76   2   0  11 0.18  0.0    0  3.0 13 340   M    M   5 138    17 340
 7  85  67  76   2   0  11 0.00  0.0    0  8.3 21 350   M    M   7        25  20
 8  86  69  78   4   0  13 0.00  0.0    0  3.5 10 170   M    M   7        14 350
 9  84  66  75   1   0  10    T  0.0    0  4.4 12 170   M    M   3        16 160
10  88  65  77   3   0  12 0.80  0.0    0  4.1 20 350   M    M   5 1238   26 340
11  86  69  78   4   0  13 0.07  0.0    0  7.0 17 350   M    M   5 18     24 330
12  83  63  73  -1   0   8 0.00  0.0    0 10.4 22 340   M    M   0        26 320
13  82  60  71  -2   0   6 0.65  0.0    0  4.8 18 310   M    M   4 13     22 310
14  83  63  73   0   0   8 0.01  0.0    0  4.6 15 240   M    M   4 1238   19 240
15  82  62  72  -1   0   7 0.08  0.0    0  3.2 14 340   M    M   7 138    16 340
16  85  61  73   0   0   8    T  0.0    0  1.8 12 180   M    M   3 12     14 160
17  84  64  74   1   0   9 0.13  0.0    0  3.0 14 180   M    M   6 1      16 180
18  79  68  74   1   0   9 0.09  0.0    0  5.2 15 210   M    M   7 13     20 210
19  84  66  75   2   0  10 0.38  0.0    0  4.5 15 190   M    M   7 18     19 190
20  85  69  77   4   0  12 0.01  0.0    0  5.3 23 340   M    M   6 1      27 340
21  83  67  75   2   0  10 0.00  0.0    0  4.9 10 220   M    M   4        13 360
22  82  64  73   1   0   8    T  0.0    0  3.5 13 170   M    M   7 3      16 160
23  81  68  75   3   0  10 0.29  0.0    0  3.0 13 190   M    M   7 138    16 170
24  86  65  76   4   0  11 0.00  0.0    0  7.8 16 340   M    M   3 1      21 340
25  81  62  72   0   0   7 0.00  0.0    0 11.5 20 340   M    M   2        26 330
26  81  61  71  -1   0   6 0.00  0.0    0  8.5 18 340   M    M   5        24 340
27  80  59  70  -2   0   5 0.00  0.0    0  3.8 12 350   M    M   6        15 350
28  80  57  69  -3   0   4    T  0.0    0  2.2 13 170   M    M   2 1      17 150
29  82  58  70  -1   0   5 0.00  0.0    0  3.5 13 140   M    M   1        19 140
30  77  64  71   0   0   6 0.07  0.0    0  1.9 10 160   M    M   7 1      13 170
================================================================================
SM 2522 1907         0 271  2.76     0.0 148.3          M      126
================================================================================
AV 84.1 63.6                               4.9 FASTST   M    M   4    MAX(MPH)
                                 MISC ---->  # 23 340               # 29  240
================================================================================
NOTES:
# LAST OF SEVERAL OCCURRENCES

COLUMN 17 PEAK WIND IN M.P.H.

PRELIMINARY LOCAL CLIMATOLOGICAL DATA (WS FORM: F-6) , PAGE 2

                                          STATION:  ASHEVILLE NC
                                          MONTH:    AUGUST
                                          YEAR:     2015
                                          LATITUDE:   35 25 N
                                          LONGITUDE:  82 33 W

[TEMPERATURE DATA]      [PRECIPITATION DATA]       SYMBOLS USED IN COLUMN 16

AVERAGE MONTHLY: 73.8   TOTAL FOR MONTH:   2.76    1 = FOG OR MIST
DPTR FM NORMAL:   0.8   DPTR FM NORMAL:   -1.50    2 = FOG REDUCING VISIBILITY
HIGHEST:    92 ON  4    GRTST 24HR  0.80 ON 10-10      TO 1/4 MILE OR LESS
LOWEST:     57 ON 28, 2                            3 = THUNDER
                        SNOW, ICE PELLETS, HAIL    4 = ICE PELLETS
                        TOTAL MONTH:   0.0 INCH    5 = HAIL
                        GRTST 24HR     0.0         6 = FREEZING RAIN OR DRIZZLE
                        GRTST DEPTH:   0           7 = DUSTSTORM OR SANDSTORM:
                                                       VSBY 1/2 MILE OR LESS
                                                   8 = SMOKE OR HAZE
[NO. OF DAYS WITH]      [WEATHER - DAYS WITH]      9 = BLOWING SNOW
                                                   X = TORNADO
MAX 32 OR BELOW:   0    0.01 INCH OR MORE:  12
MAX 90 OR ABOVE:   3    0.10 INCH OR MORE:   6
MIN 32 OR BELOW:   0    0.50 INCH OR MORE:   2
MIN  0 OR BELOW:   0    1.00 INCH OR MORE:   0

[HDD (BASE 65) ]
TOTAL THIS MO.     0    CLEAR  (SCALE 0-3)  11
DPTR FM NORMAL     0    PTCLDY (SCALE 4-7)  19
TOTAL FM JUL 1     0    CLOUDY (SCALE 8-10)  0
DPTR FM NORMAL     0

[CDD (BASE 65) ]
TOTAL THIS MO.   271
DPTR FM NORMAL    29    [PRESSURE DATA]
TOTAL FM JAN 1   996    HIGHEST SLP M ON M
DPTR FM NORMAL   244    LOWEST  SLP 29.74 ON  7

[REMARKS]
