000
CXUS51 KBGM 010608
CF6AVP
PRELIMINARY LOCAL CLIMATOLOGICAL DATA (WS FORM: F-6)

                                          STATION:   AVOCA PA
                                          MONTH:     JUNE
                                          YEAR:      2015
                                          LATITUDE:   41 19 N
                                          LONGITUDE:  75 44 W

  TEMPERATURE IN F:       :PCPN:    SNOW:  WIND      :SUNSHINE: SKY     :PK WND
================================================================================
1   2   3   4   5  6A  6B    7    8   9   10  11  12  13   14  15   16   17  18
                                     12Z  AVG MX 2MIN
DY MAX MIN AVG DEP HDD CDD  WTR  SNW DPTH SPD SPD DIR MIN PSBL S-S WX    SPD DR
================================================================================

 1  65  54  60  -3   5   0 0.15  0.0    M  5.9 14 330   M    M  10 138    16 330
 2  59  51  55  -9  10   0 0.20  0.0    M  2.4  8  40   M    M   9 1      10  70
 3  75  50  63  -1   2   0 0.00  0.0    M  4.7 10  40   M    M   3        16  50
 4  74  54  64   0   1   0 0.00  0.0    M  4.0 12 160   M    M   8        18 170
 5  82  57  70   6   0   5 0.00  0.0    M  3.3 13 260   M    M   8        16 230
 6  77  52  65   0   0   0 0.00  0.0    M 10.1 21 360   M    M   5        29  10
 7  77  47  62  -3   3   0 0.00  0.0    M  8.2 16 160   M    M   4        32 160
 8  82  58  70   5   0   5 1.85  0.0    M  7.3 16 240   M    M   8 13     24 190
 9  78  59  69   3   0   4 0.14  0.0    M  8.5 26 240   M    M   6 138    37 220
10  83  54  69   3   0   4 0.00  0.0    M  6.4 15 210   M    M   1 128    22 260
11  88  67  78  12   0  13 0.00  0.0    M  5.3 16 260   M    M   3 8      20 250
12  90  66  78  12   0  13 0.31  0.0    M  6.3 20 310   M    M   1 138    30 310
13  79  64  72   5   0   7 0.00  0.0    M  6.4 17 340   M    M   6 1      23 350
14  87  62  75   8   0  10 0.17  0.0    M  2.8  9 220   M    M   6 1      14 210
15  82  71  77  10   0  12 0.72  0.0    M  4.9 14 240   M    M   8 13     19 230
16  82  68  75   8   0  10 0.10  0.0    M  6.8 22 320   M    M   6 1      28 310
17  80  58  69   1   0   4 0.00  0.0    M  3.3 13 320   M    M   1        18 350
18  73  64  69   1   0   4 0.01  0.0    M  3.5 12 190   M    M  10 1      16 170
19  80  61  71   3   0   6 0.09  0.0    M  6.3 16  10   M    M   6 18     24 360
20  76  60  68   0   0   3 0.24  0.0    M  5.7 10 360   M    M   7 13     20  90
21  86  67  77   8   0  12 0.50  0.0    M  6.7 30 250   M    M   8 1      41 260
22  86  62  74   5   0   9 0.00  0.0    M  4.1 13 260   M    M   2 18     19 280
23  84  67  76   7   0  11 0.04  0.0    M  8.5 21 250   M    M   3 3      28 240
24  81  61  71   2   0   6 0.00  0.0    M  4.0 15 320   M    M   4        21 350
25  80  54  67  -3   0   2    T  0.0    M  5.0 13 230   M    M   3        20 230
26  82  60  71   1   0   6 0.00  0.0    M  4.4 13 360   M    M   3        17 300
27  69  57  63  -7   2   0 0.92  0.0    M  5.9 16  40   M    M   9 1      25 120
28  70  57  64  -6   1   0 0.35  0.0    M  7.0 17 230   M    M  10 18     27  60
29  78  59  69  -1   0   4    T  0.0    M  6.3 14 260   M    M   9        17 260
30  74  65  70   0   0   5 0.73  0.0    M  4.6 21 270   M    M   9 138    26 270
================================================================================
SM 2359 1786        24 155  6.52     0.0 168.6          M      176
================================================================================
AV 78.6 59.5                               5.6 FASTST   M    M   6    MAX(MPH)
                                 MISC ---->  # 30 250               # 41  260
================================================================================
NOTES:
# LAST OF SEVERAL OCCURRENCES

COLUMN 17 PEAK WIND IN M.P.H.

PRELIMINARY LOCAL CLIMATOLOGICAL DATA (WS FORM: F-6) , PAGE 2

                                          STATION:  AVOCA PA
                                          MONTH:    JUNE
                                          YEAR:     2015
                                          LATITUDE:   41 19 N
                                          LONGITUDE:  75 44 W

[TEMPERATURE DATA]      [PRECIPITATION DATA]       SYMBOLS USED IN COLUMN 16

AVERAGE MONTHLY: 69.1   TOTAL FOR MONTH:   6.52    1 = FOG OR MIST
DPTR FM NORMAL:   2.0   DPTR FM NORMAL:    2.49    2 = FOG REDUCING VISIBILITY
HIGHEST:    90 ON 12    GRTST 24HR  1.87 ON  8- 9      TO 1/4 MILE OR LESS
LOWEST:     47 ON  7                               3 = THUNDER
                        SNOW, ICE PELLETS, HAIL    4 = ICE PELLETS
                        TOTAL MONTH:   0.0 INCH    5 = HAIL
                        GRTST 24HR     0.0         6 = FREEZING RAIN OR DRIZZLE
                        GRTST DEPTH:  M  ON   M    7 = DUSTSTORM OR SANDSTORM:
                                                       VSBY 1/2 MILE OR LESS
                                                   8 = SMOKE OR HAZE
[NO. OF DAYS WITH]      [WEATHER - DAYS WITH]      9 = BLOWING SNOW
                                                   X = TORNADO
MAX 32 OR BELOW:   0    0.01 INCH OR MORE:  16
MAX 90 OR ABOVE:   1    0.10 INCH OR MORE:  13
MIN 32 OR BELOW:   0    0.50 INCH OR MORE:   5
MIN  0 OR BELOW:   0    1.00 INCH OR MORE:   1

[HDD (BASE 65) ]
TOTAL THIS MO.    24    CLEAR  (SCALE 0-3)   8
DPTR FM NORMAL   -30    PTCLDY (SCALE 4-7)  14
TOTAL FM JUL 1  6268    CLOUDY (SCALE 8-10)  8
DPTR FM NORMAL    13

[CDD (BASE 65) ]
TOTAL THIS MO.   155
DPTR FM NORMAL    38    [PRESSURE DATA]
TOTAL FM JAN 1   303    HIGHEST SLP 30.25 ON  4
DPTR FM NORMAL   149    LOWEST  SLP 29.62 ON  9

[REMARKS]
#FINAL-06-15#
