000
CXUS53 KMPX 271000
CF6AXN
PRELIMINARY LOCAL CLIMATOLOGICAL DATA (WS FORM: F-6)

                                          STATION:   ALEXANDRIA MN
                                          MONTH:     FEBRUARY
                                          YEAR:      2015
                                          LATITUDE:   45 52 N
                                          LONGITUDE:  95 23 W

  TEMPERATURE IN F:       :PCPN:    SNOW:  WIND      :SUNSHINE: SKY     :PK WND
================================================================================
1   2   3   4   5  6A  6B    7    8   9   10  11  12  13   14  15   16   17  18
                                     12Z  AVG MX 2MIN
DY MAX MIN AVG DEP HDD CDD  WTR  SNW DPTH SPD SPD DIR MIN PSBL S-S WX    SPD DR
================================================================================

 1  11  -3   4  -8  61   0    M    M    M 11.6 20  20   M    M   2        24  30
 2  16  -5   6  -6  59   0    M    M    M  6.1 15 190   M    M   2        18 220
 3  13   3   8  -4  57   0    M    M    M  4.1 12  90   M    M   8 18     14  70
 4   9 -10   0 -12  65   0    M    M    M  9.7 17 290   M    M   2 18     22 280
 5  20 -11   5  -7  60   0    M    M    M  9.1 21 180   M    M   1        26 190
 6  29  10  20   7  45   0    M    M    M  8.8 17 100   M    M   3 8      20 100
 7  36  20  28  15  37   0    M    M    M  8.6 17 110   M    M   1 18     22  90
 8  28  23  26  13  39   0    M    M    M  6.6 12  90   M    M   7 18     14  90
 9  28  19  24  10  41   0    M    M    M  4.4 12 120   M    M   8        13 110
10  31  19  25  11  40   0    M    M    M 13.9 28 310   M    M   9 16     34 320
11  20  -6   7  -7  58   0    M    M    M 19.5 29 330   M    M   4 18     52  70
12  12 -14  -1 -15  66   0    M    M    M  7.4 16 180   M    M   1        20 190
13  21   8  15   0  50   0    M    M    M 15.5 28 330   M    M   6        34 340
14   9 -10   0 -15  65   0    M    M    M 11.9 26 350   M    M   2        35 330
15   9  -1   4 -12  61   0    M    M    M 12.8 20 150   M    M  10 8      24 150
16  13   2   8  -8  57   0    M    M    M 11.7 21 320   M    M   7 18     26 340
17   4 -10  -3 -19  68   0    M    M    M 14.1 24 300   M    M   4 8      39  70
18  -3 -16  -9 -25  74   0    M    M    M 12.1 22 310   M    M   1 8      28 320
19  11 -20  -4 -21  69   0    M    M    M  7.3 16 150   M    M   3 18     20 150
20  27  10  19   2  46   0    M    M    M 11.8 18 170   M    M   9 18     24 140
21  11  -9   1 -17  64   0    M    M    M 12.0 22 340   M    M   5 8      27 310
22  -8 -20 -14 -32  79   0    M    M    M 10.8 18 310   M    M   0        24 330
23  31 -17   7 -11  58   0    M    M    M 16.4 29 210   M    M   2        36 200
24  30   9  20   1  45   0    M    M    M 16.0 28 320   M    M   5 18     38 340
25  12  -6   3 -16  62   0    M    M    M 11.3 18 340   M    M   6 8      27 340
26   3 -13  -5 -25  70   0    M    M    M  9.8 18 320   M    M   0        21 330
================================================================================
SM  423  -48      1496   0    M     M    283.3          M      108
================================================================================
AV 16.3 -1.8                              10.9 FASTST   M    M   4    MAX(MPH)
                                 MISC ---->  # 29 330               # 52   70
================================================================================
NOTES:
# LAST OF SEVERAL OCCURRENCES

COLUMN 17 PEAK WIND IN M.P.H.

PRELIMINARY LOCAL CLIMATOLOGICAL DATA (WS FORM: F-6) , PAGE 2

                                          STATION:  ALEXANDRIA MN
                                          MONTH:    FEBRUARY
                                          YEAR:     2015
                                          LATITUDE:   45 52 N
                                          LONGITUDE:  95 23 W

[TEMPERATURE DATA]      [PRECIPITATION DATA]       SYMBOLS USED IN COLUMN 16

AVERAGE MONTHLY:  7.2   TOTAL FOR MONTH:      M    1 = FOG OR MIST
DPTR FM NORMAL:  -8.0   DPTR FM NORMAL:       M    2 = FOG REDUCING VISIBILITY
HIGHEST:    36 ON  7    GRTST 24HR  0.10 ON  9-10      TO 1/4 MILE OR LESS
LOWEST:    -20 ON 22,19                            3 = THUNDER
                        SNOW, ICE PELLETS, HAIL    4 = ICE PELLETS
                        TOTAL MONTH:    M          5 = HAIL
                        GRTST 24HR    M  ON   M    6 = FREEZING RAIN OR DRIZZLE
                        GRTST DEPTH:  M  ON   M    7 = DUSTSTORM OR SANDSTORM:
                                                       VSBY 1/2 MILE OR LESS
                                                   8 = SMOKE OR HAZE
[NO. OF DAYS WITH]      [WEATHER - DAYS WITH]      9 = BLOWING SNOW
                                                   X = TORNADO
MAX 32 OR BELOW:  25    0.01 INCH OR MORE:   0
MAX 90 OR ABOVE:   0    0.10 INCH OR MORE:   0
MIN 32 OR BELOW:  26    0.50 INCH OR MORE:   0
MIN  0 OR BELOW:  16    1.00 INCH OR MORE:   0

[HDD (BASE 65) ]
TOTAL THIS MO.  1496    CLEAR  (SCALE 0-3)  13
DPTR FM NORMAL   201    PTCLDY (SCALE 4-7)  10
TOTAL FM JUL 1  6438    CLOUDY (SCALE 8-10)  3
DPTR FM NORMAL   -65

[CDD (BASE 65) ]
TOTAL THIS MO.     0
DPTR FM NORMAL     0    [PRESSURE DATA]
TOTAL FM JAN 1     0    HIGHEST SLP M ON M
DPTR FM NORMAL     0    LOWEST  SLP 29.54 ON  7

[REMARKS]
