000
CXUS54 KEWX 202044
CF6BAZ
PRELIMINARY LOCAL CLIMATOLOGICAL DATA (WS FORM: F-6)

                                          STATION:   NEW BRAUNFELS
                                          MONTH:     SEPTEMBER
                                          YEAR:      2017
                                          LATITUDE:   29 43 N
                                          LONGITUDE:  98  3 W

  TEMPERATURE IN F:       :PCPN:    SNOW:  WIND      :SUNSHINE: SKY     :PK WND
================================================================================
1   2   3   4   5  6A  6B    7    8   9   10  11  12  13   14  15   16   17  18
                                     12Z  AVG MX 2MIN
DY MAX MIN AVG DEP HDD CDD  WTR  SNW DPTH SPD SPD DIR MIN PSBL S-S WX    SPD DR
================================================================================

 1  94  66  80  -3   0  15 0.00    M    M  4.3 12  80   M    M   0        15  90
 2  92  65  79  -3   0  14 0.00    M    M  4.8 14 130   M    M   1 1      19 200
 3  92  67  80  -2   0  15 0.00    M    M  4.6 12 110   M    M   1        14 120
 4  92  67  80  -2   0  15 0.00    M    M  4.8 12 170   M    M   2 1      15 170
 5  95  71  83   1   0  18 0.00    M    M  4.0 13 130   M    M   2 12     16 100
 6  86  61  74  -8   0   9 0.00    M    M 12.0 24  30   M    M   1        30  30
 7  85  58  72  -9   0   7 0.00    M    M  6.9 15  70   M    M   0        19  70
 8  86  58  72  -9   0   7 0.00    M    M  6.4 14  80   M    M   0        18  80
 9  87  59  73  -8   0   8 0.00    M    M  7.1 15  40   M    M   0        21  50
10  87  62  75  -6   0  10 0.00    M    M  9.2 18  30   M    M   0        23  30
11  87  59  73  -7   0   8 0.00    M    M  7.0 17  40   M    M   1        23  30
12  92  57  75  -5   0  10 0.00    M    M  5.8 14  20   M    M   0        22  40
13  90  59  75  -5   0  10 0.00    M    M  5.4 15 220   M    M   0        19 210
14  95  67  81   1   0  16 0.00    M    M  6.9 17 150   M    M   3 1      22 150
15  92  67  80   1   0  15 0.00    M    M  6.7 16 160   M    M   4 12     22 200
16  93  72  83   4   0  18 0.00    M    M  7.1 16 170   M    M   3 1      22 160
17  93  70  82   3   0  17 0.00    M    M  6.0 13 130   M    M   4 12     16 140
18  95  73  84   6   0  19 0.00    M    M  5.6 17 140   M    M   4        21 150
19  96  74  85   7   0  20    T  0.0    0  9.9 17 160   M    M   4 18     22 160
================================================================================
SM 1729 1232         0 251    T      0.0 124.5          M       30
================================================================================
AV 91.0 64.8                               6.6 FASTST   M    M   2    MAX(MPH)
                                 MISC ---->  # 24  30               # 30   30
================================================================================
NOTES:
# LAST OF SEVERAL OCCURRENCES

COLUMN 17 PEAK WIND IN M.P.H.

PRELIMINARY LOCAL CLIMATOLOGICAL DATA (WS FORM: F-6) , PAGE 2

                                          STATION:  NEW BRAUNFELS
                                          MONTH:    SEPTEMBER
                                          YEAR:     2017
                                          LATITUDE:   29 43 N
                                          LONGITUDE:  98  3 W

[TEMPERATURE DATA]      [PRECIPITATION DATA]       SYMBOLS USED IN COLUMN 16

AVERAGE MONTHLY: 77.9   TOTAL FOR MONTH:      T    1 = FOG OR MIST
DPTR FM NORMAL:  -2.6   DPTR FM NORMAL:   -2.10    2 = FOG REDUCING VISIBILITY
HIGHEST:    96 ON 19    GRTST 24HR    T  ON 19-19      TO 1/4 MILE OR LESS
LOWEST:     57 ON 12                               3 = THUNDER
                        SNOW, ICE PELLETS, HAIL    4 = ICE PELLETS
                        TOTAL MONTH:   0.0 INCH    5 = HAIL
                        GRTST 24HR     0.0         6 = FREEZING RAIN OR DRIZZLE
                        GRTST DEPTH:   0           7 = DUSTSTORM OR SANDSTORM:
                                                       VSBY 1/2 MILE OR LESS
                                                   8 = SMOKE OR HAZE
[NO. OF DAYS WITH]      [WEATHER - DAYS WITH]      9 = BLOWING SNOW
                                                   X = TORNADO
MAX 32 OR BELOW:   0    0.01 INCH OR MORE:   0
MAX 90 OR ABOVE:  13    0.10 INCH OR MORE:   0
MIN 32 OR BELOW:   0    0.50 INCH OR MORE:   0
MIN  0 OR BELOW:   0    1.00 INCH OR MORE:   0

[HDD (BASE 65) ]
TOTAL THIS MO.     0    CLEAR  (SCALE 0-3)  14
DPTR FM NORMAL     0    PTCLDY (SCALE 4-7)   5
TOTAL FM JUL 1     0    CLOUDY (SCALE 8-10)  0
DPTR FM NORMAL     0

[CDD (BASE 65) ]
TOTAL THIS MO.   251
DPTR FM NORMAL   -44    [PRESSURE DATA]
TOTAL FM JAN 1  2894    HIGHEST SLP M ON M
DPTR FM NORMAL   333    LOWEST  SLP 29.70 ON 13

[REMARKS]
