000
CXUS54 KEWX 270910
CF6BAZ
PRELIMINARY LOCAL CLIMATOLOGICAL DATA (WS FORM: F-6)

                                          STATION:   NEW BRAUNFELS
                                          MONTH:     JULY
                                          YEAR:      2017
                                          LATITUDE:   29 43 N
                                          LONGITUDE:  98  3 W

  TEMPERATURE IN F:       :PCPN:    SNOW:  WIND      :SUNSHINE: SKY     :PK WND
================================================================================
1   2   3   4   5  6A  6B    7    8   9   10  11  12  13   14  15   16   17  18
                                     12Z  AVG MX 2MIN
DY MAX MIN AVG DEP HDD CDD  WTR  SNW DPTH SPD SPD DIR MIN PSBL S-S WX    SPD DR
================================================================================

 1  96  78  87   4   0  22 0.00    M    M 11.4 21 150   M    M   6 8      28 160
 2  98  78  88   5   0  23 0.00    M    M 10.1 18 160   M    M   5 1      24 160
 3  97  75  86   3   0  21 0.00    M    M 10.6 20 170   M    M   5 1      24 160
 4  99  77  88   5   0  23 0.00    M    M 11.3 18 160   M    M   3        24 190
 5  98  73  86   3   0  21 0.00    M    M  7.7 20 150   M    M   4 1      23 170
 6  98  72  85   2   0  20 0.20    M    M  4.8 20 150   M    M   4 13     24 160
 7  97  71  84   1   0  19 0.04    M    M  4.9 24 160   M    M   2 13     30 150
 8  98  70  84   1   0  19 0.00    M    M  7.0 18 170   M    M   0        23 170
 9  99  72  86   3   0  21 0.00    M    M  7.5 18 180   M    M   0        23 170
10  99  70  85   2   0  20 0.00    M    M 10.3 18 180   M    M   0        23 200
11 100  74  87   4   0  22 0.00    M    M 10.6 23 180   M    M   3 1      28 170
12  97  73  85   2   0  20 0.00    M    M  8.8 21 180   M    M   3        26 220
13 100  72  86   2   0  21 0.00    M    M  6.5 24 230   M    M   3 1      29 220
14 100  72  86   2   0  21 0.00    M    M  4.9 14 170   M    M   2 1      17 170
15 104  72  88   4   0  23 0.01    M    M  4.5 29  50   M    M   2 3      36  40
16  98  67  83  -1   0  18    T    M    M  6.1 18  60   M    M   1        23  50
17  98  73  86   2   0  21 0.00    M    M  6.6 18 130   M    M   3        24 120
18  98  71  85   1   0  20 0.00    M    M  7.9 16 160   M    M   2        25 140
19 100  72  86   2   0  21 0.00    M    M  7.3 20 130   M    M   4        24 130
20 102  74  88   4   0  23 0.00    M    M  7.8 20 170   M    M   3 1      23 160
21 101  72  87   3   0  22 0.00    M    M  9.1 21 170   M    M   1 1      24 170
22 103  73  88   4   0  23 0.00    M    M  9.7 22 150   M    M   1 1      26 150
23 102  72  87   3   0  22 0.00    M    M  8.0 24 320   M    M   1 1      30 320
24 101  75  88   4   0  23 0.00    M    M 11.6 24 150   M    M   2        28 150
25 101  78  90   6   0  25 0.00    M    M 12.4 22 150   M    M   5        28 160
26 102  73  88   4   0  23 0.00  0.0    0  9.6 32 180   M    M   1 1      39 170
================================================================================
SM 2586 1899         0 557  0.25     0.0 217.0          M       66
================================================================================
AV 99.5 73.0                               8.3 FASTST   M    M   3    MAX(MPH)
                                 MISC ---->  # 32 180               # 39  170
================================================================================
NOTES:
# LAST OF SEVERAL OCCURRENCES

COLUMN 17 PEAK WIND IN M.P.H.

PRELIMINARY LOCAL CLIMATOLOGICAL DATA (WS FORM: F-6) , PAGE 2

                                          STATION:  NEW BRAUNFELS
                                          MONTH:    JULY
                                          YEAR:     2017
                                          LATITUDE:   29 43 N
                                          LONGITUDE:  98  3 W

[TEMPERATURE DATA]      [PRECIPITATION DATA]       SYMBOLS USED IN COLUMN 16

AVERAGE MONTHLY: 86.3   TOTAL FOR MONTH:   0.25    1 = FOG OR MIST
DPTR FM NORMAL:   2.7   DPTR FM NORMAL:   -2.00    2 = FOG REDUCING VISIBILITY
HIGHEST:   104 ON 15    GRTST 24HR  0.20 ON  6- 6      TO 1/4 MILE OR LESS
LOWEST:     67 ON 16                               3 = THUNDER
                        SNOW, ICE PELLETS, HAIL    4 = ICE PELLETS
                        TOTAL MONTH:   0.0 INCH    5 = HAIL
                        GRTST 24HR     0.0         6 = FREEZING RAIN OR DRIZZLE
                        GRTST DEPTH:   0           7 = DUSTSTORM OR SANDSTORM:
                                                       VSBY 1/2 MILE OR LESS
                                                   8 = SMOKE OR HAZE
[NO. OF DAYS WITH]      [WEATHER - DAYS WITH]      9 = BLOWING SNOW
                                                   X = TORNADO
MAX 32 OR BELOW:   0    0.01 INCH OR MORE:   3
MAX 90 OR ABOVE:  26    0.10 INCH OR MORE:   1
MIN 32 OR BELOW:   0    0.50 INCH OR MORE:   0
MIN  0 OR BELOW:   0    1.00 INCH OR MORE:   0

[HDD (BASE 65) ]
TOTAL THIS MO.     0    CLEAR  (SCALE 0-3)  17
DPTR FM NORMAL     0    PTCLDY (SCALE 4-7)   9
TOTAL FM JUL 1     0    CLOUDY (SCALE 8-10)  0
DPTR FM NORMAL     0

[CDD (BASE 65) ]
TOTAL THIS MO.   557
DPTR FM NORMAL    76    [PRESSURE DATA]
TOTAL FM JAN 1  1918    HIGHEST SLP M ON M
DPTR FM NORMAL   346    LOWEST  SLP 29.79 ON M

[REMARKS]
