000
CXUS55 KLBF 231200
CF6BBW
PRELIMINARY LOCAL CLIMATOLOGICAL DATA (WS FORM: F-6)

                                          STATION:   BROKEN BOW
                                          MONTH:     JULY
                                          YEAR:      2016
                                          LATITUDE:   41 26 N
                                          LONGITUDE:  99 39 W

  TEMPERATURE IN F:       :PCPN:    SNOW:  WIND      :SUNSHINE: SKY     :PK WND
================================================================================
1   2   3   4   5  6A  6B    7    8   9   10  11  12  13   14  15   16   17  18
                                     12Z  AVG MX 2MIN
DY MAX MIN AVG DEP HDD CDD  WTR  SNW DPTH SPD SPD DIR MIN PSBL S-S WX    SPD DR
================================================================================

 1  71  55  63 -10   2   0 0.41    M    M  9.2 18 100   M    M   5 1      26 100
 2  61  54  58 -15   7   0 0.11    M    M  9.2 18 110   M    M  10 1      27 100
 3  68  60  64  -9   1   0 0.00    M    M  6.8 13 160   M    M  10 1      18 180
 4  86  62  74   1   0   9 0.00    M    M  6.9 15 190   M    M   6 1      22 190
 5  92  66  79   5   0  14    T    M    M  6.0 16 310   M    M   0 13     22 310
 6  88  62  75   1   0  10 0.75    M    M  9.4 44 360   M    M   1 13     60 360
 7  84  59  72  -2   0   7 0.00    M    M  8.6 25 340   M    M   1 3      29 350
 8  83  56  70  -4   0   5 0.00    M    M  6.9 16 130   M    M   1        25 120
 9  90  65  78   4   0  13 0.00    M    M 10.9 24 180   M    M   0 1      31 180
10  94  71  83   9   0  18 0.00    M    M 16.9 26 160   M    M   0        36 150
11  87  57  72  -2   0   7 0.00    M    M 11.6 26 170   M    M   1        36 190
12  86  49  68  -6   0   3 0.00    M    M  7.3 16 180   M    M   M        20 200
13  86  58  72  -2   0   7 0.05    M    M  8.3 29 220   M    M   M        39 180
14  85  57  71  -3   0   6 0.01    M    M  4.5 14 360   M    M   1 8      19  20
15  75  56  66  -8   0   1 0.92    M    M  7.6 26  10   M    M   3 13     32 360
16  82  58  70  -5   0   5 0.00    M    M 12.7 32 170   M    M   4 1      38 160
17  81  63  72  -3   0   7 0.00    M    M  6.9 17 360   M    M   3        24 110
18  84  68  76   1   0  11 0.07    M    M  9.1 25 270   M    M   5 13     35 260
19  91  66  79   4   0  14 0.29    M    M 11.7 30 290   M    M   1 13     41 310
20  92  69  81   6   0  16    T    M    M  8.5 22 190   M    M   0        28 200
21  94  67  81   6   0  16    T    M    M  5.1 13 230   M    M   0 3      17 230
22  94  71  83   8   0  18 0.01    M    M  5.9 25 310   M    M   0 13     31 300
================================================================================
SM 1854 1349        10 187  2.62    M    190.0          M       52
================================================================================
AV 84.3 61.3                               8.6 FASTST   M    M   3    MAX(MPH)
                                 MISC ---->  # 44 360               # 60  360
================================================================================
NOTES:
# LAST OF SEVERAL OCCURRENCES

COLUMN 17 PEAK WIND IN M.P.H.

PRELIMINARY LOCAL CLIMATOLOGICAL DATA (WS FORM: F-6) , PAGE 2

                                          STATION:  BROKEN BOW
                                          MONTH:    JULY
                                          YEAR:     2016
                                          LATITUDE:   41 26 N
                                          LONGITUDE:  99 39 W

[TEMPERATURE DATA]      [PRECIPITATION DATA]       SYMBOLS USED IN COLUMN 16

AVERAGE MONTHLY: 72.8   TOTAL FOR MONTH:   2.62    1 = FOG OR MIST
DPTR FM NORMAL:  -1.3   DPTR FM NORMAL:    0.55    2 = FOG REDUCING VISIBILITY
HIGHEST:    94 ON 22,21 GRTST 24HR  0.92 ON 15-15      TO 1/4 MILE OR LESS
LOWEST:     49 ON 12                               3 = THUNDER
                        SNOW, ICE PELLETS, HAIL    4 = ICE PELLETS
                        TOTAL MONTH:    M          5 = HAIL
                        GRTST 24HR    M  ON   M    6 = FREEZING RAIN OR DRIZZLE
                        GRTST DEPTH:  M  ON   M    7 = DUSTSTORM OR SANDSTORM:
                                                       VSBY 1/2 MILE OR LESS
                                                   8 = SMOKE OR HAZE
[NO. OF DAYS WITH]      [WEATHER - DAYS WITH]      9 = BLOWING SNOW
                                                   X = TORNADO
MAX 32 OR BELOW:   0    0.01 INCH OR MORE:   9
MAX 90 OR ABOVE:   7    0.10 INCH OR MORE:   5
MIN 32 OR BELOW:   0    0.50 INCH OR MORE:   2
MIN  0 OR BELOW:   0    1.00 INCH OR MORE:   0

[HDD (BASE 65) ]
TOTAL THIS MO.    10    CLEAR  (SCALE 0-3)  14
DPTR FM NORMAL    10    PTCLDY (SCALE 4-7)   4
TOTAL FM JUL 1    10    CLOUDY (SCALE 8-10)  2
DPTR FM NORMAL    10

[CDD (BASE 65) ]
TOTAL THIS MO.   187
DPTR FM NORMAL   -16    [PRESSURE DATA]
TOTAL FM JAN 1   459    HIGHEST SLP M ON M
DPTR FM NORMAL    70    LOWEST  SLP 29.43 ON 11

[REMARKS]
