000
CXUS53 KIWX 290800
CF6BEH
PRELIMINARY LOCAL CLIMATOLOGICAL DATA (WS FORM: F-6)

                                          STATION:   BENTON HARBOR
                                          MONTH:     SEPTEMBER
                                          YEAR:      2016
                                          LATITUDE:   42  7 N
                                          LONGITUDE:  86 26 W

  TEMPERATURE IN F:       :PCPN:    SNOW:  WIND      :SUNSHINE: SKY     :PK WND
================================================================================
1   2   3   4   5  6A  6B    7    8   9   10  11  12  13   14  15   16   17  18
                                     12Z  AVG MX 2MIN
DY MAX MIN AVG DEP HDD CDD  WTR  SNW DPTH SPD SPD DIR MIN PSBL S-S WX    SPD DR
================================================================================

 1  74  57  66  -3   0   1 0.00  0.0    0  3.7 12 360   M    M   2        19 330
 2  77  53  65  -4   0   0 0.00  0.0    0  4.2 13  80   M    M   1        17  80
 3  74  51  63  -5   2   0 0.00  0.0    0  2.7  9 290   M    M   0 1      12 320
 4  81  54  68   0   0   3 0.00  0.0    0  4.9 14 130   M    M   0        17 130
 5  88  62  75   7   0  10 0.00  0.0    0  7.1 15 190   M    M   2        19 180
 6  90  74  82  14   0  17 0.00  0.0    0  8.6 15 200   M    M   3        22 220
 7  91  79  85  18   0  20    T  0.0    M 10.9 22 230   M    M   3        29 240
 8  79  69  74   7   0   9 0.11  0.0    0  8.2 18 250   M    M   7 12     25 240
 9  80  62  71   4   0   6 0.14  0.0    0  4.5 17 110   M    M   6 12     23 130
10  72  64  68   2   0   3 0.33  0.0    0  8.5 23 280   M    M   8 13     32 280
11  72  54  63  -3   2   0 0.00  0.0    0  4.6 13 270   M    M   1        16 270
12  77  55  66   0   0   1 0.00  0.0    0  6.8 15 140   M    M   0        21 140
13  81  59  70   5   0   5 0.00  0.0    0  5.3 14 240   M    M   2        20 220
14  75  57  66   1   0   1 0.04  0.0    0  4.3 14 110   M    M   4 1      17 100
15  77  55  66   2   0   1 0.00  0.0    0  6.2 13 130   M    M   0        17 130
16  83  59  71   7   0   6 0.00  0.0    0  8.7 17 170   M    M   1        23 160
17  77  62  70   6   0   5 0.22  0.0    0  7.3 15 250   M    M   6 1      20 230
18  73  55  64   1   1   0 0.00  0.0    0  1.9 10 290   M    M   1 12     15 290
19  85  53  69   6   0   4 0.00  0.0    0  5.3 16 240   M    M   0 1      20 230
20  84  58  71   9   0   6 0.00  0.0    0  3.9 13  80   M    M   2        17 100
21  82  58  70   8   0   5 0.00  0.0    0  5.2 18 110   M    M   2 1      22 110
22  84  62  73  11   0   8 0.00  0.0    0  3.3 14 220   M    M   0 18     17 220
23  78  62  70   9   0   5 0.10  0.0    0  4.1 13  70   M    M   8 18     17  70
24  75  58  67   6   0   2 0.00  0.0    0  7.7 14 120   M    M   4        19 100
25  83  60  72  12   0   7 0.05  0.0    0  9.7 18 260   M    M   3 3      24 250
26  70  60  65   5   0   0 0.10  0.0    0 17.4 28 260   M    M   4 1      36 280
27  70  51  61   1   4   0 0.00  0.0    0 16.1 31 260   M    M   1        41 270
28  67  52  60   1   5   0 0.05  0.0    0  4.3 14  80   M    M   9        19  80
================================================================================
SM 2199 1655        14 125  1.14     0.0 185.4          M       80
================================================================================
AV 78.5 59.1                               6.6 FASTST   M    M   3    MAX(MPH)
                                 MISC ---->  # 31 260               # 41  270
================================================================================
NOTES:
# LAST OF SEVERAL OCCURRENCES

COLUMN 17 PEAK WIND IN M.P.H.

PRELIMINARY LOCAL CLIMATOLOGICAL DATA (WS FORM: F-6) , PAGE 2

                                          STATION:  BENTON HARBOR
                                          MONTH:    SEPTEMBER
                                          YEAR:     2016
                                          LATITUDE:   42  7 N
                                          LONGITUDE:  86 26 W

[TEMPERATURE DATA]      [PRECIPITATION DATA]       SYMBOLS USED IN COLUMN 16

AVERAGE MONTHLY: 68.8   TOTAL FOR MONTH:   1.14    1 = FOG OR MIST
DPTR FM NORMAL:   4.4   DPTR FM NORMAL:   -2.55    2 = FOG REDUCING VISIBILITY
HIGHEST:    91 ON  7    GRTST 24HR  0.46 ON  9-10      TO 1/4 MILE OR LESS
LOWEST:     51 ON 27, 3                            3 = THUNDER
                        SNOW, ICE PELLETS, HAIL    4 = ICE PELLETS
                        TOTAL MONTH:   0.0 INCH    5 = HAIL
                        GRTST 24HR     0.0         6 = FREEZING RAIN OR DRIZZLE
                        GRTST DEPTH:   0           7 = DUSTSTORM OR SANDSTORM:
                                                       VSBY 1/2 MILE OR LESS
                                                   8 = SMOKE OR HAZE
[NO. OF DAYS WITH]      [WEATHER - DAYS WITH]      9 = BLOWING SNOW
                                                   X = TORNADO
MAX 32 OR BELOW:   0    0.01 INCH OR MORE:   9
MAX 90 OR ABOVE:   2    0.10 INCH OR MORE:   6
MIN 32 OR BELOW:   0    0.50 INCH OR MORE:   0
MIN  0 OR BELOW:   0    1.00 INCH OR MORE:   0

[HDD (BASE 65) ]
TOTAL THIS MO.    14    CLEAR  (SCALE 0-3)  18
DPTR FM NORMAL   -89    PTCLDY (SCALE 4-7)   8
TOTAL FM JUL 1    22    CLOUDY (SCALE 8-10)  2
DPTR FM NORMAL  -113

[CDD (BASE 65) ]
TOTAL THIS MO.   125
DPTR FM NORMAL    39    [PRESSURE DATA]
TOTAL FM JAN 1   882    HIGHEST SLP M ON M
DPTR FM NORMAL   124    LOWEST  SLP 29.73 ON 27

[REMARKS]
