000
CXUS53 KIWX 280800
CF6BEH
PRELIMINARY LOCAL CLIMATOLOGICAL DATA (WS FORM: F-6)

                                          STATION:   BENTON HARBOR
                                          MONTH:     JULY
                                          YEAR:      2017
                                          LATITUDE:   42  7 N
                                          LONGITUDE:  86 26 W

  TEMPERATURE IN F:       :PCPN:    SNOW:  WIND      :SUNSHINE: SKY     :PK WND
================================================================================
1   2   3   4   5  6A  6B    7    8   9   10  11  12  13   14  15   16   17  18
                                     12Z  AVG MX 2MIN
DY MAX MIN AVG DEP HDD CDD  WTR  SNW DPTH SPD SPD DIR MIN PSBL S-S WX    SPD DR
================================================================================

 1  81  66  74   2   0   9    T  0.0    0  6.2 15 280   M    M   1 123    20 280
 2  85  56  71  -1   0   6 0.06  0.0    0  6.4 18 240   M    M   2 13     23 250
 3  81  63  72   0   0   7 0.07  0.0    0  3.6 18 270   M    M   4 138    26 270
 4  85  62  74   1   0   9 0.00  0.0    0  6.5 14 110   M    M   1 8      19 130
 5  86  60  73   0   0   8 0.00  0.0    0  4.6 13 140   M    M   0 8      16 140
 6  86  60  73   0   0   8 0.00  0.0    0  3.9 13 270   M    M   0 18     16 280
 7  81  67  74   1   0   9 0.14  0.0    0  7.0 25 300   M    M   4 3      41 290
 8  71  53  62 -11   3   0 0.00  0.0    0  5.6 14 280   M    M   2        21 290
 9  83  52  68  -5   0   3    T  0.0    0  6.4 15 260   M    M   1        19 260
10  81  67  74   1   0   9 0.43  0.0    0  5.2 17 110   M    M   5 13     22 110
11  83  68  76   3   0  11 0.00  0.0    0  4.0 12 280   M    M   6 18     15 250
12  82  68  75   2   0  10 2.37  0.0    0  7.3 32 270   M    M   4 13     54 320
13  79  67  73   0   0   8 0.20  0.0    0  8.5 28 230   M    M   1 138    37 240
14  71  63  67  -6   0   2 0.00  0.0    0  5.1 12 270   M    M   9 12     19 330
15  77  58  68  -5   0   3 0.00  0.0    0  3.8 13 270   M    M   2 1      17 270
16  73  60  67  -6   0   2 0.00  0.0    0  5.6 16 230   M    M   5        24 220
17  75  53  64  -9   1   0 0.00  0.0    0  2.6 10 290   M    M   1 12     14 270
18  83  57  70  -3   0   5 0.00  0.0    0  2.0  9 220   M    M   0 1      13 280
19  81  64  73   0   0   8 0.00  0.0    0  4.2 20 260   M    M   0        24 260
20  83  67  75   2   0  10 0.28  0.0    0  7.3 28 160   M    M   1 13     34 170
21  89  64  77   4   0  12 0.27  0.0    0  3.7 13 110   M    M   3 138    17 100
22  78  68  73   0   0   8 0.20  0.0    0  5.5 17 160   M    M   5 1      21 170
23  83  66  75   2   0  10    T  0.0    0  3.4 16 270   M    M   5 12     20 260
24  74  60  67  -5   0   2 0.00  0.0    0  4.5 10 310   M    M   5        19 310
25  80  55  68  -4   0   3 0.00  0.0    0  3.4 13 130   M    M   0 1      17 150
26  84  61  73   1   0   8 0.00  0.0    0  4.8 12 220   M    M   0        16 170
27  83  68  76   4   0  11 0.00  0.0    0  3.8 10 360   M    M   2 1      20 350
================================================================================
SM 2178 1673         4 181  4.02     0.0 134.9          M       69
================================================================================
AV 80.7 62.0                               5.0 FASTST   M    M   3    MAX(MPH)
                                 MISC ---->  # 32 270               # 54  320
================================================================================
NOTES:
# LAST OF SEVERAL OCCURRENCES

COLUMN 17 PEAK WIND IN M.P.H.

PRELIMINARY LOCAL CLIMATOLOGICAL DATA (WS FORM: F-6) , PAGE 2

                                          STATION:  BENTON HARBOR
                                          MONTH:    JULY
                                          YEAR:     2017
                                          LATITUDE:   42  7 N
                                          LONGITUDE:  86 26 W

[TEMPERATURE DATA]      [PRECIPITATION DATA]       SYMBOLS USED IN COLUMN 16

AVERAGE MONTHLY: 71.3   TOTAL FOR MONTH:   4.02    1 = FOG OR MIST
DPTR FM NORMAL:  -1.4   DPTR FM NORMAL:    1.09    2 = FOG REDUCING VISIBILITY
HIGHEST:    89 ON 21    GRTST 24HR  2.37 ON 12-12      TO 1/4 MILE OR LESS
LOWEST:     52 ON  9                               3 = THUNDER
                        SNOW, ICE PELLETS, HAIL    4 = ICE PELLETS
                        TOTAL MONTH:   0.0 INCH    5 = HAIL
                        GRTST 24HR     0.0         6 = FREEZING RAIN OR DRIZZLE
                        GRTST DEPTH:   0           7 = DUSTSTORM OR SANDSTORM:
                                                       VSBY 1/2 MILE OR LESS
                                                   8 = SMOKE OR HAZE
[NO. OF DAYS WITH]      [WEATHER - DAYS WITH]      9 = BLOWING SNOW
                                                   X = TORNADO
MAX 32 OR BELOW:   0    0.01 INCH OR MORE:   9
MAX 90 OR ABOVE:   0    0.10 INCH OR MORE:   7
MIN 32 OR BELOW:   0    0.50 INCH OR MORE:   1
MIN  0 OR BELOW:   0    1.00 INCH OR MORE:   1

[HDD (BASE 65) ]
TOTAL THIS MO.     4    CLEAR  (SCALE 0-3)  17
DPTR FM NORMAL     2    PTCLDY (SCALE 4-7)   9
TOTAL FM JUL 1     4    CLOUDY (SCALE 8-10)  1
DPTR FM NORMAL     2

[CDD (BASE 65) ]
TOTAL THIS MO.   181
DPTR FM NORMAL   -35    [PRESSURE DATA]
TOTAL FM JAN 1   391    HIGHEST SLP M ON M
DPTR FM NORMAL   -44    LOWEST  SLP 29.70 ON 22

[REMARKS]
