000
CXAK56 PAFC 211339 RRA
CF6BET

PRELIMINARY LOCAL CLIMATOLOGICAL DATA (WS FORM: F-6)

                                          STATION:   BETHEL
                                          MONTH:     JANUARY
                                          YEAR:      2018
                                          LATITUDE:   60 46 N
                                          LONGITUDE: 161 48 W

  TEMPERATURE IN F:       :PCPN:    SNOW:  WIND      :SUNSHINE: SKY     :PK WND
================================================================================
1   2   3   4   5  6A  6B    7    8   9   10  11  12  13   14  15   16   17  18
                                     12Z  AVG MX 2MIN
DY MAX MIN AVG DEP HDD CDD  WTR  SNW DPTH SPD SPD DIR MIN PSBL S-S WX    SPD DR
================================================================================

 1  33  14  24  17  41   0 0.11  1.1    3 15.4 24  20   M    M   4        37  30
 2  21  15  18  11  47   0 0.05    T    3 11.0 23  30   M    M   9 1      31  20
 3  27  18  23  16  42   0 0.01  0.1    3  6.2 15 220   M    M  10 1       M  M
 4  27  14  21  14  44   0 0.00  0.0    4  8.8 14  60   M    M   5 1       M  M
 5  32  21  27  20  38   0 0.00  0.0    3 13.2 20  30   M    M   5        30  60
 6  35  20  28  22  37   0 0.02  0.0    2 12.4 18 160   M    M   9 1       M  M
 7  34  25  30  24  35   0 0.02  0.0    2  5.5  9  30   M    M  10 12      M  M
 8  28   8  18  12  47   0 0.00  0.0    2 18.0 28  30   M    M   3 1      33  30
 9   8   4   6   0  59   0 0.00  0.0    2 18.0 21  40   M    M   5         M  M
10   9   3   6   0  59   0 0.00  0.0    2 14.5 21  40   M    M   4 8      24  40
11  19   4  12   6  53   0 0.00  0.0    2 14.8 17  40   M    M   2         M  M
12  20  12  16  10  49   0 0.00  0.0    2 16.1 24  40   M    M   5        30  40
13  22  13  18  12  47   0    T    T    2 20.1 28  30   M    M   6        43  30
14  38  21  30  24  35   0 0.07  0.0    2 13.8 20 140   M    M   6        33 150
15  36  29  33  27  32   0 0.01    T    1 12.1 21 140   M    M   9        27 150
16  30  21  26  20  39   0 0.00  0.0    1  7.2 13 310   M    M   3         M  M
17  28  17  23  17  42   0    T    T    1 19.3 28 330   M    M  10 1      34 330
18  20  11  16  10  49   0    T    T    1 13.8 22 360   M    M  10 1      27 320
19  15   1   8   2  57   0 0.00  0.0    1 17.3 25 350   M    M   2        31 340
20   4  -4   0  -6  65   0    T    T    1 11.3 15 340   M    M   4 8       M  M
================================================================================
SM  486  267       917   0  0.29     1.2 268.8          M      121
================================================================================
AV 24.3 13.4                              13.4 FASTST   M    M   6    MAX(MPH)
                                 MISC ---->  # 28  30               # 43   30
================================================================================
NOTES:
# LAST OF SEVERAL OCCURRENCES

COLUMN 17 PEAK WIND IN M.P.H.

PRELIMINARY LOCAL CLIMATOLOGICAL DATA (WS FORM: F-6) , PAGE 2

                                          STATION:  BETHEL
                                          MONTH:    JANUARY
                                          YEAR:     2018
                                          LATITUDE:   60 46 N
                                          LONGITUDE: 161 48 W

[TEMPERATURE DATA]      [PRECIPITATION DATA]       SYMBOLS USED IN COLUMN 16

AVERAGE MONTHLY: 18.8   TOTAL FOR MONTH:   0.29    1 = FOG OR MIST
DPTR FM NORMAL:  12.6   DPTR FM NORMAL:   -0.24    2 = FOG REDUCING VISIBILITY
HIGHEST:    38 ON 14    GRTST 24HR  0.11 ON  1- 1      TO 1/4 MILE OR LESS
LOWEST:     -4 ON 20                               3 = THUNDER
                        SNOW, ICE PELLETS, HAIL    4 = ICE PELLETS
                        TOTAL MONTH:   1.2 INCHES  5 = HAIL
                        GRTST 24HR   1.1 ON  1- 1  6 = FREEZING RAIN OR DRIZZLE
                        GRTST DEPTH:   4 ON  4     7 = DUSTSTORM OR SANDSTORM:
                                                       VSBY 1/2 MILE OR LESS
                                                   8 = SMOKE OR HAZE
[NO. OF DAYS WITH]      [WEATHER - DAYS WITH]      9 = BLOWING SNOW
                                                   X = TORNADO
MAX 32 OR BELOW:  15    0.01 INCH OR MORE:   7
MAX 90 OR ABOVE:   0    0.10 INCH OR MORE:   1
MIN 32 OR BELOW:  20    0.50 INCH OR MORE:   0
MIN  0 OR BELOW:   1    1.00 INCH OR MORE:   0

[HDD (BASE 65) ]
TOTAL THIS MO.   917    CLEAR  (SCALE 0-3)   3
DPTR FM NORMAL  -258    PTCLDY (SCALE 4-7)  10
TOTAL FM JUL 1  5319    CLOUDY (SCALE 8-10)  7
DPTR FM NORMAL -1273

[CDD (BASE 65) ]
TOTAL THIS MO.     0
DPTR FM NORMAL     0    [PRESSURE DATA]
TOTAL FM JAN 1     0    HIGHEST SLP M ON M
DPTR FM NORMAL     0    LOWEST  SLP 29.16 ON 12

[REMARKS]
