000
CXUS55 KCTP 261131
CF6BFD
PRELIMINARY LOCAL CLIMATOLOGICAL DATA (WS FORM: F-6)

                                          STATION:   BRADFORD
                                          MONTH:     FEBRUARY
                                          YEAR:      2017
                                          LATITUDE:   41 47 N
                                          LONGITUDE:  78 38 W

  TEMPERATURE IN F:       :PCPN:    SNOW:  WIND      :SUNSHINE: SKY     :PK WND
================================================================================
1   2   3   4   5  6A  6B    7    8   9   10  11  12  13   14  15   16   17  18
                                     12Z  AVG MX 2MIN
DY MAX MIN AVG DEP HDD CDD  WTR  SNW DPTH SPD SPD DIR MIN PSBL S-S WX    SPD DR
================================================================================

 1  31  17  24   2  41   0 0.08    M    M  8.5 24 280   M    M   7 128    37 250
 2  26  14  20  -2  45   0 0.02    M    M  9.3 22 280   M    M   8 18     30 280
 3  18  11  15  -7  50   0    T    M    M 10.2 23 310   M    M  10 18     30 320
 4  26  11  19  -3  46   0    T    M    M  7.6 18 300   M    M   6 18     25 300
 5  33  19  26   4  39   0 0.01    M    M  9.4 22 280   M    M  10 1      30 300
 6  41  18  30   8  35   0 0.00    M    M  6.0 16 310   M    M   6        20 220
 7  52  28  40  18  25   0 1.04    M    M  7.2 18 230   M    M  10 12     30 230
 8  51  24  38  15  27   0 0.01    M    M 10.8 24 300   M    M  10 1      39 270
 9  24  12  18  -5  47   0 0.09    M    M 13.8 25 320   M    M   9 18     33 330
10  30  12  21  -2  44   0 0.01    M    M  9.4 20 290   M    M  10 128    30 300
11  42  30  36  13  29   0    T    M    M  5.2 14 280   M    M   7 1      22 270
12  38  25  32   9  33   0 0.57    M    M 10.8 36 300   M    M  10 12     49 300
13  24  18  21  -2  44   0 0.01    M    M 15.7 29 300   M    M  10 12     41 310
14  42   8  25   2  40   0 0.00    M    M  5.9 16 220   M    M   3 1      27 240
15  37  20  29   5  36   0 0.08    M    M 12.4 22 310   M    M   9 1      31 290
16  21  18  20  -4  45   0    T    M    M 13.3 28 310   M    M  10 18     36 300
17  40  13  27   3  38   0    T    M    M  3.0 10 310   M    M   2 18     14 330
18  62  38  50  26  15   0 0.00    M    M  8.2 18 280   M    M   1        29 240
19  57  36  47  23  18   0 0.00    M    M  9.3 23 300   M    M   0        32 310
20  51  28  40  16  25   0 0.00    M    M  4.9 14 340   M    M   0        19 340
21  50  33  42  17  23   0 0.00    M    M  8.5 15 150   M    M   1        22 150
22  58  39  49  24  16   0 0.10    M    M  2.9 12 250   M    M   9 12     16 210
23  60  46  53  28  12   0    T    M    M  4.9 14 210   M    M   8 12     20 210
24  69  47  58  33   7   0 0.05    M    M  6.1 18 220   M    M   5 12     29 230
25  60  24  42  17  23   0 0.44    M    M 12.6 24 270   M    M   9 1      34 260
================================================================================
SM 1043  589       803   0  2.51    M    215.9          M      170
================================================================================
AV 41.7 23.6                               8.6 FASTST   M    M   7    MAX(MPH)
                                 MISC ---->  # 36 300               # 49  300
================================================================================
NOTES:
# LAST OF SEVERAL OCCURRENCES

COLUMN 17 PEAK WIND IN M.P.H.

PRELIMINARY LOCAL CLIMATOLOGICAL DATA (WS FORM: F-6) , PAGE 2

                                          STATION:  BRADFORD
                                          MONTH:    FEBRUARY
                                          YEAR:     2017
                                          LATITUDE:   41 47 N
                                          LONGITUDE:  78 38 W

[TEMPERATURE DATA]      [PRECIPITATION DATA]       SYMBOLS USED IN COLUMN 16

AVERAGE MONTHLY: 32.6   TOTAL FOR MONTH:   2.51    1 = FOG OR MIST
DPTR FM NORMAL:   9.3   DPTR FM NORMAL:    0.44    2 = FOG REDUCING VISIBILITY
HIGHEST:    69 ON 24    GRTST 24HR  1.04 ON  7- 7      TO 1/4 MILE OR LESS
LOWEST:      8 ON 14                               3 = THUNDER
                        SNOW, ICE PELLETS, HAIL    4 = ICE PELLETS
                        TOTAL MONTH:    M          5 = HAIL
                        GRTST 24HR    M  ON   M    6 = FREEZING RAIN OR DRIZZLE
                        GRTST DEPTH:  M  ON   M    7 = DUSTSTORM OR SANDSTORM:
                                                       VSBY 1/2 MILE OR LESS
                                                   8 = SMOKE OR HAZE
[NO. OF DAYS WITH]      [WEATHER - DAYS WITH]      9 = BLOWING SNOW
                                                   X = TORNADO
MAX 32 OR BELOW:   8    0.01 INCH OR MORE:  13
MAX 90 OR ABOVE:   0    0.10 INCH OR MORE:   4
MIN 32 OR BELOW:  19    0.50 INCH OR MORE:   2
MIN  0 OR BELOW:   0    1.00 INCH OR MORE:   1

[HDD (BASE 65) ]
TOTAL THIS MO.   803    CLEAR  (SCALE 0-3)   6
DPTR FM NORMAL   -99    PTCLDY (SCALE 4-7)   6
TOTAL FM JUL 1  4493    CLOUDY (SCALE 8-10) 13
DPTR FM NORMAL  -820

[CDD (BASE 65) ]
TOTAL THIS MO.     0
DPTR FM NORMAL     0    [PRESSURE DATA]
TOTAL FM JAN 1     0    HIGHEST SLP M ON M
DPTR FM NORMAL     0    LOWEST  SLP 29.41 ON 15

[REMARKS]
