000
CXUS51 KBGM 180800
CF6BGM
PRELIMINARY LOCAL CLIMATOLOGICAL DATA (WS FORM: F-6)

                                          STATION:   BINGHAMTON NY
                                          MONTH:     DECEMBER
                                          YEAR:      2017
                                          LATITUDE:   42 13 N
                                          LONGITUDE:  75 59 W

  TEMPERATURE IN F:       :PCPN:    SNOW:  WIND      :SUNSHINE: SKY     :PK WND
================================================================================
1   2   3   4   5  6A  6B    7    8   9   10  11  12  13   14  15   16   17  18
                                     12Z  AVG MX 2MIN
DY MAX MIN AVG DEP HDD CDD  WTR  SNW DPTH SPD SPD DIR MIN PSBL S-S WX    SPD DR
================================================================================

 1  39  30  35   3  30   0 0.00  0.0    0  6.4 17 340   M    M   7        23 350
 2  39  25  32   0  33   0 0.00  0.0    0  3.5 10 160   M    M   2        13 150
 3  44  30  37   5  28   0 0.00  0.0    0  3.3  8 280   M    M   4        12 280
 4  46  26  36   5  29   0 0.00  0.0    0  7.3 22 170   M    M   1 18     32 160
 5  49  42  46  15  19   0 0.31  0.0    0 15.0 20 190   M    M   9 1      33 170
 6  42  25  34   4  31   0 0.00  0.0    0 11.5 22 270   M    M   4        29 280
 7  34  25  30   0  35   0    T    T    0 12.3 25 260   M    M   8        32 250
 8  28  20  24  -6  41   0    T    T    T  7.5 14 250   M    M   2        20 250
 9  27  20  24  -5  41   0 0.00  0.0    0  3.0  8 140   M    M   4        10 260
10  30  20  25  -4  40   0 0.01  0.3    T 10.1 20 260   M    M   9 1      27 250
11  29  23  26  -3  39   0    T    T    T  8.1 15 160   M    M  10 1      22 150
12  33  12  23  -5  42   0 0.05  1.1    1 11.7 22 290   M    M   9 1      30 300
13  18   9  14 -14  51   0 0.09  1.3    1 11.5 24 290   M    M   7 1289   38 280
14  17   7  12 -16  53   0 0.06  1.6    3  8.3 20 310   M    M   6 19     27 330
15  19   6  13 -14  52   0    T    T    3  6.5 12 230   M    M   4        17 230
16  25  18  22  -5  43   0 0.03  1.4    2  6.4 14 260   M    M  10 1      20 320
17  25  19  22  -5  43   0    T    T    3  3.0  7 160   M    M  10 1      11 160
================================================================================
SM  544  357       650   0  0.55     5.7 135.4          M      106
================================================================================
AV 32.0 21.0                               8.0 FASTST   M    M   6    MAX(MPH)
                                 MISC ---->  # 25 260               # 38  280
================================================================================
NOTES:
# LAST OF SEVERAL OCCURRENCES

COLUMN 17 PEAK WIND IN M.P.H.

PRELIMINARY LOCAL CLIMATOLOGICAL DATA (WS FORM: F-6) , PAGE 2

                                          STATION:  BINGHAMTON NY
                                          MONTH:    DECEMBER
                                          YEAR:     2017
                                          LATITUDE:   42 13 N
                                          LONGITUDE:  75 59 W

[TEMPERATURE DATA]      [PRECIPITATION DATA]       SYMBOLS USED IN COLUMN 16

AVERAGE MONTHLY: 26.5   TOTAL FOR MONTH:   0.55    1 = FOG OR MIST
DPTR FM NORMAL:  -2.9   DPTR FM NORMAL:   -1.11    2 = FOG REDUCING VISIBILITY
HIGHEST:    49 ON  5    GRTST 24HR  0.31 ON  5- 5      TO 1/4 MILE OR LESS
LOWEST:      6 ON 15                               3 = THUNDER
                        SNOW, ICE PELLETS, HAIL    4 = ICE PELLETS
                        TOTAL MONTH:   5.7 INCHES  5 = HAIL
                        GRTST 24HR   1.6 ON 14-14  6 = FREEZING RAIN OR DRIZZLE
                        GRTST DEPTH:   3 ON 17,15  7 = DUSTSTORM OR SANDSTORM:
                                                       VSBY 1/2 MILE OR LESS
                                                   8 = SMOKE OR HAZE
[NO. OF DAYS WITH]      [WEATHER - DAYS WITH]      9 = BLOWING SNOW
                                                   X = TORNADO
MAX 32 OR BELOW:   9    0.01 INCH OR MORE:   6
MAX 90 OR ABOVE:   0    0.10 INCH OR MORE:   1
MIN 32 OR BELOW:  16    0.50 INCH OR MORE:   0
MIN  0 OR BELOW:   0    1.00 INCH OR MORE:   0

[HDD (BASE 65) ]
TOTAL THIS MO.   650    CLEAR  (SCALE 0-3)   3
DPTR FM NORMAL    45    PTCLDY (SCALE 4-7)   8
TOTAL FM JUL 1  2048    CLOUDY (SCALE 8-10)  6
DPTR FM NORMAL  -132

[CDD (BASE 65) ]
TOTAL THIS MO.     0
DPTR FM NORMAL     0    [PRESSURE DATA]
TOTAL FM JAN 1   349    HIGHEST SLP M ON M
DPTR FM NORMAL   -32    LOWEST  SLP 29.44 ON 12

[REMARKS]
