000
CXUS51 KBGM 280800
CF6BGM
PRELIMINARY LOCAL CLIMATOLOGICAL DATA (WS FORM: F-6)

                                          STATION:   BINGHAMTON NY
                                          MONTH:     APRIL
                                          YEAR:      2017
                                          LATITUDE:   42 13 N
                                          LONGITUDE:  75 59 W

  TEMPERATURE IN F:       :PCPN:    SNOW:  WIND      :SUNSHINE: SKY     :PK WND
================================================================================
1   2   3   4   5  6A  6B    7    8   9   10  11  12  13   14  15   16   17  18
                                     12Z  AVG MX 2MIN
DY MAX MIN AVG DEP HDD CDD  WTR  SNW DPTH SPD SPD DIR MIN PSBL S-S WX    SPD DR
================================================================================

 1  39  31  35  -4  30   0 0.11  1.2    1  7.7 15 320   M    M  10 1      22 330
 2  54  28  41   2  24   0 0.00  0.0    0  6.4 21 300   M    M   3 128    31 290
 3  61  36  49   9  16   0 0.12  0.0    0  8.2 21 140   M    M   4 1      30 170
 4  62  44  53  13  12   0 0.55  0.0    0 11.5 29 280   M    M  10 123    39 250
 5  51  39  45   4  20   0 0.00  0.0    0  9.2 23 280   M    M   7        31 280
 6  46  37  42   1  23   0 1.58  0.0    0 15.1 29 130   M    M  10 13     36 270
 7  37  29  33  -9  32   0 0.08  0.9    1 13.6 23 310   M    M  10 1      34 300
 8  44  28  36  -6  29   0 0.00  0.0    T 12.2 24 330   M    M   4        37 350
 9  65  32  49   7  16   0 0.00  0.0    0  7.5 15 250   M    M   0        19 250
10  76  51  64  21   1   0 0.00  0.0    0 10.9 21 190   M    M   0        28 220
11  78  54  66  23   0   1 0.02  0.0    0  7.9 23 300   M    M   2        32 300
12  58  40  49   5  16   0 0.02  0.0    0  8.6 20 340   M    M   5        25 340
13  50  34  42  -2  23   0 0.00  0.0    0  9.4 17 350   M    M   3        22 360
14  60  33  47   3  18   0 0.00  0.0    0  4.3 13  70   M    M   2        16  80
15  69  42  56  11   9   0 0.02  0.0    0  9.2 20 230   M    M   3        27 210
16  79  57  68  23   0   3 0.26  0.0    0 12.7 29 330   M    M   4 1      40 330
17  59  40  50   4  15   0 0.01  0.0    0 11.0 25 300   M    M   2 1      36 290
18  58  35  47   1  18   0 0.00  0.0    0  5.7 15 150   M    M   3        21 160
19  49  42  46  -1  19   0 0.61  0.0    0 12.2 22 200   M    M   8 1      32 180
20  59  47  53   6  12   0 1.07  0.0    0  5.1 21 150   M    M  10 123    27 150
21  58  46  52   5  13   0 0.42  0.0    0 10.0 21 350   M    M  10 1      24 360
22  46  37  42  -6  23   0    T  0.0    0  8.4 17 360   M    M   8 1      20 350
23  65  32  49   1  16   0 0.00  0.0    0  4.2 10 280   M    M   0        15 180
24  70  41  56   8   9   0 0.00  0.0    0  5.3 14 170   M    M   1        19 160
25  58  45  52   3  13   0 0.08  0.0    0 12.0 21 130   M    M  10 1      26 140
26  72  49  61  12   4   0 0.00  0.0    0  5.5 10 160   M    M   5        15 110
27  76  53  65  15   0   0 0.48  0.0    0 10.0 20 260   M    M   4 13     27 190
================================================================================
SM 1599 1082       411   4  5.43     2.1 243.8          M      138
================================================================================
AV 59.2 40.1                               9.0 FASTST   M    M   5    MAX(MPH)
                                 MISC ---->  # 29 280               # 40  330
================================================================================
NOTES:
# LAST OF SEVERAL OCCURRENCES

COLUMN 17 PEAK WIND IN M.P.H.

PRELIMINARY LOCAL CLIMATOLOGICAL DATA (WS FORM: F-6) , PAGE 2

                                          STATION:  BINGHAMTON NY
                                          MONTH:    APRIL
                                          YEAR:     2017
                                          LATITUDE:   42 13 N
                                          LONGITUDE:  75 59 W

[TEMPERATURE DATA]      [PRECIPITATION DATA]       SYMBOLS USED IN COLUMN 16

AVERAGE MONTHLY: 49.7   TOTAL FOR MONTH:   5.43    1 = FOG OR MIST
DPTR FM NORMAL:   5.2   DPTR FM NORMAL:    2.34    2 = FOG REDUCING VISIBILITY
HIGHEST:    79 ON 16    GRTST 24HR  1.58 ON  6- 6      TO 1/4 MILE OR LESS
LOWEST:     28 ON  8, 2                            3 = THUNDER
                        SNOW, ICE PELLETS, HAIL    4 = ICE PELLETS
                        TOTAL MONTH:   2.1 INCHES  5 = HAIL
                        GRTST 24HR   1.2 ON  1- 1  6 = FREEZING RAIN OR DRIZZLE
                        GRTST DEPTH:   1 ON  7, 1  7 = DUSTSTORM OR SANDSTORM:
                                                       VSBY 1/2 MILE OR LESS
                                                   8 = SMOKE OR HAZE
[NO. OF DAYS WITH]      [WEATHER - DAYS WITH]      9 = BLOWING SNOW
                                                   X = TORNADO
MAX 32 OR BELOW:   0    0.01 INCH OR MORE:  15
MAX 90 OR ABOVE:   0    0.10 INCH OR MORE:   9
MIN 32 OR BELOW:   6    0.50 INCH OR MORE:   4
MIN  0 OR BELOW:   0    1.00 INCH OR MORE:   2

[HDD (BASE 65) ]
TOTAL THIS MO.   411    CLEAR  (SCALE 0-3)  11
DPTR FM NORMAL  -147    PTCLDY (SCALE 4-7)   9
TOTAL FM JUL 1  6136    CLOUDY (SCALE 8-10)  7
DPTR FM NORMAL  -618

[CDD (BASE 65) ]
TOTAL THIS MO.     4
DPTR FM NORMAL     4    [PRESSURE DATA]
TOTAL FM JAN 1     4    HIGHEST SLP 30.43 ON 13
DPTR FM NORMAL     4    LOWEST  SLP 29.09 ON  6

[REMARKS]
