000
CXUS54 KBMX 281216
CF6BHM
PRELIMINARY LOCAL CLIMATOLOGICAL DATA (WS FORM: F-6)

                                          STATION:   BIRMINGHAM
                                          MONTH:     SEPTEMBER
                                          YEAR:      2016
                                          LATITUDE:   33 34 N
                                          LONGITUDE:  86 45 W

  TEMPERATURE IN F:       :PCPN:    SNOW:  WIND      :SUNSHINE: SKY     :PK WND
================================================================================
1   2   3   4   5  6A  6B    7    8   9   10  11  12  13   14  15   16   17  18
                                     12Z  AVG MX 2MIN
DY MAX MIN AVG DEP HDD CDD  WTR  SNW DPTH SPD SPD DIR MIN PSBL S-S WX    SPD DR
================================================================================

 1  96  74  85   6   0  20 0.28  0.0    0  3.7 23 300   M    M   4 3      28 290
 2  91  71  81   2   0  16 0.00  0.0    0  6.2 15 340   M    M   4        22 340
 3  86  72  79   0   0  14 0.00  0.0    0  6.1 12  90   M    M   5        17 120
 4  91  72  82   4   0  17 0.00  0.0    0  5.3 14 130   M    M   2        19 130
 5  93  71  82   4   0  17 0.00  0.0    0  3.9 14 160   M    M   2        20  70
 6  94  68  81   3   0  16 0.00  0.0    0  1.6 10 180   M    M   2        12 190
 7  95  69  82   4   0  17 0.00  0.0    0  2.7 12 240   M    M   4        16 240
 8  94  70  82   5   0  17 0.00  0.0    0  3.5 15 240   M    M   2        19 230
 9  94  68  81   4   0  16 0.00  0.0    0  4.4 15 190   M    M   1        22 240
10  96  70  83   6   0  18 0.00  0.0    0  5.9 17 340   M    M   4        22 190
11  90  71  81   5   0  16 0.01  0.0    0  4.6 14  10   M    M   6        18 320
12  93  70  82   6   0  17 0.02  0.0    0  2.3 16 240   M    M   6 3      22  50
13  91  72  82   6   0  17 0.01  0.0    0  4.1 14  70   M    M   4        19  80
14  96  69  83   7   0  18 0.00  0.0    0  4.6 13  20   M    M   2        21  50
15  98  71  85  10   0  20 0.04  0.0    0  2.2 20 350   M    M   4        25 350
16  93  74  84   9   0  19 0.00  0.0    0  6.6 16 180   M    M   1        23 170
17  84  75  80   6   0  15    T  0.0    0  8.2 16 130   M    M   8 8      22 130
18  84  74  79   5   0  14 0.32  0.0    0  3.2 12 180   M    M   8 1      14 300
19  92  72  82   8   0  17 0.00  0.0    0  3.6 10 360   M    M   5 1      13 350
20  93  66  80   7   0  15 0.00  0.0    0  4.5 14 350   M    M   1        20  10
21  94  70  82   9   0  17 0.00  0.0    0  3.0 12  10   M    M   4        16  20
22  95  71  83  10   0  18 0.00  0.0    0  3.8 13 340   M    M   2        16 340
23  96  69  83  11   0  18 0.00  0.0    0  2.7 15 350   M    M   1        20 360
24  98  72  85  13   0  20 0.00  0.0    0  3.1 14 350   M    M   1        18 330
25  98  72  85  13   0  20 0.00  0.0    0  2.3 12 180   M    M   3        16 160
26  94  70  82  11   0  17 0.00  0.0    0  3.6 92 230   M    M   4        92 230
27  89  66  78   7   0  13 0.00  0.0    0  5.8 14 280   M    M   4 18     17 270
================================================================================
SM 2508 1909         0 459  0.68     0.0 111.5          M       94
================================================================================
AV 92.9 70.7                               4.1 FASTST   M    M   3    MAX(MPH)
                                 MISC ---->  # 92 230               # 92  230
================================================================================
NOTES:
# LAST OF SEVERAL OCCURRENCES

COLUMN 17 PEAK WIND IN M.P.H.

PRELIMINARY LOCAL CLIMATOLOGICAL DATA (WS FORM: F-6) , PAGE 2

                                          STATION:  BIRMINGHAM
                                          MONTH:    SEPTEMBER
                                          YEAR:     2016
                                          LATITUDE:   33 34 N
                                          LONGITUDE:  86 45 W

[TEMPERATURE DATA]      [PRECIPITATION DATA]       SYMBOLS USED IN COLUMN 16

AVERAGE MONTHLY: 81.8   TOTAL FOR MONTH:   0.68    1 = FOG OR MIST
DPTR FM NORMAL:   6.5   DPTR FM NORMAL:   -2.82    2 = FOG REDUCING VISIBILITY
HIGHEST:    98 ON 25,24 GRTST 24HR  0.32 ON 18-18      TO 1/4 MILE OR LESS
LOWEST:     66 ON 27,20                            3 = THUNDER
                        SNOW, ICE PELLETS, HAIL    4 = ICE PELLETS
                        TOTAL MONTH:   0.0 INCH    5 = HAIL
                        GRTST 24HR     0.0         6 = FREEZING RAIN OR DRIZZLE
                        GRTST DEPTH:   0           7 = DUSTSTORM OR SANDSTORM:
                                                       VSBY 1/2 MILE OR LESS
                                                   8 = SMOKE OR HAZE
[NO. OF DAYS WITH]      [WEATHER - DAYS WITH]      9 = BLOWING SNOW
                                                   X = TORNADO
MAX 32 OR BELOW:   0    0.01 INCH OR MORE:   6
MAX 90 OR ABOVE:  23    0.10 INCH OR MORE:   2
MIN 32 OR BELOW:   0    0.50 INCH OR MORE:   0
MIN  0 OR BELOW:   0    1.00 INCH OR MORE:   0

[HDD (BASE 65) ]
TOTAL THIS MO.     0    CLEAR  (SCALE 0-3)  12
DPTR FM NORMAL    -5    PTCLDY (SCALE 4-7)  14
TOTAL FM JUL 1     0    CLOUDY (SCALE 8-10)  1
DPTR FM NORMAL    -5

[CDD (BASE 65) ]
TOTAL THIS MO.   459
DPTR FM NORMAL   176    [PRESSURE DATA]
TOTAL FM JAN 1  2425    HIGHEST SLP M ON M
DPTR FM NORMAL   492    LOWEST  SLP 29.81 ON  1

[REMARKS]
