000
CXUS54 KBMX 011216
CF6BHM
PRELIMINARY LOCAL CLIMATOLOGICAL DATA (WS FORM: F-6)

                                          STATION:   BIRMINGHAM
                                          MONTH:     AUGUST
                                          YEAR:      2015
                                          LATITUDE:   33 34 N
                                          LONGITUDE:  86 45 W

  TEMPERATURE IN F:       :PCPN:    SNOW:  WIND      :SUNSHINE: SKY     :PK WND
================================================================================
1   2   3   4   5  6A  6B    7    8   9   10  11  12  13   14  15   16   17  18
                                     12Z  AVG MX 2MIN
DY MAX MIN AVG DEP HDD CDD  WTR  SNW DPTH SPD SPD DIR MIN PSBL S-S WX    SPD DR
================================================================================

 1  95  67  81   0   0  16 0.00  0.0    0  7.2 18  30   M    M   2        24  60
 2  96  67  82   1   0  17 0.00  0.0    0  3.9 16  10   M    M   1        22 360
 3  97  66  82   1   0  17 0.00  0.0    0  3.3 15 340   M    M   2        19 360
 4  99  71  85   4   0  20 0.00  0.0    0  2.1  8 200   M    M   4        13 200
 5  96  73  85   4   0  20    T  0.0    0  5.1 17 170   M    M   4 3      23 170
 6  85  73  79  -2   0  14 0.48  0.0    0  6.6 12 240   M    M   7 13      M  M
 7  86  74  80  -1   0  15 0.00  0.0    0  4.8 14 260   M    M   8 1      17 310
 8  94  73  84   3   0  19 0.00  0.0    0  3.4 13  10   M    M   4 3      18 350
 9  96  73  85   4   0  20 0.00  0.0    0  2.4 10 140   M    M   2        13 140
10  94  71  83   2   0  18 1.89  0.0    0  8.1 24  30   M    M   5 13     31  40
11  92  73  83   2   0  18    T  0.0    0  4.3 18 360   M    M   6        21 360
12  91  71  81   0   0  16 0.00  0.0    0  5.8 18 320   M    M   1        24 320
13  91  64  78  -3   0  13 0.00  0.0    0  3.4 12 360   M    M   1        18 320
14  91  73  82   1   0  17 0.00  0.0    0  7.2 17 110   M    M   3 8      23  70
15  91  73  82   1   0  17 0.00  0.0    0  6.2 16 350   M    M   5        20 110
16  87  72  80  -1   0  15 0.16  0.0    0  5.8 18 140   M    M   7 13     24 130
17  79  70  75  -6   0  10 1.27  0.0    0  4.0 23 190   M    M   8 138    29 200
18  86  74  80  -1   0  15 0.21  0.0    0  6.9 17 210   M    M   8 13     23 200
19  89  74  82   1   0  17 0.19  0.0    0  9.0 29 190   M    M   8 13     36 190
20  86  73  80  -1   0  15    T  0.0    0  4.2 14 340   M    M   8 3      23 300
21  88  74  81   0   0  16 0.31  0.0    0  3.2 23 350   M    M   8 13     26 360
22  88  73  81   1   0  16 0.80  0.0    0  1.5  6  30   M    M   7 13      M  M
23  86  71  79  -1   0  14 0.57  0.0    0  5.1 18 310   M    M   4 13     26 310
24  88  68  78  -2   0  13 0.00  0.0    0  5.9 14 330   M    M   6 12     16 320
25  83  62  73  -7   0   8 0.00  0.0    0  6.5 18 310   M    M   0        23 320
26  82  58  70 -10   0   5 0.00  0.0    0  6.0 20 360   M    M   1        25 360
27  87  60  74  -6   0   9 0.00  0.0    0  3.4 12 100   M    M   2        16  60
28  88  70  79  -1   0  14 0.00  0.0    0  6.5 13 130   M    M   3 3      18 110
29  84  70  77  -3   0  12 1.16  0.0    0  6.0 21 300   M    M   6 13     25 300
30  74  69  72  -7   0   7 0.19  0.0    0  5.8 13  40   M    M   8 1      17  40
31  84  69  77  -2   0  12 0.00  0.0    0  3.5 13  40   M    M   7 1      15  20
================================================================================
SM 2753 2169         0 455  7.23     0.0 157.1          M      146
================================================================================
AV 88.8 70.0                               5.1 FASTST   M    M   5    MAX(MPH)
                                 MISC ---->  # 29 190               # 36  190
================================================================================
NOTES:
# LAST OF SEVERAL OCCURRENCES

COLUMN 17 PEAK WIND IN M.P.H.

PRELIMINARY LOCAL CLIMATOLOGICAL DATA (WS FORM: F-6) , PAGE 2

                                          STATION:  BIRMINGHAM
                                          MONTH:    AUGUST
                                          YEAR:     2015
                                          LATITUDE:   33 34 N
                                          LONGITUDE:  86 45 W

[TEMPERATURE DATA]      [PRECIPITATION DATA]       SYMBOLS USED IN COLUMN 16

AVERAGE MONTHLY: 79.4   TOTAL FOR MONTH:   7.23    1 = FOG OR MIST
DPTR FM NORMAL:  -1.3   DPTR FM NORMAL:    3.30    2 = FOG REDUCING VISIBILITY
HIGHEST:    99 ON  4    GRTST 24HR  1.89 ON 10-10      TO 1/4 MILE OR LESS
LOWEST:     58 ON 26                               3 = THUNDER
                        SNOW, ICE PELLETS, HAIL    4 = ICE PELLETS
                        TOTAL MONTH:   0.0 INCH    5 = HAIL
                        GRTST 24HR     0.0         6 = FREEZING RAIN OR DRIZZLE
                        GRTST DEPTH:   0           7 = DUSTSTORM OR SANDSTORM:
                                                       VSBY 1/2 MILE OR LESS
                                                   8 = SMOKE OR HAZE
[NO. OF DAYS WITH]      [WEATHER - DAYS WITH]      9 = BLOWING SNOW
                                                   X = TORNADO
MAX 32 OR BELOW:   0    0.01 INCH OR MORE:  11
MAX 90 OR ABOVE:  13    0.10 INCH OR MORE:  11
MIN 32 OR BELOW:   0    0.50 INCH OR MORE:   5
MIN  0 OR BELOW:   0    1.00 INCH OR MORE:   3

[HDD (BASE 65) ]
TOTAL THIS MO.     0    CLEAR  (SCALE 0-3)   9
DPTR FM NORMAL     0    PTCLDY (SCALE 4-7)  21
TOTAL FM JUL 1     0    CLOUDY (SCALE 8-10)  1
DPTR FM NORMAL     0

[CDD (BASE 65) ]
TOTAL THIS MO.   455
DPTR FM NORMAL   -32    [PRESSURE DATA]
TOTAL FM JAN 1  1814    HIGHEST SLP 30.16 ON 29
DPTR FM NORMAL   164    LOWEST  SLP 29.84 ON  6

[REMARKS]
#FINAL-08-15#
