000
CXUS54 KBMX 211216
CF6BHM
PRELIMINARY LOCAL CLIMATOLOGICAL DATA (WS FORM: F-6)

                                          STATION:   BIRMINGHAM
                                          MONTH:     JANUARY
                                          YEAR:      2018
                                          LATITUDE:   33 34 N
                                          LONGITUDE:  86 45 W

  TEMPERATURE IN F:       :PCPN:    SNOW:  WIND      :SUNSHINE: SKY     :PK WND
================================================================================
1   2   3   4   5  6A  6B    7    8   9   10  11  12  13   14  15   16   17  18
                                     12Z  AVG MX 2MIN
DY MAX MIN AVG DEP HDD CDD  WTR  SNW DPTH SPD SPD DIR MIN PSBL S-S WX    SPD DR
================================================================================

 1  28  15  22 -22  43   0 0.00  0.0    0 13.1 20 350   M    M   3        26 360
 2  34  11  23 -21  42   0 0.00  0.0    0  5.0 10 360   M    M   3        15 320
 3  41  24  33 -11  32   0 0.00  0.0    0  6.3 14 310   M    M   5        19 320
 4  35  21  28 -16  37   0 0.00  0.0    0  8.8 20 320   M    M   0        25 310
 5  40  16  28 -16  37   0 0.00  0.0    0  2.1 12 350   M    M   1        17 350
 6  44  22  33 -11  32   0 0.00  0.0    0  3.4 12 350   M    M   1        15  20
 7  47  27  37  -7  28   0 0.00  0.0    0  8.1 16 120   M    M   7        24 140
 8  48  35  42  -2  23   0 0.42  0.0    0  8.3 15 100   M    M  10 1      21 110
 9  58  44  51   7  14   0 0.01  0.0    0  5.4 10 100   M    M   8 1      17 100
10  65  48  57  13   8   0    T  0.0    0  8.5 17 140   M    M   9 18     23 130
11  72  60  66  22   0   1 0.15  0.0    0  9.6 18 160   M    M   8 18     28 130
12  63  26  45   1  20   0 0.19  0.0    0 14.5 33 210   M    M   9 1      43 200
13  31  20  26 -18  39   0 0.00  0.0    0 12.5 21 340   M    M   7        29 340
14  41  17  29 -15  36   0 0.00  0.0    0  3.8 12  20   M    M   3        15 360
15  53  26  40  -4  25   0 0.00  0.0    0  3.4 13 230   M    M   2        16 250
16  37  18  28 -16  37   0    T    T    0  8.4 18 350   M    M   7 8      23 360
17  28   9  19 -25  46   0    T    T    0 11.8 23  10   M    M   3 8      30 360
18  41  14  28 -16  37   0 0.00  0.0    0  4.6 12 350   M    M   0        16  20
19  52  18  35  -9  30   0 0.00  0.0    0  1.1  8 210   M    M   2        10 190
20  63  39  51   7  14   0 0.00  0.0    0  4.2 13 190   M    M   5        17 250
================================================================================
SM  921  510       580   1  0.77    T    142.9          M       93
================================================================================
AV 46.1 25.5                               7.1 FASTST   M    M   5    MAX(MPH)
                                 MISC ---->  # 33 210               # 43  200
================================================================================
NOTES:
# LAST OF SEVERAL OCCURRENCES

COLUMN 17 PEAK WIND IN M.P.H.

PRELIMINARY LOCAL CLIMATOLOGICAL DATA (WS FORM: F-6) , PAGE 2

                                          STATION:  BIRMINGHAM
                                          MONTH:    JANUARY
                                          YEAR:     2018
                                          LATITUDE:   33 34 N
                                          LONGITUDE:  86 45 W

[TEMPERATURE DATA]      [PRECIPITATION DATA]       SYMBOLS USED IN COLUMN 16

AVERAGE MONTHLY: 35.8   TOTAL FOR MONTH:   0.77    1 = FOG OR MIST
DPTR FM NORMAL:  -8.2   DPTR FM NORMAL:   -2.26    2 = FOG REDUCING VISIBILITY
HIGHEST:    72 ON 11    GRTST 24HR  0.42 ON  8- 8      TO 1/4 MILE OR LESS
LOWEST:      9 ON 17                               3 = THUNDER
                        SNOW, ICE PELLETS, HAIL    4 = ICE PELLETS
                        TOTAL MONTH:    T          5 = HAIL
                        GRTST 24HR    T  ON 17-17  6 = FREEZING RAIN OR DRIZZLE
                        GRTST DEPTH:   0           7 = DUSTSTORM OR SANDSTORM:
                                                       VSBY 1/2 MILE OR LESS
                                                   8 = SMOKE OR HAZE
[NO. OF DAYS WITH]      [WEATHER - DAYS WITH]      9 = BLOWING SNOW
                                                   X = TORNADO
MAX 32 OR BELOW:   3    0.01 INCH OR MORE:   4
MAX 90 OR ABOVE:   0    0.10 INCH OR MORE:   3
MIN 32 OR BELOW:  15    0.50 INCH OR MORE:   0
MIN  0 OR BELOW:   0    1.00 INCH OR MORE:   0

[HDD (BASE 65) ]
TOTAL THIS MO.   580    CLEAR  (SCALE 0-3)  10
DPTR FM NORMAL   151    PTCLDY (SCALE 4-7)   5
TOTAL FM JUL 1  1579    CLOUDY (SCALE 8-10)  5
DPTR FM NORMAL   103

[CDD (BASE 65) ]
TOTAL THIS MO.     1
DPTR FM NORMAL     1    [PRESSURE DATA]
TOTAL FM JAN 1     1    HIGHEST SLP M ON M
DPTR FM NORMAL     1    LOWEST  SLP 29.66 ON 12

[REMARKS]
