000
CXUS55 KVEF 290940
CF6BIH
PRELIMINARY LOCAL CLIMATOLOGICAL DATA (WS FORM: F-6)

                                          STATION:   BISHOP CA
                                          MONTH:     MAY
                                          YEAR:      2017
                                          LATITUDE:   37 22 N
                                          LONGITUDE: 118 22 W

  TEMPERATURE IN F:       :PCPN:    SNOW:  WIND      :SUNSHINE: SKY     :PK WND
================================================================================
1   2   3   4   5  6A  6B    7    8   9   10  11  12  13   14  15   16   17  18
                                     12Z  AVG MX 2MIN
DY MAX MIN AVG DEP HDD CDD  WTR  SNW DPTH SPD SPD DIR MIN PSBL S-S WX    SPD DR
================================================================================

 1  85  51  68   9   0   3 0.00  0.0    0 16.2 25 360   M    M   0        34 360
 2  88  43  66   7   0   1 0.00  0.0    0  8.0 22  20   M    M   0        27  20
 3  87  49  68   8   0   3 0.00  0.0    0  5.9 15  10   M    M   0        22  30
 4  92  48  70  10   0   5 0.00  0.0    0  6.9 21 150   M    M   0        28 150
 5  88  49  69   9   0   4 0.00  0.0    0  7.5 23 150   M    M   0        31 150
 6  78  48  63   3   2   0    T  0.0    0 11.9 26  80   M    M   0        36  80
 7  57  40  49 -12  16   0 0.12  0.0    0  8.2 24 170   M    M   7 1      32 160
 8  71  44  58  -3   7   0 0.10  0.0    0  8.1 25 160   M    M   5 3      30 180
 9  82  39  61   0   4   0 0.00  0.0    0  7.8 18 350   M    M   0        24 340
10  85  41  63   1   2   0 0.00  0.0    0  8.1 21 150   M    M   0        26 150
11  86  46  66   4   0   1 0.00  0.0    0 10.4 28 160   M    M   0        37 160
12  83  41  62   0   3   0 0.00  0.0    0 12.0 29  10   M    M   0        41  10
13  72  44  58  -5   7   0 0.00  0.0    0  8.8 20 340   M    M   0        29 340
14  72  40  56  -7   9   0 0.00  0.0    0  8.2 20 190   M    M   0        25 190
15  59  37  48 -15  17   0 0.13    M    0  9.7 20  10   M    M   7 13     24  10
16  70  34  52 -11  13   0 0.00  0.0    0  7.9 18  10   M    M   2        23  10
17  71  47  59  -5   6   0 0.00  0.0    0 19.5 35 360   M    M   0        46  10
18  75  39  57  -7   8   0 0.00  0.0    0 14.4 28 360   M    M   0        36 350
19  83  42  63  -1   2   0 0.00  0.0    0  7.1 15 360   M    M   0        19  10
20  86  41  64   0   1   0 0.00  0.0    0  4.8 12 310   M    M   0        15  80
21  90  46  68   3   0   3 0.00  0.0    0  5.5 16 160   M    M   0        20 160
22  91  49  70   5   0   5 0.00  0.0    0  4.8 13 320   M    M   0        14 360
23  93  47  70   5   0   5 0.00  0.0    0  5.2 14 350   M    M   0        18 290
24  93  51  72   6   0   7 0.00  0.0    0  9.4 28 250   M    M   0        34 240
25  89  54  72   6   0   7 0.00  0.0    0  9.7 25 250   M    M   0        32 240
26  86  42  64  -2   1   0 0.00  0.0    0  7.5 23 360   M    M   0        28  10
27  85  44  65  -1   0   0 0.00  0.0    0  4.9 13 260   M    M   0        19 290
28  89  43  66  -1   0   1 0.00  0.0    0  6.4 15 200   M    M   0        22 210
================================================================================
SM 2286 1239        98  45  0.35     0.0 244.8          M       21
================================================================================
AV 81.6 44.3                               8.7 FASTST   M    M   1    MAX(MPH)
                                 MISC ---->  # 35 360               # 46   10
================================================================================
NOTES:
# LAST OF SEVERAL OCCURRENCES

COLUMN 17 PEAK WIND IN M.P.H.

PRELIMINARY LOCAL CLIMATOLOGICAL DATA (WS FORM: F-6) , PAGE 2

                                          STATION:  BISHOP CA
                                          MONTH:    MAY
                                          YEAR:     2017
                                          LATITUDE:   37 22 N
                                          LONGITUDE: 118 22 W

[TEMPERATURE DATA]      [PRECIPITATION DATA]       SYMBOLS USED IN COLUMN 16

AVERAGE MONTHLY: 63.0   TOTAL FOR MONTH:   0.35    1 = FOG OR MIST
DPTR FM NORMAL:   0.1   DPTR FM NORMAL:    0.18    2 = FOG REDUCING VISIBILITY
HIGHEST:    93 ON 24,23 GRTST 24HR  0.13 ON 15-15      TO 1/4 MILE OR LESS
LOWEST:     34 ON 16                               3 = THUNDER
                        SNOW, ICE PELLETS, HAIL    4 = ICE PELLETS
                        TOTAL MONTH:   0.0 INCH    5 = HAIL
                        GRTST 24HR     0.0         6 = FREEZING RAIN OR DRIZZLE
                        GRTST DEPTH:   0           7 = DUSTSTORM OR SANDSTORM:
                                                       VSBY 1/2 MILE OR LESS
                                                   8 = SMOKE OR HAZE
[NO. OF DAYS WITH]      [WEATHER - DAYS WITH]      9 = BLOWING SNOW
                                                   X = TORNADO
MAX 32 OR BELOW:   0    0.01 INCH OR MORE:   3
MAX 90 OR ABOVE:   5    0.10 INCH OR MORE:   3
MIN 32 OR BELOW:   0    0.50 INCH OR MORE:   0
MIN  0 OR BELOW:   0    1.00 INCH OR MORE:   0

[HDD (BASE 65) ]
TOTAL THIS MO.    98    CLEAR  (SCALE 0-3)  25
DPTR FM NORMAL   -13    PTCLDY (SCALE 4-7)   3
TOTAL FM JUL 1  3782    CLOUDY (SCALE 8-10)  0
DPTR FM NORMAL  -371

[CDD (BASE 65) ]
TOTAL THIS MO.    45
DPTR FM NORMAL    -6    [PRESSURE DATA]
TOTAL FM JAN 1    45    HIGHEST SLP M ON M
DPTR FM NORMAL   -10    LOWEST  SLP 29.45 ON 25

[REMARKS]
