944
CXUS55 KBYZ 211055
CF6BIL
PRELIMINARY LOCAL CLIMATOLOGICAL DATA (WS FORM: F-6)

                                          STATION:   BILLINGS MT
                                          MONTH:     NOVEMBER
                                          YEAR:      2017
                                          LATITUDE:   45 47 N
                                          LONGITUDE: 108 32 W

  TEMPERATURE IN F:       :PCPN:    SNOW:  WIND      :SUNSHINE: SKY     :PK WND
================================================================================
1   2   3   4   5  6A  6B    7    8   9   10  11  12  13   14  15   16   17  18
                                     12Z  AVG MX 2MIN
DY MAX MIN AVG DEP HDD CDD  WTR  SNW DPTH SPD SPD DIR MIN PSBL S-S WX    SPD DR
================================================================================

 1  44  27  36  -6  29   0 0.44  3.2    0  8.4 18 350   M    M  10 12     23 360
 2  29  27  28 -14  37   0 0.16  1.7    2  8.1 14  30   M    M  10 1      25 360
 3  30  25  28 -14  37   0 0.08  1.0    3  6.4 16 320   M    M  10 16     19 320
 4  26  21  24 -17  41   0 0.19  2.7    4  5.5 17 330   M    M  10 12     21 340
 5  24  18  21 -20  44   0    T  0.1    3  7.5 15  40   M    M  10 126    18  40
 6  18   3  11 -29  54   0 0.16  3.4    3  7.0 15  50   M    M   7 128    18  30
 7  30   3  17 -23  48   0 0.00  0.0    6 15.4 25 240   M    M   1        33 230
 8  36  20  28 -11  37   0    T    T    5  8.1 16  70   M    M   7 18     19  70
 9  23  19  21 -18  44   0 0.00  0.0    4  7.2 14  50   M    M   8 12     15  50
10  42  20  31  -7  34   0 0.00  0.0    4  8.3 20 210   M    M   6 12     21 230
11  44  30  37  -1  28   0 0.08    T    2  7.3 14 240   M    M   6 16     17 210
12  44  27  36  -1  29   0 0.00  0.0    1  5.2 14 240   M    M   4        16 240
13  54  28  41   4  24   0 0.00  0.0    T  8.8 16 220   M    M   3        21 230
14  46  33  40   4  25   0 0.06  0.0    T 10.1 26 300   M    M   3 1      31 300
15  38  24  31  -5  34   0 0.00  0.0    0  3.4 13 230   M    M   5        15 230
16  59  32  46  10  19   0    T  0.0    0  9.9 29 300   M    M   7        37 290
17  45  32  39   4  26   0 0.00  0.0    0 11.5 25 290   M    M   6        33 300
18  47  29  38   3  27   0 0.00  0.0    0 17.8 33 270   M    M   4        39 280
19  50  36  43   9  22   0 0.00  0.0    0 18.4 29 250   M    M   6        34 240
20  56  28  42   8  23   0 0.14  0.1    0 13.8 25 240   M    M   8 1      30 240
================================================================================
SM  785  482       662   0  1.31    12.2 188.1          M      131
================================================================================
AV 39.3 24.1                               9.4 FASTST   M    M   7    MAX(MPH)
                                 MISC ---->  # 33 270               # 39  280
================================================================================
NOTES:
# LAST OF SEVERAL OCCURRENCES

COLUMN 17 PEAK WIND IN M.P.H.

PRELIMINARY LOCAL CLIMATOLOGICAL DATA (WS FORM: F-6) , PAGE 2

                                          STATION:  BILLINGS MT
                                          MONTH:    NOVEMBER
                                          YEAR:     2017
                                          LATITUDE:   45 47 N
                                          LONGITUDE: 108 32 W

[TEMPERATURE DATA]      [PRECIPITATION DATA]       SYMBOLS USED IN COLUMN 16

AVERAGE MONTHLY: 31.7   TOTAL FOR MONTH:   1.31    1 = FOG OR MIST
DPTR FM NORMAL:  -6.4   DPTR FM NORMAL:    0.87    2 = FOG REDUCING VISIBILITY
HIGHEST:    59 ON 16    GRTST 24HR  0.44 ON  1- 1      TO 1/4 MILE OR LESS
LOWEST:      3 ON  7, 6                            3 = THUNDER
                        SNOW, ICE PELLETS, HAIL    4 = ICE PELLETS
                        TOTAL MONTH:  12.2 INCHES  5 = HAIL
                        GRTST 24HR   3.4 ON  6- 6  6 = FREEZING RAIN OR DRIZZLE
                        GRTST DEPTH:   6 ON  7     7 = DUSTSTORM OR SANDSTORM:
                                                       VSBY 1/2 MILE OR LESS
                                                   8 = SMOKE OR HAZE
[NO. OF DAYS WITH]      [WEATHER - DAYS WITH]      9 = BLOWING SNOW
                                                   X = TORNADO
MAX 32 OR BELOW:   7    0.01 INCH OR MORE:   8
MAX 90 OR ABOVE:   0    0.10 INCH OR MORE:   5
MIN 32 OR BELOW:  18    0.50 INCH OR MORE:   0
MIN  0 OR BELOW:   0    1.00 INCH OR MORE:   0

[HDD (BASE 65) ]
TOTAL THIS MO.   662    CLEAR  (SCALE 0-3)   2
DPTR FM NORMAL   123    PTCLDY (SCALE 4-7)  12
TOTAL FM JUL 1  1398    CLOUDY (SCALE 8-10)  6
DPTR FM NORMAL   107

[CDD (BASE 65) ]
TOTAL THIS MO.     0
DPTR FM NORMAL     0    [PRESSURE DATA]
TOTAL FM JAN 1   840    HIGHEST SLP M ON M
DPTR FM NORMAL   204    LOWEST  SLP 29.40 ON 16

[REMARKS]
