000
CXUS53 KBIS 170830
CF6BIS
PRELIMINARY LOCAL CLIMATOLOGICAL DATA (WS FORM: F-6)

                                          STATION:   BISMARCK ND
                                          MONTH:     JANUARY
                                          YEAR:      2018
                                          LATITUDE:   46 46 N
                                          LONGITUDE: 100 45 W

  TEMPERATURE IN F:       :PCPN:    SNOW:  WIND      :SUNSHINE: SKY     :PK WND
================================================================================
1   2   3   4   5  6A  6B    7    8   9   10  11  12  13   14  15   16   17  18
                                     12Z  AVG MX 2MIN
DY MAX MIN AVG DEP HDD CDD  WTR  SNW DPTH SPD SPD DIR MIN PSBL S-S WX    SPD DR
================================================================================

 1  -4 -27 -15 -28  80   0    T    T    2  2.8  8 280   M    M   1         9 280
 2  24 -11   7  -6  58   0    T    T    2 11.6 31 320   M    M   4 1      41 320
 3  13  -7   3 -10  62   0    T    T    2  3.6 10  80   M    M   6 1      12  90
 4  15   0   8  -5  57   0    T    T    2  6.7 15  90   M    M   7 1      18  90
 5  13   6  10  -2  55   0 0.00  0.0    2 11.9 17 160   M    M  10        21 190
 6  24   8  16   4  49   0    T  0.2    2  9.5 22 140   M    M   7 18     26 150
 7  40  18  29  17  36   0 0.00  0.0    2  8.1 18 290   M    M   3 1      25 310
 8  36  11  24  12  41   0 0.00  0.0    2  3.9 13 290   M    M   2 1      16 290
 9  39  22  31  19  34   0 0.00  0.0    1  5.6 13 130   M    M   2 12     14 130
10  32   3  18   6  47   0 0.40  5.6    1 15.4 30 330   M    M   8 12     37 330
11   3 -23 -10 -22  75   0 0.01  0.1    6 13.1 30 320   M    M   4 189    39 340
12  -3 -29 -16 -28  81   0 0.00  0.0    6  3.6 10 340   M    M   2 18     13 310
13  12 -29  -8 -20  73   0    T    T    6  5.0 13 150   M    M   3 18     15 150
14  25  -4  11  -1  54   0 0.01  0.2    6 12.6 29 320   M    M   7 19     39 320
15  -3 -21 -12 -24  77   0 0.00  0.0    0 12.1 23 320   M    M   1        30 330
16  12 -26  -7 -19  72   0 0.00  0.0    5  3.9 16 210   M    M   0        19 220
================================================================================
SM  278 -109       951   0  0.42     6.1 129.4          M       67
================================================================================
AV 17.4 -6.8                               8.1 FASTST   M    M   4    MAX(MPH)
                                 MISC ---->  # 31 320               # 41  320
================================================================================
NOTES:
# LAST OF SEVERAL OCCURRENCES

COLUMN 17 PEAK WIND IN M.P.H.

PRELIMINARY LOCAL CLIMATOLOGICAL DATA (WS FORM: F-6) , PAGE 2

                                          STATION:  BISMARCK ND
                                          MONTH:    JANUARY
                                          YEAR:     2018
                                          LATITUDE:   46 46 N
                                          LONGITUDE: 100 45 W

[TEMPERATURE DATA]      [PRECIPITATION DATA]       SYMBOLS USED IN COLUMN 16

AVERAGE MONTHLY:  5.3   TOTAL FOR MONTH:   0.42    1 = FOG OR MIST
DPTR FM NORMAL:  -7.0   DPTR FM NORMAL:    0.18    2 = FOG REDUCING VISIBILITY
HIGHEST:    40 ON  7    GRTST 24HR  0.40 ON 10-10      TO 1/4 MILE OR LESS
LOWEST:    -29 ON 13,12                            3 = THUNDER
                        SNOW, ICE PELLETS, HAIL    4 = ICE PELLETS
                        TOTAL MONTH:   6.1 INCHES  5 = HAIL
                        GRTST 24HR   5.6 ON 10-10  6 = FREEZING RAIN OR DRIZZLE
                        GRTST DEPTH:   6 ON 14,13  7 = DUSTSTORM OR SANDSTORM:
                                                       VSBY 1/2 MILE OR LESS
                                                   8 = SMOKE OR HAZE
[NO. OF DAYS WITH]      [WEATHER - DAYS WITH]      9 = BLOWING SNOW
                                                   X = TORNADO
MAX 32 OR BELOW:  13    0.01 INCH OR MORE:   3
MAX 90 OR ABOVE:   0    0.10 INCH OR MORE:   1
MIN 32 OR BELOW:  16    0.50 INCH OR MORE:   0
MIN  0 OR BELOW:  10    1.00 INCH OR MORE:   0

[HDD (BASE 65) ]
TOTAL THIS MO.   951    CLEAR  (SCALE 0-3)   6
DPTR FM NORMAL   108    PTCLDY (SCALE 4-7)   9
TOTAL FM JUL 1  4090    CLOUDY (SCALE 8-10)  1
DPTR FM NORMAL  -253

[CDD (BASE 65) ]
TOTAL THIS MO.     0
DPTR FM NORMAL     0    [PRESSURE DATA]
TOTAL FM JAN 1     0    HIGHEST SLP M ON M
DPTR FM NORMAL     0    LOWEST  SLP 29.43 ON 10

[REMARKS]
