000
CXUS56 KBOI 301002
CF6BKE
PRELIMINARY LOCAL CLIMATOLOGICAL DATA (WS FORM: F-6)

                                          STATION:   BAKER OR
                                          MONTH:     MAY
                                          YEAR:      2015
                                          LATITUDE:   44 50 N
                                          LONGITUDE: 117 49 W

  TEMPERATURE IN F:       :PCPN:    SNOW:  WIND      :SUNSHINE: SKY     :PK WND
================================================================================
1   2   3   4   5  6A  6B    7    8   9   10  11  12  13   14  15   16   17  18
                                     12Z  AVG MX 2MIN
DY MAX MIN AVG DEP HDD CDD  WTR  SNW DPTH SPD SPD DIR MIN PSBL S-S WX    SPD DR
================================================================================

 1  76  26  51   4  14   0 0.00    M    M  5.1 18  60   M    M   0 1      23  60
 2  70  36  53   6  12   0 0.00    M    M 10.2 23 330   M    M   0        28 320
 3  72  25  49   1  16   0 0.00    M    M  6.5 16 320   M    M   0        20 320
 4  79  32  56   8   9   0 0.00    M    M  7.4 23 310   M    M   2        29 310
 5  60  34  47  -1  18   0 0.00    M    M 16.8 28 320   M    M   2        35 340
 6  56  30  43  -5  22   0    T    M    M 14.3 29 310   M    M   3        33 310
 7  65  32  49   0  16   0 0.00    M    M 15.0 28 310   M    M   2        34 300
 8  69  32  51   2  14   0 0.00    M    M 13.6 26 320   M    M   0        33 320
 9  70  35  53   4  12   0 0.00    M    M 14.7 30 300   M    M   0        38 310
10  71  25  48  -2  17   0 0.00    M    M  3.7 10 310   M    M   0        12 310
11  70  36  53   3  12   0 0.07    M    M  7.8 31 180   M    M   5 18     39 180
12  64  41  53   3  12   0 0.61    M    M  9.1 25 300   M    M   6 1      32 300
13  57  34  46  -4  19   0 0.36    M    M  6.0 22 150   M    M   7 1      26 150
14  66  33  50  -1  15   0 0.00    M    M 10.9 25 310   M    M   2        32 300
15  52  46  49  -2  16   0 0.19    M    M 12.5 26 310   M    M   9        32 300
16  63  46  55   4  10   0 0.01    M    M 14.0 28 350   M    M   6        35 340
17  67  44  56   4   9   0 0.02    M    M  7.7 23 290   M    M   6        29 290
18  69  41  55   3  10   0 0.01    M    M  4.1 21 280   M    M   8 1      27 300
19  70  48  59   7   6   0 0.06    M    M  8.3 26 310   M    M   9 3      36 310
20  66  49  58   6   7   0 0.19    M    M  4.9 17  70   M    M   9 13     20  60
21  69  46  58   6   7   0 0.26    M    M  4.8 21 100   M    M   7 13     27 100
22  71  41  56   3   9   0 0.09    M    M  7.1 31 310   M    M   4 13     38 320
23  71  50  61   8   4   0    T    M    M 15.3 29 320   M    M   4        36 310
24  74  45  60   7   5   0 0.00    M    M 11.5 25 320   M    M   0        32 320
25  70  41  56   3   9   0 0.00    M    M  7.2 18 330   M    M   0        24 340
26  71  35  53  -1  12   0    T    M    M  6.2 21 340   M    M   1 3      27 330
27  66  41  54   0  11   0    T    M    M  5.8 20 240   M    M   3 3      25 240
28  75  35  55   1  10   0 0.00    M    M  3.5  9 280   M    M   2 12     13 270
29  82  42  62   8   3   0 0.02    M    M  7.3 17 350   M    M   2        23 330
================================================================================
SM 1981 1101       336   0  1.89    M    261.3          M       99
================================================================================
AV 68.3 38.0                               9.0 FASTST   M    M   3    MAX(MPH)
                                 MISC ---->  # 31 180               # 39  180
================================================================================
NOTES:
# LAST OF SEVERAL OCCURRENCES

COLUMN 17 PEAK WIND IN M.P.H.

PRELIMINARY LOCAL CLIMATOLOGICAL DATA (WS FORM: F-6) , PAGE 2

                                          STATION:  BAKER OR
                                          MONTH:    MAY
                                          YEAR:     2015
                                          LATITUDE:   44 50 N
                                          LONGITUDE: 117 49 W

[TEMPERATURE DATA]      [PRECIPITATION DATA]       SYMBOLS USED IN COLUMN 16

AVERAGE MONTHLY: 53.1   TOTAL FOR MONTH:   1.89    1 = FOG OR MIST
DPTR FM NORMAL:   2.3   DPTR FM NORMAL:    0.52    2 = FOG REDUCING VISIBILITY
HIGHEST:    82 ON 29    GRTST 24HR  0.92 ON 12-13      TO 1/4 MILE OR LESS
LOWEST:     25 ON 10, 3                            3 = THUNDER
                        SNOW, ICE PELLETS, HAIL    4 = ICE PELLETS
                        TOTAL MONTH:    M          5 = HAIL
                        GRTST 24HR    M  ON   M    6 = FREEZING RAIN OR DRIZZLE
                        GRTST DEPTH:  M  ON   M    7 = DUSTSTORM OR SANDSTORM:
                                                       VSBY 1/2 MILE OR LESS
                                                   8 = SMOKE OR HAZE
[NO. OF DAYS WITH]      [WEATHER - DAYS WITH]      9 = BLOWING SNOW
                                                   X = TORNADO
MAX 32 OR BELOW:   0    0.01 INCH OR MORE:  12
MAX 90 OR ABOVE:   0    0.10 INCH OR MORE:   5
MIN 32 OR BELOW:   7    0.50 INCH OR MORE:   1
MIN  0 OR BELOW:   0    1.00 INCH OR MORE:   0

[HDD (BASE 65) ]
TOTAL THIS MO.   336    CLEAR  (SCALE 0-3)  15
DPTR FM NORMAL   -77    PTCLDY (SCALE 4-7)  11
TOTAL FM JUL 1  6378    CLOUDY (SCALE 8-10)  3
DPTR FM NORMAL -1048

[CDD (BASE 65) ]
TOTAL THIS MO.     0
DPTR FM NORMAL     0    [PRESSURE DATA]
TOTAL FM JAN 1     0    HIGHEST SLP M ON M
DPTR FM NORMAL     0    LOWEST  SLP 29.51 ON 12

[REMARKS]
