000
CXUS56 KBOI 251002
CF6BKE
PRELIMINARY LOCAL CLIMATOLOGICAL DATA (WS FORM: F-6)

                                          STATION:   BAKER OR
                                          MONTH:     SEPTEMBER
                                          YEAR:      2016
                                          LATITUDE:   44 50 N
                                          LONGITUDE: 117 49 W

  TEMPERATURE IN F:       :PCPN:    SNOW:  WIND      :SUNSHINE: SKY     :PK WND
================================================================================
1   2   3   4   5  6A  6B    7    8   9   10  11  12  13   14  15   16   17  18
                                     12Z  AVG MX 2MIN
DY MAX MIN AVG DEP HDD CDD  WTR  SNW DPTH SPD SPD DIR MIN PSBL S-S WX    SPD DR
================================================================================

 1  75  46  61   0   4   0 0.00    M    M  9.6 25 320   M    M   1        35 310
 2  70  46  58  -2   7   0 0.00    M    M  5.8 17 320   M    M   3        20 310
 3  71  34  53  -7  12   0 0.00    M    M  6.2 16 300   M    M   1        20 300
 4  69  37  53  -7  12   0 0.00    M    M  9.0 22 330   M    M   2        27 330
 5  72  30  51  -8  14   0 0.00    M    M  3.2 10 100   M    M   1        14 150
 6  60  31  46 -13  19   0 0.05    M    M  3.5 16 320   M    M   6        21 330
 7  74  33  54  -5  11   0 0.00    M    M  3.8 10 290   M    M   2 12     14 320
 8  74  35  55  -3  10   0 0.00    M    M  6.9 21 330   M    M   0        26 330
 9  74  34  54  -4  11   0 0.00    M    M  4.2 12 310   M    M   0        14 320
10  84  31  58   0   7   0 0.00    M    M  3.9 16  70   M    M   0        20 100
11  73  35  54  -3  11   0 0.00    M    M  9.4 25 340   M    M   0        33 330
12  66  38  52  -5  13   0 0.00    M    M 16.7 33 310   M    M   0        40 310
13  71  26  49  -8  16   0 0.00    M    M  5.1 14 350   M    M   0        18 360
14  71  25  48  -8  17   0 0.00    M    M  4.3 13 320   M    M   0        17 350
15  75  26  51  -5  14   0 0.00    M    M  1.6  9 240   M    M   0        12 160
16  80  30  55  -1  10   0 0.00    M    M  3.9 14 100   M    M   0        17 100
17  75  38  57   2   8   0    T    M    M  4.2 17 330   M    M   6        23 330
18  75  49  62   7   3   0    T    M    M  5.4 21 330   M    M   6        28 330
19  75  37  56   2   9   0 0.00    M    M  8.3 25 330   M    M   1 1      33 320
20  66  44  55   1  10   0 0.00    M    M  8.0 20 320   M    M   4        23 320
21  61  38  50  -4  15   0 0.00    M    M  5.7 14 310   M    M   4        17 300
22  60  37  49  -4  16   0 0.02    M    M 13.6 26 330   M    M   6 1      33 300
23  64  45  55   2  10   0 0.00    M    M 14.4 23 330   M    M   5        31 330
24  67  33  50  -2  15   0 0.00    M    M  5.3 16 340   M    M   0 8      20 340
================================================================================
SM 1702  858       274   0  0.07    M    162.0          M       48
================================================================================
AV 70.9 35.8                               6.8 FASTST   M    M   2    MAX(MPH)
                                 MISC ---->  # 33 310               # 40  310
================================================================================
NOTES:
# LAST OF SEVERAL OCCURRENCES

COLUMN 17 PEAK WIND IN M.P.H.

PRELIMINARY LOCAL CLIMATOLOGICAL DATA (WS FORM: F-6) , PAGE 2

                                          STATION:  BAKER OR
                                          MONTH:    SEPTEMBER
                                          YEAR:     2016
                                          LATITUDE:   44 50 N
                                          LONGITUDE: 117 49 W

[TEMPERATURE DATA]      [PRECIPITATION DATA]       SYMBOLS USED IN COLUMN 16

AVERAGE MONTHLY: 53.3   TOTAL FOR MONTH:   0.07    1 = FOG OR MIST
DPTR FM NORMAL:  -3.4   DPTR FM NORMAL:   -0.38    2 = FOG REDUCING VISIBILITY
HIGHEST:    84 ON 10    GRTST 24HR  0.05 ON  6- 6      TO 1/4 MILE OR LESS
LOWEST:     25 ON 14                               3 = THUNDER
                        SNOW, ICE PELLETS, HAIL    4 = ICE PELLETS
                        TOTAL MONTH:    M          5 = HAIL
                        GRTST 24HR    M  ON   M    6 = FREEZING RAIN OR DRIZZLE
                        GRTST DEPTH:  M  ON   M    7 = DUSTSTORM OR SANDSTORM:
                                                       VSBY 1/2 MILE OR LESS
                                                   8 = SMOKE OR HAZE
[NO. OF DAYS WITH]      [WEATHER - DAYS WITH]      9 = BLOWING SNOW
                                                   X = TORNADO
MAX 32 OR BELOW:   0    0.01 INCH OR MORE:   2
MAX 90 OR ABOVE:   0    0.10 INCH OR MORE:   0
MIN 32 OR BELOW:   7    0.50 INCH OR MORE:   0
MIN  0 OR BELOW:   0    1.00 INCH OR MORE:   0

[HDD (BASE 65) ]
TOTAL THIS MO.   274    CLEAR  (SCALE 0-3)  16
DPTR FM NORMAL    67    PTCLDY (SCALE 4-7)   8
TOTAL FM JUL 1   420    CLOUDY (SCALE 8-10)  0
DPTR FM NORMAL    62

[CDD (BASE 65) ]
TOTAL THIS MO.     0
DPTR FM NORMAL    -7    [PRESSURE DATA]
TOTAL FM JAN 1   132    HIGHEST SLP M ON M
DPTR FM NORMAL   -35    LOWEST  SLP 29.71 ON  4

[REMARKS]
