000
CXUS56 KBOI 271002
CF6BKE
PRELIMINARY LOCAL CLIMATOLOGICAL DATA (WS FORM: F-6)

                                          STATION:   BAKER OR
                                          MONTH:     MAY
                                          YEAR:      2016
                                          LATITUDE:   44 50 N
                                          LONGITUDE: 117 49 W

  TEMPERATURE IN F:       :PCPN:    SNOW:  WIND      :SUNSHINE: SKY     :PK WND
================================================================================
1   2   3   4   5  6A  6B    7    8   9   10  11  12  13   14  15   16   17  18
                                     12Z  AVG MX 2MIN
DY MAX MIN AVG DEP HDD CDD  WTR  SNW DPTH SPD SPD DIR MIN PSBL S-S WX    SPD DR
================================================================================

 1  71  31  51   4  14   0 0.00    M    M  4.8 15  70   M    M   0        19  70
 2  74  35  55   8  10   0 0.00    M    M  5.2 20 140   M    M   3        25 160
 3  77  31  54   6  11   0 0.00    M    M  5.5 22 110   M    M   0        30 120
 4  76  44  60  12   5   0 0.00    M    M  6.6 21 230   M    M   1        27 230
 5  75  43  59  11   6   0 0.27    M    M 10.2 28 300   M    M   5        35 300
 6  69  47  58  10   7   0 0.00    M    M 15.2 30 320   M    M   1        36 320
 7  76  47  62  13   3   0 0.00    M    M  6.8 18 330   M    M   1        23 320
 8  72  41  57   8   8   0 0.00    M    M 12.4 28 330   M    M   0        36 340
 9  56  32  44  -5  21   0    T    M    M 12.1 24 300   M    M   5        31 310
10  64  32  48  -2  17   0 0.00    M    M  9.8 23 310   M    M   1        28 310
11  70  26  48  -2  17   0 0.00    M    M  8.5 21 140   M    M   0        33 150
12  79  43  61  11   4   0 0.00    M    M  5.8 17 100   M    M   0        22 100
13  80  37  59   9   6   0 0.00    M    M  4.5 18  60   M    M   0        23  60
14  66  45  56   5   9   0 0.06    M    M  9.3 22 310   M    M   6        30 320
15  56  45  51   0  14   0 0.03    M    M  7.4 20 330   M    M  10 1      24 330
16  65  39  52   1  13   0    T    M    M 10.4 26 300   M    M   4        32 310
17  73  35  54   2  11   0 0.00    M    M  5.9 14 310   M    M   1        18 310
18  79  41  60   8   5   0 0.26    M    M  6.0 23 320   M    M   2 1      30 330
19  57  36  47  -5  18   0 0.04    M    M 14.3 30 330   M    M   7        37 330
20  49  32  41 -11  24   0 0.18    M    M  3.8 15 320   M    M   6 1      18 310
21  53  36  45  -7  20   0 0.23    M    M  6.0 25 180   M    M   6 12     32 180
22  60  34  47  -6  18   0 0.00    M    M  4.4 20 250   M    M   7        24 230
23  59  37  48  -5  17   0 0.00    M    M  4.5 17 310   M    M   5        22 310
24  64  34  49  -4  16   0 0.00    M    M  7.3 17 310   M    M   4        20 300
25  70  37  54   1  11   0 0.00    M    M  7.5 17 320   M    M   1        22 320
26  67  40  54   0  11   0 0.00    M    M  9.0 20 340   M    M   0        25 320
================================================================================
SM 1757  980       316   0  1.07    M    203.2          M       76
================================================================================
AV 67.6 37.7                               7.8 FASTST   M    M   3    MAX(MPH)
                                 MISC ---->  # 30 320               # 37  330
================================================================================
NOTES:
# LAST OF SEVERAL OCCURRENCES

COLUMN 17 PEAK WIND IN M.P.H.

PRELIMINARY LOCAL CLIMATOLOGICAL DATA (WS FORM: F-6) , PAGE 2

                                          STATION:  BAKER OR
                                          MONTH:    MAY
                                          YEAR:     2016
                                          LATITUDE:   44 50 N
                                          LONGITUDE: 117 49 W

[TEMPERATURE DATA]      [PRECIPITATION DATA]       SYMBOLS USED IN COLUMN 16

AVERAGE MONTHLY: 52.6   TOTAL FOR MONTH:   1.07    1 = FOG OR MIST
DPTR FM NORMAL:   2.2   DPTR FM NORMAL:   -0.14    2 = FOG REDUCING VISIBILITY
HIGHEST:    80 ON 13    GRTST 24HR  0.30 ON 18-19      TO 1/4 MILE OR LESS
LOWEST:     26 ON 11                               3 = THUNDER
                        SNOW, ICE PELLETS, HAIL    4 = ICE PELLETS
                        TOTAL MONTH:    M          5 = HAIL
                        GRTST 24HR    M  ON   M    6 = FREEZING RAIN OR DRIZZLE
                        GRTST DEPTH:  M  ON   M    7 = DUSTSTORM OR SANDSTORM:
                                                       VSBY 1/2 MILE OR LESS
                                                   8 = SMOKE OR HAZE
[NO. OF DAYS WITH]      [WEATHER - DAYS WITH]      9 = BLOWING SNOW
                                                   X = TORNADO
MAX 32 OR BELOW:   0    0.01 INCH OR MORE:   7
MAX 90 OR ABOVE:   0    0.10 INCH OR MORE:   4
MIN 32 OR BELOW:   6    0.50 INCH OR MORE:   0
MIN  0 OR BELOW:   0    1.00 INCH OR MORE:   0

[HDD (BASE 65) ]
TOTAL THIS MO.   316    CLEAR  (SCALE 0-3)  15
DPTR FM NORMAL   -64    PTCLDY (SCALE 4-7)  10
TOTAL FM JUL 1  6625    CLOUDY (SCALE 8-10)  1
DPTR FM NORMAL  -768

[CDD (BASE 65) ]
TOTAL THIS MO.     0
DPTR FM NORMAL     0    [PRESSURE DATA]
TOTAL FM JAN 1     0    HIGHEST SLP M ON M
DPTR FM NORMAL     0    LOWEST  SLP 29.53 ON  8

[REMARKS]
