000
CXUS51 KRLX 241242
CF6BKW
PRELIMINARY LOCAL CLIMATOLOGICAL DATA (WS FORM: F-6)

                                          STATION:   BECKLEY WV
                                          MONTH:     NOVEMBER
                                          YEAR:      2017
                                          LATITUDE:   37 46 N
                                          LONGITUDE:  81  7 W

  TEMPERATURE IN F:       :PCPN:    SNOW:  WIND      :SUNSHINE: SKY     :PK WND
================================================================================
1   2   3   4   5  6A  6B    7    8   9   10  11  12  13   14  15   16   17  18
                                     12Z  AVG MX 2MIN
DY MAX MIN AVG DEP HDD CDD  WTR  SNW DPTH SPD SPD DIR MIN PSBL S-S WX    SPD DR
================================================================================

 1  60  46  53   4  12   0    T  0.0    0  7.7 14 160   M    M   8        20 220
 2  71  54  63  15   2   0    T  0.0    0  7.3 15 230   M    M   8        19 210
 3  64  55  60  12   5   0 0.02  0.0    0  5.2 12 240   M    M   8 12     16 230
 4  58  51  55   7  10   0 0.02  0.0    0  8.4 16 130   M    M   8 12     24 130
 5  69  52  61  13   4   0 0.10  0.0    0  8.3 17 200   M    M   7 1      26 200
 6  67  49  58  11   7   0 0.04  0.0    0  9.0 18 220   M    M   7 12     29 250
 7  58  40  49   2  16   0 0.33  0.0    0  6.9 14 350   M    M  10 12     18 150
 8  42  37  40  -7  25   0 0.03  0.0    0  4.9 10 130   M    M  10 12     12  10
 9  50  37  44  -2  21   0 0.00  0.0    0  4.4 10 330   M    M   7 1      13 320
10  38  21  30 -16  35   0 0.00  0.0    0  8.0 15 350   M    M   4 1      20 360
11  43  21  32 -14  33   0 0.00  0.0    0  9.0 16 130   M    M   1        24 110
12  49  34  42  -3  23   0 0.04  0.0    0  4.2 13 140   M    M   8 1      17 160
13  46  35  41  -4  24   0 0.06  0.0    0  7.6 15 320   M    M  10 12     20 290
14  43  30  37  -7  28   0 0.00  0.0    0  3.4  8 360   M    M   7 1      10 360
15  48  32  40  -4  25   0 0.06  0.0    0  9.2 15 140   M    M   2 1      20 130
16  50  30  40  -4  25   0    T  0.0    0 11.2 20 290   M    M   5 1      26 310
17  55  27  41  -3  24   0 0.00  0.0    0  5.3 14 150   M    M   2        20 170
18  63  45  54  11  11   0 0.51  0.0    0 16.3 33 230   M    M   6 1      44 230
19  54  30  42  -1  23   0 0.14    T    0 12.7 32 300   M    M  10 1      44 300
20  44  24  34  -8  31   0 0.00  0.0    0  7.5 17 290   M    M   2        22 270
21  60  33  47   5  18   0 0.01  0.0    0  9.1 23 230   M    M   2        30 220
22  50  23  37  -5  28   0    T  0.0    0  8.4 17 350   M    M   8        24 330
23  48  18  33  -8  32   0 0.00  0.0    0  2.0  9 300   M    M   0        12 310
================================================================================
SM 1230  824       462   0  1.36    T    176.0          M      140
================================================================================
AV 53.5 35.8                               7.7 FASTST   M    M   6    MAX(MPH)
                                 MISC ---->  # 33 230               # 44  230
================================================================================
NOTES:
# LAST OF SEVERAL OCCURRENCES

COLUMN 17 PEAK WIND IN M.P.H.

PRELIMINARY LOCAL CLIMATOLOGICAL DATA (WS FORM: F-6) , PAGE 2

                                          STATION:  BECKLEY WV
                                          MONTH:    NOVEMBER
                                          YEAR:     2017
                                          LATITUDE:   37 46 N
                                          LONGITUDE:  81  7 W

[TEMPERATURE DATA]      [PRECIPITATION DATA]       SYMBOLS USED IN COLUMN 16

AVERAGE MONTHLY: 44.7   TOTAL FOR MONTH:   1.36    1 = FOG OR MIST
DPTR FM NORMAL:  -0.5   DPTR FM NORMAL:   -0.89    2 = FOG REDUCING VISIBILITY
HIGHEST:    71 ON  2    GRTST 24HR  0.51 ON 18-18      TO 1/4 MILE OR LESS
LOWEST:     18 ON 23                               3 = THUNDER
                        SNOW, ICE PELLETS, HAIL    4 = ICE PELLETS
                        TOTAL MONTH:    T          5 = HAIL
                        GRTST 24HR    T  ON 19-19  6 = FREEZING RAIN OR DRIZZLE
                        GRTST DEPTH:   0           7 = DUSTSTORM OR SANDSTORM:
                                                       VSBY 1/2 MILE OR LESS
                                                   8 = SMOKE OR HAZE
[NO. OF DAYS WITH]      [WEATHER - DAYS WITH]      9 = BLOWING SNOW
                                                   X = TORNADO
MAX 32 OR BELOW:   0    0.01 INCH OR MORE:  12
MAX 90 OR ABOVE:   0    0.10 INCH OR MORE:   4
MIN 32 OR BELOW:  10    0.50 INCH OR MORE:   1
MIN  0 OR BELOW:   0    1.00 INCH OR MORE:   0

[HDD (BASE 65) ]
TOTAL THIS MO.   462    CLEAR  (SCALE 0-3)   6
DPTR FM NORMAL     6    PTCLDY (SCALE 4-7)  11
TOTAL FM JUL 1   848    CLOUDY (SCALE 8-10)  6
DPTR FM NORMAL  -114

[CDD (BASE 65) ]
TOTAL THIS MO.     0
DPTR FM NORMAL     0    [PRESSURE DATA]
TOTAL FM JAN 1   594    HIGHEST SLP M ON M
DPTR FM NORMAL    38    LOWEST  SLP 29.30 ON 18

[REMARKS]
