000
CXUS51 KRNK 250803 CCA
CF6BLF

PRELIMINARY LOCAL CLIMATOLOGICAL DATA (WS FORM: F-6)

                                          STATION:   BLUEFIELD WV
                                          MONTH:     SEPTEMBER
                                          YEAR:      2017
                                          LATITUDE:   37 17 N
                                          LONGITUDE:  81 12 W

  TEMPERATURE IN F:       :PCPN:    SNOW:  WIND      :SUNSHINE: SKY     :PK WND
================================================================================
1   2   3   4   5  6A  6B    7    8   9   10  11  12  13   14  15   16   17  18
                                     12Z  AVG MX 2MIN
DY MAX MIN AVG DEP HDD CDD  WTR  SNW DPTH SPD SPD DIR MIN PSBL S-S WX    SPD DR
================================================================================

 1  64  53  59 -11   6   0 0.18  0.0    0  8.8 17 130   M    M   8 1      31 110
 2  58  51  55 -15  10   0 0.10  0.0    0  7.2 15 140   M    M  10 1      24 150
 3  69  52  61  -9   4   0    T  0.0    0  8.6 17 250   M    M   6 1      23 260
 4  77  56  67  -3   0   2 0.00  0.0    0  7.3 15 240   M    M   4        19 240
 5  74  57  66  -3   0   1 0.01  0.0    0  9.5 20 240   M    M   4 1      27 260
 6  61  47  54 -15  11   0 0.16  0.0    0  5.4 12 290   M    M   5 1      17 350
 7  61  44  53 -16  12   0 0.00  0.0    0  7.4 14 270   M    M   3        20 260
 8  65  44  55 -13  10   0 0.00  0.0    0  4.0 12 320   M    M   1        18 270
 9  66  47  57 -11   8   0 0.00  0.0    0  3.9 14  30   M    M   2        20  40
10  66  44  55 -13  10   0 0.00  0.0    0  5.4 12  60   M    M   0        18  60
11  54  50  52 -16  13   0 0.03  0.0    0  8.4 15  90   M    M   5        26 140
12  64  52  58  -9   7   0 0.33  0.0    0  8.9 16 100   M    M  10 1      30  60
13  70  55  63  -4   2   0 0.02  0.0    0  6.4 15 180   M    M   5        25 190
14  64  56  60  -6   5   0    T  0.0    0  4.5 14 230   M    M  10        18 230
15  71  55  63  -3   2   0 0.01  0.0    0  2.4  9 340   M    M   8 12     12 290
16  73  52  63  -3   2   0 0.00  0.0    0  2.3  9 310   M    M   5 12     15 280
17  76  56  66   1   0   1 0.00  0.0    0  2.6 12 300   M    M   2 12     17 280
18  76  54  65   0   0   0    T  0.0    0  2.3  8 300   M    M   4 1      10 300
19  77  57  67   2   0   2 0.00  0.0    0  2.4 13 270   M    M   4 1      16 270
20  77  60  69   5   0   4 0.00  0.0    0  4.3 14 270   M    M   4        20 260
21  79  59  69   5   0   4    T  0.0    0  3.5  9  10   M    M   3 3      13 350
22  81  60  71   7   0   6 0.00  0.0    0  1.7 10  10   M    M   2 1      14 360
23  81  59  70   7   0   5 0.00  0.0    0  2.8 13  90   M    M   0 1      20 100
24  80  55  68   5   0   3 0.00  0.0    0  3.8 12  80   M    M   0        17 140
================================================================================
SM 1684 1275       102  28  0.84     0.0 123.8          M      105
================================================================================
AV 70.2 53.1                               5.2 FASTST   M    M   4    MAX(MPH)
                                 MISC ---->  # 20 240               # 31  110
================================================================================
NOTES:
# LAST OF SEVERAL OCCURRENCES

COLUMN 17 PEAK WIND IN M.P.H.

PRELIMINARY LOCAL CLIMATOLOGICAL DATA (WS FORM: F-6) , PAGE 2

                                          STATION:  BLUEFIELD WV
                                          MONTH:    SEPTEMBER
                                          YEAR:     2017
                                          LATITUDE:   37 17 N
                                          LONGITUDE:  81 12 W

[TEMPERATURE DATA]      [PRECIPITATION DATA]       SYMBOLS USED IN COLUMN 16

AVERAGE MONTHLY: 61.7   TOTAL FOR MONTH:   0.84    1 = FOG OR MIST
DPTR FM NORMAL:  -5.2   DPTR FM NORMAL:   -1.66    2 = FOG REDUCING VISIBILITY
HIGHEST:    81 ON 23,22 GRTST 24HR  0.33 ON 12-12      TO 1/4 MILE OR LESS
LOWEST:     44 ON 10, 8                            3 = THUNDER
                        SNOW, ICE PELLETS, HAIL    4 = ICE PELLETS
                        TOTAL MONTH:   0.0 INCH    5 = HAIL
                        GRTST 24HR     0.0         6 = FREEZING RAIN OR DRIZZLE
                        GRTST DEPTH:   0           7 = DUSTSTORM OR SANDSTORM:
                                                       VSBY 1/2 MILE OR LESS
                                                   8 = SMOKE OR HAZE
[NO. OF DAYS WITH]      [WEATHER - DAYS WITH]      9 = BLOWING SNOW
                                                   X = TORNADO
MAX 32 OR BELOW:   0    0.01 INCH OR MORE:   8
MAX 90 OR ABOVE:   0    0.10 INCH OR MORE:   4
MIN 32 OR BELOW:   0    0.50 INCH OR MORE:   0
MIN  0 OR BELOW:   0    1.00 INCH OR MORE:   0

[HDD (BASE 65) ]
TOTAL THIS MO.   102    CLEAR  (SCALE 0-3)   9
DPTR FM NORMAL    58    PTCLDY (SCALE 4-7)  10
TOTAL FM JUL 1   128    CLOUDY (SCALE 8-10)  5
DPTR FM NORMAL    78

[CDD (BASE 65) ]
TOTAL THIS MO.    28
DPTR FM NORMAL   -61    [PRESSURE DATA]
TOTAL FM JAN 1   452    HIGHEST SLP M ON M
DPTR FM NORMAL  -371    LOWEST  SLP 29.79 ON  5

[REMARKS]
