000
CXUS51 KRNK 281034 CCA
CF6BLF

PRELIMINARY LOCAL CLIMATOLOGICAL DATA (WS FORM: F-6)

                                          STATION:   BLUEFIELD WV
                                          MONTH:     NOVEMBER
                                          YEAR:      2014
                                          LATITUDE:   37 17 N
                                          LONGITUDE:  81 12 W

  TEMPERATURE IN F:       :PCPN:    SNOW:  WIND      :SUNSHINE: SKY     :PK WND
================================================================================
1   2   3   4   5  6A  6B    7    8   9   10  11  12  13   14  15   16   17  18
                                     12Z  AVG MX 2MIN
DY MAX MIN AVG DEP HDD CDD  WTR  SNW DPTH SPD SPD DIR MIN PSBL S-S WX    SPD DR
================================================================================

 1  39  32  36 -16  29   0 0.34  1.1    0  8.7 16 310   M    M  10 1      27 320
 2  42  29  36 -16  29   0 0.00  0.0    0  8.4 16 340   M    M   5        28 340
 3  61  28  45  -7  20   0 0.00  0.0    0  7.0 15 250   M    M   0        19 280
 4  68  47  58   7   7   0 0.00  0.0    0  8.1 17 250   M    M   0        22 250
 5  57  51  54   3  11   0 0.02  0.0    0  6.0 13 230   M    M   7        18 280
 6  62  40  51   0  14   0 0.31  0.0    0 14.3 26 270   M    M   9 1      39 280
 7  40  32  36 -14  29   0 0.06    T    0 10.4 21 300   M    M   9 1      28 270
 8  55  29  42  -8  23   0 0.00  0.0    0  7.0 16 240   M    M   1        21 260
 9  56  42  49  -1  16   0 0.00  0.0    0  5.5 14 250   M    M   4        21 260
10  65  37  51   2  14   0 0.00  0.0    0  6.8 22 150   M    M   0        31 150
11  74  43  59  10   6   0 0.00  0.0    0  5.5 13 230   M    M   0        21 170
12  57  35  46  -2  19   0 0.01  0.0    0  6.7 14 290   M    M   9 1      19 290
13  35  25  30 -18  35   0 0.02  0.1    0  7.1 16 290   M    M  10 1      21 290
14  25  16  21 -27  44   0    T    T    0  7.5 14 300   M    M   9        21 310
15  40  14  27 -20  38   0 0.00  0.0    0  3.8 16 160   M    M   2        24 150
16  45  34  40  -7  25   0 0.16  0.0    0  5.6 16 160   M    M  10        29 170
17  57  20  39  -8  26   0 0.42  0.3    0 11.7 26 280   M    M   9        39 290
18  22  14  18 -28  47   0    T  0.1    0 12.7 24 280   M    M   6        35 280
19  41  12  27 -19  38   0 0.00  0.0    0 11.2 24 260   M    M   0        34 260
20  45  29  37  -9  28   0 0.00  0.0    0 16.2 28 260   M    M   4        40 250
21  37  20  29 -16  36   0 0.00  0.0    0  7.8 18 280   M    M   1        27 270
22  60  25  43  -2  22   0 0.00  0.0    0  4.0 15 220   M    M   0        21 230
23  59  42  51   7  14   0 0.55  0.0    0 10.2 31 180   M    M   6 1      45 170
24  69  52  61  17   4   0 0.00  0.0    0 15.0 35 240   M    M   4        45 240
25  53  38  46   2  19   0 0.00  0.0    0  6.0 16 310   M    M   2        21 270
26  43  32  38  -5  27   0 0.56  2.8    2  3.2 12 130   M    M  10 128    18 160
27  35  25  30 -13  35   0 0.01  0.3    2  7.9 20 300   M    M  10 12     31 310
================================================================================
SM 1342  843       655   0  2.46     4.7 224.3          M      137
================================================================================
AV 49.7 31.2                               8.3 FASTST   M    M   5    MAX(MPH)
                                 MISC ---->  # 35 240               # 45  170
================================================================================
NOTES:
# LAST OF SEVERAL OCCURRENCES

COLUMN 17 PEAK WIND IN M.P.H.

PRELIMINARY LOCAL CLIMATOLOGICAL DATA (WS FORM: F-6) , PAGE 2

                                          STATION:  BLUEFIELD WV
                                          MONTH:    NOVEMBER
                                          YEAR:     2014
                                          LATITUDE:   37 17 N
                                          LONGITUDE:  81 12 W

[TEMPERATURE DATA]      [PRECIPITATION DATA]       SYMBOLS USED IN COLUMN 16

AVERAGE MONTHLY: 40.5   TOTAL FOR MONTH:   2.46    1 = FOG OR MIST
DPTR FM NORMAL:  -7.2   DPTR FM NORMAL:    0.06    2 = FOG REDUCING VISIBILITY
HIGHEST:    74 ON 11    GRTST 24HR  0.57 ON 16-17      TO 1/4 MILE OR LESS
LOWEST:     12 ON 19                               3 = THUNDER
                        SNOW, ICE PELLETS, HAIL    4 = ICE PELLETS
                        TOTAL MONTH:   4.7 INCHES  5 = HAIL
                        GRTST 24HR   2.8 ON   M    6 = FREEZING RAIN OR DRIZZLE
                        GRTST DEPTH:   2 ON 27,26  7 = DUSTSTORM OR SANDSTORM:
                                                       VSBY 1/2 MILE OR LESS
                                                   8 = SMOKE OR HAZE
[NO. OF DAYS WITH]      [WEATHER - DAYS WITH]      9 = BLOWING SNOW
                                                   X = TORNADO
MAX 32 OR BELOW:   2    0.01 INCH OR MORE:  11
MAX 90 OR ABOVE:   0    0.10 INCH OR MORE:   6
MIN 32 OR BELOW:  16    0.50 INCH OR MORE:   2
MIN  0 OR BELOW:   0    1.00 INCH OR MORE:   0

[HDD (BASE 65) ]
TOTAL THIS MO.   655    CLEAR  (SCALE 0-3)  10
DPTR FM NORMAL   184    PTCLDY (SCALE 4-7)   7
TOTAL FM JUL 1  1006    CLOUDY (SCALE 8-10) 10
DPTR FM NORMAL   171

[CDD (BASE 65) ]
TOTAL THIS MO.     0
DPTR FM NORMAL     0    [PRESSURE DATA]
TOTAL FM JAN 1   827    HIGHEST SLP M ON M
DPTR FM NORMAL   -24    LOWEST  SLP 29.58 ON 17

[REMARKS]

DUE TO A POWER FAILURE CAUSING A MISSING LOW TEMPERATURE ON MAY
30...THE SEASONAL TOTAL AND DEPARTURE FROM NORMAL FOR CDD WILL BE
CALCULATED WITHOUT DATA FROM THAT DATE.
