000
CXUS55 KSEW 250930
CF6BLI
PRELIMINARY LOCAL CLIMATOLOGICAL DATA (WS FORM: F-6)

                                          STATION:   BELLINGHAM WA AIRPORT
                                          MONTH:     MAY
                                          YEAR:      2015
                                          LATITUDE:   48 47 N
                                          LONGITUDE: 122 32 W

  TEMPERATURE IN F:       :PCPN:    SNOW:  WIND      :SUNSHINE: SKY     :PK WND
================================================================================
1   2   3   4   5  6A  6B    7    8   9   10  11  12  13   14  15   16   17  18
                                     12Z  AVG MX 2MIN
DY MAX MIN AVG DEP HDD CDD  WTR  SNW DPTH SPD SPD DIR MIN PSBL S-S WX    SPD DR
================================================================================

 1  61  45  53   2  12   0 0.00  0.0    0  5.6 14 160   M    M   3        17 180
 2  61  42  52   1  13   0 0.00  0.0    0  3.4 12 280   M    M   3        17 280
 3  65  36  51   0  14   0 0.00  0.0    0  2.0 10 290   M    M   0        15 290
 4  61  41  51  -1  14   0 0.11  0.0    0  7.0 20 170   M    M   4 1      25 170
 5  56  45  51  -1  14   0 0.40  0.0    0  7.4 16 160   M    M   5 1      22 160
 6  61  41  51  -1  14   0 0.00  0.0    0  3.0 13 270   M    M   4        17 280
 7  65  37  51  -1  14   0 0.00  0.0    0  1.7 10 270   M    M   0        15 310
 8  76  41  59   7   6   0 0.00  0.0    0  3.7 17  30   M    M   0        22  30
 9  75  42  59   6   6   0 0.00  0.0    0  2.3  8 180   M    M   0        14 260
10  67  50  59   6   6   0 0.00  0.0    0  6.6 15 170   M    M   1        22 160
11  61  49  55   2  10   0 0.04  0.0    0  9.0 17 170   M    M   4        25 160
12  65  45  55   2  10   0 0.01  0.0    0  5.6 14 170   M    M   4        20 170
13  57  52  55   2  10   0 0.07  0.0    0 10.2 17 160   M    M  10        23 170
14  64  49  57   3   8   0 0.00  0.0    0  2.9  9 290   M    M   5        14 230
15  65  47  56   2   9   0 0.00  0.0    0  5.9 13 170   M    M   7        17 170
16  60  55  58   4   7   0 0.00  0.0    0 10.6 17 170   M    M   8        25 170
17  67  53  60   6   5   0 0.00  0.0    0  3.9 10 160   M    M   5        14 160
18  74  51  63   9   2   0 0.00  0.0    0  3.1 13 280   M    M   2        16 270
19  63  52  58   3   7   0 0.00  0.0    0  9.6 15 170   M    M   3 1      21 170
20  73  52  63   8   2   0 0.00  0.0    0  5.7 14 170   M    M   3 1      18 170
21  75  53  64   9   1   0 0.00  0.0    0  5.6 13 170   M    M   0        17 180
22  62  54  58   3   7   0    T  0.0    0 10.2 16 160   M    M   3        25 160
23  60  55  58   3   7   0    T  0.0    0  6.9 15 170   M    M   6        21 160
24  62  53  58   3   7   0 0.00  0.0    0  8.8 17 170   M    M   6        22 160
================================================================================
SM 1556 1140       205   0  0.63     0.0 140.7          M       86
================================================================================
AV 64.8 47.5                               5.9 FASTST   M    M   4    MAX(MPH)
                                 MISC ---->  # 20 170               # 25  170
================================================================================
NOTES:
# LAST OF SEVERAL OCCURRENCES

COLUMN 17 PEAK WIND IN M.P.H.

PRELIMINARY LOCAL CLIMATOLOGICAL DATA (WS FORM: F-6) , PAGE 2

                                          STATION:  BELLINGHAM WA AIRPORT
                                          MONTH:    MAY
                                          YEAR:     2015
                                          LATITUDE:   48 47 N
                                          LONGITUDE: 122 32 W

[TEMPERATURE DATA]      [PRECIPITATION DATA]       SYMBOLS USED IN COLUMN 16

AVERAGE MONTHLY: 56.2   TOTAL FOR MONTH:   0.63    1 = FOG OR MIST
DPTR FM NORMAL:   2.9   DPTR FM NORMAL:   -1.28    2 = FOG REDUCING VISIBILITY
HIGHEST:    76 ON  8    GRTST 24HR  0.40 ON  5- 5      TO 1/4 MILE OR LESS
LOWEST:     36 ON  3                               3 = THUNDER
                        SNOW, ICE PELLETS, HAIL    4 = ICE PELLETS
                        TOTAL MONTH:   0.0 INCH    5 = HAIL
                        GRTST 24HR     0.0         6 = FREEZING RAIN OR DRIZZLE
                        GRTST DEPTH:   0           7 = DUSTSTORM OR SANDSTORM:
                                                       VSBY 1/2 MILE OR LESS
                                                   8 = SMOKE OR HAZE
[NO. OF DAYS WITH]      [WEATHER - DAYS WITH]      9 = BLOWING SNOW
                                                   X = TORNADO
MAX 32 OR BELOW:   0    0.01 INCH OR MORE:   5
MAX 90 OR ABOVE:   0    0.10 INCH OR MORE:   2
MIN 32 OR BELOW:   0    0.50 INCH OR MORE:   0
MIN  0 OR BELOW:   0    1.00 INCH OR MORE:   0

[HDD (BASE 65) ]
TOTAL THIS MO.   205    CLEAR  (SCALE 0-3)  10
DPTR FM NORMAL   -77    PTCLDY (SCALE 4-7)  13
TOTAL FM JUL 1  4111    CLOUDY (SCALE 8-10)  1
DPTR FM NORMAL -1183

[CDD (BASE 65) ]
TOTAL THIS MO.     0
DPTR FM NORMAL     0    [PRESSURE DATA]
TOTAL FM JAN 1     0    HIGHEST SLP M ON M
DPTR FM NORMAL     0    LOWEST  SLP 29.83 ON 12

[REMARKS]
