000
CXUS55 KSEW 240930
CF6BLI
PRELIMINARY LOCAL CLIMATOLOGICAL DATA (WS FORM: F-6)

                                          STATION:   BELLINGHAM WA AIRPORT
                                          MONTH:     NOVEMBER
                                          YEAR:      2017
                                          LATITUDE:   48 47 N
                                          LONGITUDE: 122 32 W

  TEMPERATURE IN F:       :PCPN:    SNOW:  WIND      :SUNSHINE: SKY     :PK WND
================================================================================
1   2   3   4   5  6A  6B    7    8   9   10  11  12  13   14  15   16   17  18
                                     12Z  AVG MX 2MIN
DY MAX MIN AVG DEP HDD CDD  WTR  SNW DPTH SPD SPD DIR MIN PSBL S-S WX    SPD DR
================================================================================

 1  52  44  48   2  17   0 0.18  0.0    0  6.3 16 150   M    M   7 1      23 140
 2  49  31  40  -6  25   0 0.50    M    M 14.1 26  20   M    M   9 1      39  40
 3  34  31  33 -13  32   0    T    M    M 17.0 31  30   M    M  10 1      44  20
 4  36  30  33 -13  32   0 0.01    M    M  7.0 17  10   M    M  10 1      27  30
 5  39  34  37  -9  28   0 0.00  0.0    0 19.0 30  20   M    M  10        43  40
 6  45  29  37  -8  28   0 0.00  0.0    0  7.6 17  20   M    M   4        24  20
 7  45  30  38  -7  27   0 0.00  0.0    0  6.9 15  20   M    M   2        18  30
 8  52  36  44  -1  21   0    T  0.0    0  7.1 16  20   M    M   9        21  20
 9  51  42  47   2  18   0 0.07  0.0    0  6.8 17 150   M    M   8 1      24 150
10  53  35  44  -1  21   0 0.01  0.0    0  3.9 12  10   M    M   6 12     14  10
11  55  36  46   2  19   0 0.04  0.0    0  6.3 23 140   M    M  10 1      33 130
12  54  45  50   6  15   0 0.87  0.0    0  8.8 29 130   M    M  10 1      37 130
13  55  45  50   6  15   0 0.18  0.0    0 21.3 44 150   M    M   5 1      57 150
14  53  45  49   5  16   0 0.09  0.0    0 21.6 37 140   M    M   8 1      54 150
15  51  46  49   6  16   0 0.21  0.0    0 16.8 30 130   M    M   9 1      43 130
16  47  42  45   2  20   0 0.21  0.0    0 11.8 21 150   M    M   9 1      29 150
17  49  37  43   0  22   0 0.09  0.0    0  5.3 13 170   M    M   8 1      18 160
18  53  46  50   7  15   0    T  0.0    0 12.3 21 150   M    M   8        29 150
19  51  43  47   5  18   0 0.32  0.0    0 21.9 39 150   M    M  10        54 150
20  48  33  41  -1  24   0 0.52  0.0    0  3.7 13 130   M    M   7 1      17 130
21  60  33  47   5  18   0 0.62  0.0    0  8.3 35 150   M    M   8 1      52 130
22  68  47  58  16   7   0 0.67  0.0    0 14.6 31 160   M    M   9 1      43 160
23  58  49  54  12  11   0 0.38  0.0    0  6.6 17 160   M    M   9 1      26 160
================================================================================
SM 1158  889       465   0  4.97     0.0 255.0          M      185
================================================================================
AV 50.4 38.7                              11.1 FASTST   M    M   8    MAX(MPH)
                                 MISC ---->  # 44 150               # 57  150
================================================================================
NOTES:
# LAST OF SEVERAL OCCURRENCES

COLUMN 17 PEAK WIND IN M.P.H.

PRELIMINARY LOCAL CLIMATOLOGICAL DATA (WS FORM: F-6) , PAGE 2

                                          STATION:  BELLINGHAM WA AIRPORT
                                          MONTH:    NOVEMBER
                                          YEAR:     2017
                                          LATITUDE:   48 47 N
                                          LONGITUDE: 122 32 W

[TEMPERATURE DATA]      [PRECIPITATION DATA]       SYMBOLS USED IN COLUMN 16

AVERAGE MONTHLY: 44.5   TOTAL FOR MONTH:   4.97    1 = FOG OR MIST
DPTR FM NORMAL:   0.5   DPTR FM NORMAL:    0.46    2 = FOG REDUCING VISIBILITY
HIGHEST:    68 ON 22    GRTST 24HR  0.87 ON 12-12      TO 1/4 MILE OR LESS
LOWEST:     29 ON  6                               3 = THUNDER
                        SNOW, ICE PELLETS, HAIL    4 = ICE PELLETS
                        TOTAL MONTH:   0.0 INCH    5 = HAIL
                        GRTST 24HR     0.0         6 = FREEZING RAIN OR DRIZZLE
                        GRTST DEPTH:   0           7 = DUSTSTORM OR SANDSTORM:
                                                       VSBY 1/2 MILE OR LESS
                                                   8 = SMOKE OR HAZE
[NO. OF DAYS WITH]      [WEATHER - DAYS WITH]      9 = BLOWING SNOW
                                                   X = TORNADO
MAX 32 OR BELOW:   0    0.01 INCH OR MORE:  17
MAX 90 OR ABOVE:   0    0.10 INCH OR MORE:  11
MIN 32 OR BELOW:   5    0.50 INCH OR MORE:   5
MIN  0 OR BELOW:   0    1.00 INCH OR MORE:   0

[HDD (BASE 65) ]
TOTAL THIS MO.   465    CLEAR  (SCALE 0-3)   1
DPTR FM NORMAL   -17    PTCLDY (SCALE 4-7)   9
TOTAL FM JUL 1  1138    CLOUDY (SCALE 8-10) 13
DPTR FM NORMAL  -248

[CDD (BASE 65) ]
TOTAL THIS MO.     0
DPTR FM NORMAL     0    [PRESSURE DATA]
TOTAL FM JAN 1    97    HIGHEST SLP M ON M
DPTR FM NORMAL    55    LOWEST  SLP 29.38 ON 13

[REMARKS]
