000
CXUS53 KIND 250730
CF6BMG
PRELIMINARY LOCAL CLIMATOLOGICAL DATA (WS FORM: F-6)

                                          STATION:   BLOOMINGTON IN
                                          MONTH:     OCTOBER
                                          YEAR:      2014
                                          LATITUDE:   39  7 N
                                          LONGITUDE:  86 37 W

  TEMPERATURE IN F:       :PCPN:    SNOW:  WIND      :SUNSHINE: SKY     :PK WND
================================================================================
1   2   3   4   5  6A  6B    7    8   9   10  11  12  13   14  15   16   17  18
                                     12Z  AVG MX 2MIN
DY MAX MIN AVG DEP HDD CDD  WTR  SNW DPTH SPD SPD DIR MIN PSBL S-S WX    SPD DR
================================================================================

 1  79  51  65   6   0   0 0.00    M    M  4.6  9 120   M    M   1 1      13  60
 2  84  59  72  13   0   7 0.08    M    M  7.3 15 170   M    M   4 13     22 190
 3  73  44  59   0   6   0 0.69    M    M 10.2 28 190   M    M  10 13     35 190
 4  54  39  47 -11  18   0    T    M    M  9.2 22 250   M    M   7        32 240
 5  60  36  48 -10  17   0 0.01    M    M  6.5 17 220   M    M   6 3      25 210
 6  70  42  56  -2   9   0 0.26    M    M  6.4 21 240   M    M   4 13     33 310
 7  64  46  55  -2  10   0 0.58    M    M  6.0 13 220   M    M   7 13     17 220
 8  70  44  57   0   8   0 0.00    M    M  3.5 15 270   M    M   0        20 260
 9  60  44  52  -5  13   0 0.01    M    M  2.4 10  40   M    M   8        13  20
10  55  48  52  -4  13   0 0.28    M    M  7.5 14  40   M    M  10 1      18  40
11  58  44  51  -5  14   0 0.00    M    M  6.9 15  30   M    M   1        21  90
12  62  45  54  -2  11   0 0.27    M    M  6.7 12 120   M    M   7 1      16 160
13  75  61  68  13   0   3 1.26    M    M 12.0 26 230   M    M   8 138    38 240
14  66  55  61   6   4   0 0.52    M    M 11.7 23 200   M    M  10 1      34 210
15  58  53  56   1   9   0 0.32    M    M  6.5 13 190   M    M  10 1      17 310
16  61  49  55   0  10   0 0.03    M    M  6.5 12 180   M    M   9 1      18 180
17  71  50  61   7   4   0 0.00    M    M  9.4 21 270   M    M   3        30 290
18  56  41  49  -5  16   0 0.01    M    M  6.0 13 360   M    M   9 1      19  10
19  57  42  50  -4  15   0 0.00    M    M  3.1 12 180   M    M   5        13 250
20  70  46  58   4   7   0 0.00    M    M  7.1 20 210   M    M   5 8      26 210
21  60  43  52  -1  13   0 0.00    M    M  4.9 15  20   M    M   7        20 360
22  60  34  47  -6  18   0 0.00    M    M  4.0 13  60   M    M   0 1      16  40
23  61  32  47  -6  18   0 0.00    M    M  1.1  8 220   M    M   0 12     11 160
24  68  35  52   0  13   0    T    M    M  2.0 10 260   M    M   3 1      13 270
================================================================================
SM 1552 1083       246  10  4.32    M    151.5          M      134
================================================================================
AV 64.7 45.1                               6.3 FASTST   M    M   6    MAX(MPH)
                                 MISC ---->  # 28 190               # 38  240
================================================================================
NOTES:
# LAST OF SEVERAL OCCURRENCES

COLUMN 17 PEAK WIND IN M.P.H.

PRELIMINARY LOCAL CLIMATOLOGICAL DATA (WS FORM: F-6) , PAGE 2

                                          STATION:  BLOOMINGTON IN
                                          MONTH:    OCTOBER
                                          YEAR:     2014
                                          LATITUDE:   39  7 N
                                          LONGITUDE:  86 37 W

[TEMPERATURE DATA]      [PRECIPITATION DATA]       SYMBOLS USED IN COLUMN 16

AVERAGE MONTHLY: 54.9   TOTAL FOR MONTH:   4.32    1 = FOG OR MIST
DPTR FM NORMAL:  -0.8   DPTR FM NORMAL:    1.53    2 = FOG REDUCING VISIBILITY
HIGHEST:    84 ON  2    GRTST 24HR  1.41 ON 13-14      TO 1/4 MILE OR LESS
LOWEST:     32 ON 23                               3 = THUNDER
                        SNOW, ICE PELLETS, HAIL    4 = ICE PELLETS
                        TOTAL MONTH:    M          5 = HAIL
                        GRTST 24HR    M  ON   M    6 = FREEZING RAIN OR DRIZZLE
                        GRTST DEPTH:  M  ON   M    7 = DUSTSTORM OR SANDSTORM:
                                                       VSBY 1/2 MILE OR LESS
                                                   8 = SMOKE OR HAZE
[NO. OF DAYS WITH]      [WEATHER - DAYS WITH]      9 = BLOWING SNOW
                                                   X = TORNADO
MAX 32 OR BELOW:   0    0.01 INCH OR MORE:  13
MAX 90 OR ABOVE:   0    0.10 INCH OR MORE:   8
MIN 32 OR BELOW:   1    0.50 INCH OR MORE:   4
MIN  0 OR BELOW:   0    1.00 INCH OR MORE:   1

[HDD (BASE 65) ]
TOTAL THIS MO.   246    CLEAR  (SCALE 0-3)   6
DPTR FM NORMAL    10    PTCLDY (SCALE 4-7)  12
TOTAL FM JUL 1   350    CLOUDY (SCALE 8-10)  6
DPTR FM NORMAL    29

[CDD (BASE 65) ]
TOTAL THIS MO.    10
DPTR FM NORMAL    -1    [PRESSURE DATA]
TOTAL FM JAN 1   903    HIGHEST SLP M ON M
DPTR FM NORMAL   -21    LOWEST  SLP 29.51 ON 14

[REMARKS]
