000
CXUS53 KIND 260730
CF6BMG
PRELIMINARY LOCAL CLIMATOLOGICAL DATA (WS FORM: F-6)

                                          STATION:   BLOOMINGTON IN
                                          MONTH:     FEBRUARY
                                          YEAR:      2015
                                          LATITUDE:   39  7 N
                                          LONGITUDE:  86 37 W

  TEMPERATURE IN F:       :PCPN:    SNOW:  WIND      :SUNSHINE: SKY     :PK WND
================================================================================
1   2   3   4   5  6A  6B    7    8   9   10  11  12  13   14  15   16   17  18
                                     12Z  AVG MX 2MIN
DY MAX MIN AVG DEP HDD CDD  WTR  SNW DPTH SPD SPD DIR MIN PSBL S-S WX    SPD DR
================================================================================

 1  44  32  38   8  27   0 0.39    M    M  8.2 17 280   M    M  10 1      26 270
 2  34  17  26  -4  39   0    T    M    M  8.2 18 280   M    M  10 1      29 360
 3  37  18  28  -3  37   0 0.00    M    M  9.1 18 200   M    M   1        24 210
 4  46  18  32   1  33   0 0.07    M    M 10.5 21 360   M    M   5 18     25 360
 5  27   6  17 -14  48   0 0.00    M    M  3.5 15 350   M    M   0        22 350
 6  38   9  24  -7  41   0 0.00    M    M  7.4 15 230   M    M   1        18 220
 7  58  34  46  15  19   0 0.00    M    M 12.2 23 220   M    M   0        31 230
 8  57  41  49  18  16   0    T    M    M 12.9 23 230   M    M   5 18     33 220
 9  41  27  34   2  31   0 0.00    M    M 12.8 20 360   M    M  10 1      24 360
10  42  20  31  -1  34   0 0.00    M    M  5.6 15  20   M    M   3 1      18 360
11  42  22  32   0  33   0    T    M    M  8.0 20 290   M    M   7 18     28 300
12  29  14  22 -10  43   0    T    M    M  9.9 18  10   M    M   9 1      26 290
13  31   8  20 -12  45   0    T    M    M  6.1 18 210   M    M   4        22 240
14  31   7  19 -14  46   0    T    M    M 13.6 30 280   M    M   7 8      45 270
15  22   4  13 -20  52   0    T    M    M  5.6 13  80   M    M   4        16  80
16  16  -1   8 -25  57   0 0.14    M    M  7.1 14  90   M    M   8 18     16 100
17  24 -10   7 -26  58   0    T    M    M  5.6 16 230   M    M   5 18     21 230
18  21  -1  10 -24  55   0 0.11    M    M  9.2 22 290   M    M   7 189    32 260
19   7  -9  -1 -35  66   0 0.00    M    M  7.1 15 280   M    M   1 1      20 280
20  19 -16   2 -32  63   0    T    M    M  8.9 18 150   M    M   6        24 150
21  33  16  25 -10  40   0 0.55    M    M  3.8 13 350   M    M   6 12     16 350
22  31  16  24 -11  41   0 0.00    M    M  5.8 16 350   M    M   8 18     20  10
23  20  -8   6 -29  59   0 0.00    M    M  6.4 15 360   M    M   2 1      18 350
24  26 -16   5 -31  60   0 0.00    M    M  8.5 23 230   M    M   1 18     30 230
25  37   6  22 -14  43   0 0.00    M    M  4.7 12  60   M    M   1 18     14 240
================================================================================
SM  813  254      1086   0  1.26    M    200.7          M      121
================================================================================
AV 32.5 10.2                               8.0 FASTST   M    M   5    MAX(MPH)
                                 MISC ---->  # 30 280               # 45  270
================================================================================
NOTES:
# LAST OF SEVERAL OCCURRENCES

COLUMN 17 PEAK WIND IN M.P.H.

PRELIMINARY LOCAL CLIMATOLOGICAL DATA (WS FORM: F-6) , PAGE 2

                                          STATION:  BLOOMINGTON IN
                                          MONTH:    FEBRUARY
                                          YEAR:     2015
                                          LATITUDE:   39  7 N
                                          LONGITUDE:  86 37 W

[TEMPERATURE DATA]      [PRECIPITATION DATA]       SYMBOLS USED IN COLUMN 16

AVERAGE MONTHLY: 21.3   TOTAL FOR MONTH:   1.26    1 = FOG OR MIST
DPTR FM NORMAL: -11.3   DPTR FM NORMAL:   -1.27    2 = FOG REDUCING VISIBILITY
HIGHEST:    58 ON  7    GRTST 24HR  0.55 ON 21-21      TO 1/4 MILE OR LESS
LOWEST:    -16 ON 24,20                            3 = THUNDER
                        SNOW, ICE PELLETS, HAIL    4 = ICE PELLETS
                        TOTAL MONTH:    M          5 = HAIL
                        GRTST 24HR    M  ON   M    6 = FREEZING RAIN OR DRIZZLE
                        GRTST DEPTH:  M  ON   M    7 = DUSTSTORM OR SANDSTORM:
                                                       VSBY 1/2 MILE OR LESS
                                                   8 = SMOKE OR HAZE
[NO. OF DAYS WITH]      [WEATHER - DAYS WITH]      9 = BLOWING SNOW
                                                   X = TORNADO
MAX 32 OR BELOW:  13    0.01 INCH OR MORE:   5
MAX 90 OR ABOVE:   0    0.10 INCH OR MORE:   4
MIN 32 OR BELOW:  23    0.50 INCH OR MORE:   1
MIN  0 OR BELOW:   7    1.00 INCH OR MORE:   0

[HDD (BASE 65) ]
TOTAL THIS MO.  1086    CLEAR  (SCALE 0-3)   9
DPTR FM NORMAL   278    PTCLDY (SCALE 4-7)  11
TOTAL FM JUL 1  4417    CLOUDY (SCALE 8-10)  5
DPTR FM NORMAL   434

[CDD (BASE 65) ]
TOTAL THIS MO.     0
DPTR FM NORMAL     0    [PRESSURE DATA]
TOTAL FM JAN 1     0    HIGHEST SLP  0.00 ON  3
DPTR FM NORMAL     0    LOWEST  SLP 29.57 ON  1

[REMARKS]
