000
CXUS53 KIND 270730
CF6BMG
PRELIMINARY LOCAL CLIMATOLOGICAL DATA (WS FORM: F-6)

                                          STATION:   BLOOMINGTON IN
                                          MONTH:     MARCH
                                          YEAR:      2017
                                          LATITUDE:   39  7 N
                                          LONGITUDE:  86 37 W

  TEMPERATURE IN F:       :PCPN:    SNOW:  WIND      :SUNSHINE: SKY     :PK WND
================================================================================
1   2   3   4   5  6A  6B    7    8   9   10  11  12  13   14  15   16   17  18
                                     12Z  AVG MX 2MIN
DY MAX MIN AVG DEP HDD CDD  WTR  SNW DPTH SPD SPD DIR MIN PSBL S-S WX    SPD DR
================================================================================

 1  66  39  53  16  12   0 0.91    M    M 15.7 28 290   M    M   9 13     40 280
 2  44  30  37  -1  28   0    T    M    M  9.8 22 270   M    M   5        29 250
 3  39  25  32  -6  33   0 0.00    M    M  4.5 15 290   M    M   1        21 280
 4  54  29  42   4  23   0 0.00    M    M  9.4 18 140   M    M   4        23 130
 5  67  32  50  11  15   0 0.00    M    M 12.4 25 230   M    M   2        34 230
 6  63  49  56  17   9   0 0.63    M    M 12.1 24 190   M    M  10 1      33 190
 7  65  40  53  14  12   0 0.64    M    M 12.5 31 200   M    M   6 13     45 180
 8  59  40  50  10  15   0 0.00    M    M 10.6 25 250   M    M   0        34 240
 9  68  35  52  12  13   0 0.04    M    M  7.4 20  30   M    M   2        24  20
10  43  29  36  -5  29   0 0.00    M    M 11.3 24  10   M    M   1        29  10
11  37  25  31 -10  34   0 0.00    M    M  6.9 13 360   M    M   2        15 360
12  38  18  28 -13  37   0 0.00    M    M  4.7 13 120   M    M   0        16 100
13  33  29  31 -11  34   0 0.07    M    M  7.3 14 360   M    M   7 18     18 130
14  33  22  28 -14  37   0    T    M    M 11.4 20 360   M    M   7 8      26 360
15  34  18  26 -16  39   0 0.00    M    M  6.9 16 280   M    M   2        25 270
16  44  14  29 -14  36   0 0.00    M    M  2.3 10 240   M    M   0        14 220
17  48  35  42  -1  23   0 0.02    M    M  8.1 16 220   M    M  10 128    24 180
18  46  37  42  -2  23   0 0.00    M    M  7.8 16 290   M    M   9 12     22 320
19  55  33  44   0  21   0 0.00    M    M  4.6 10 160   M    M   5        15 130
20  68  42  55  11  10   0 0.02    M    M  8.6 24 130   M    M   8 3      31 120
21  64  41  53   8  12   0 0.00    M    M 10.4 21  10   M    M   4 18     24  10
22  45  29  37  -8  28   0 0.00    M    M 10.2 17  50   M    M   0        25  40
23  56  29  43  -3  22   0    T    M    M  8.8 15 150   M    M   4        20 120
24  74  50  62  16   3   0 0.00    M    M 13.4 24 230   M    M   3        37 210
25  75  59  67  21   0   2 0.24    M    M  9.7 24 190   M    M   4 1      35 180
26  62  49  56   9   9   0 0.70    M    M  9.2 17 230   M    M   9 1      23 240
================================================================================
SM 1380  878       557   2  3.27    M    236.0          M      114
================================================================================
AV 53.1 33.8                               9.1 FASTST   M    M   4    MAX(MPH)
                                 MISC ---->  # 31 200               # 45  180
================================================================================
NOTES:
# LAST OF SEVERAL OCCURRENCES

COLUMN 17 PEAK WIND IN M.P.H.

PRELIMINARY LOCAL CLIMATOLOGICAL DATA (WS FORM: F-6) , PAGE 2

                                          STATION:  BLOOMINGTON IN
                                          MONTH:    MARCH
                                          YEAR:     2017
                                          LATITUDE:   39  7 N
                                          LONGITUDE:  86 37 W

[TEMPERATURE DATA]      [PRECIPITATION DATA]       SYMBOLS USED IN COLUMN 16

AVERAGE MONTHLY: 43.4   TOTAL FOR MONTH:   3.27    1 = FOG OR MIST
DPTR FM NORMAL:   1.5   DPTR FM NORMAL:    0.26    2 = FOG REDUCING VISIBILITY
HIGHEST:    75 ON 25    GRTST 24HR  0.91 ON  1- 1      TO 1/4 MILE OR LESS
LOWEST:     14 ON 16                               3 = THUNDER
                        SNOW, ICE PELLETS, HAIL    4 = ICE PELLETS
                        TOTAL MONTH:    M          5 = HAIL
                        GRTST 24HR    M  ON   M    6 = FREEZING RAIN OR DRIZZLE
                        GRTST DEPTH:  M  ON   M    7 = DUSTSTORM OR SANDSTORM:
                                                       VSBY 1/2 MILE OR LESS
                                                   8 = SMOKE OR HAZE
[NO. OF DAYS WITH]      [WEATHER - DAYS WITH]      9 = BLOWING SNOW
                                                   X = TORNADO
MAX 32 OR BELOW:   0    0.01 INCH OR MORE:   9
MAX 90 OR ABOVE:   0    0.10 INCH OR MORE:   5
MIN 32 OR BELOW:  13    0.50 INCH OR MORE:   4
MIN  0 OR BELOW:   0    1.00 INCH OR MORE:   0

[HDD (BASE 65) ]
TOTAL THIS MO.   557    CLEAR  (SCALE 0-3)  10
DPTR FM NORMAL   -44    PTCLDY (SCALE 4-7)  11
TOTAL FM JUL 1  3744    CLOUDY (SCALE 8-10)  5
DPTR FM NORMAL  -925

[CDD (BASE 65) ]
TOTAL THIS MO.     2
DPTR FM NORMAL     2    [PRESSURE DATA]
TOTAL FM JAN 1     2    HIGHEST SLP M ON M
DPTR FM NORMAL     2    LOWEST  SLP 29.44 ON  1

[REMARKS]
