000
CXUS53 KILX 300900
CF6BMI
PRELIMINARY LOCAL CLIMATOLOGICAL DATA (WS FORM: F-6)

                                          STATION:   BLOOMINGTON IL AIRPORT
                                          MONTH:     JANUARY
                                          YEAR:      2015
                                          LATITUDE:   40 28 N
                                          LONGITUDE:  88 56 W

  TEMPERATURE IN F:       :PCPN:    SNOW:  WIND      :SUNSHINE: SKY     :PK WND
================================================================================
1   2   3   4   5  6A  6B    7    8   9   10  11  12  13   14  15   16   17  18
                                     12Z  AVG MX 2MIN
DY MAX MIN AVG DEP HDD CDD  WTR  SNW DPTH SPD SPD DIR MIN PSBL S-S WX    SPD DR
================================================================================

 1  30  16  23   M  42   0 0.00    M    M 14.9 20 240   M    M   0        25 250
 2  37  19  28   M  37   0    T    M    M  6.5 12 150   M    M   3 1       M  M
 3  37  33  35   M  30   0 0.77    M    M  5.8 12 160   M    M  10 12      M  M
 4  33   7  20   M  45   0 0.04    M    M 16.9 27 290   M    M   8 16     36 300
 5  12   1   7   M  58   0    T    M    M 10.9 20 290   M    M   3 1      24 290
 6  13   5   9   M  56   0    T    M    M 10.2 21 300   M    M   4 1      25 300
 7  11  -7   2   M  63   0    T    M    M 17.9 24 320   M    M   2 8      38 310
 8  22 -10   6   M  59   0    T    M    M 18.9 31 190   M    M   4 189    41 190
 9  14   1   8   M  57   0    T    M    M 17.5 25 290   M    M   5 18     32 300
10  25  -3  11   M  54   0 0.00    M    M 15.5 29 190   M    M   4        36 190
11  32  24  28   M  37   0 0.02    M    M  9.7 16 200   M    M  10 16      M  M
12  31   7  19   M  46   0    M    M    M 14.3 21 350   M    M   3 1      27 350
13  15   1   8   M  57   0    T    M    M  9.2 14  30   M    M   3         M  M
14  17  -3   7   M  58   0    T    M    M  5.2 10 200   M    M   4 12      M  M
15  33  11  22   M  43   0 0.00    M    M 11.6 15 220   M    M   0         M  M
16  35  18  27   M  38   0 0.00    M    M  8.4 16 180   M    M   0 12      M  M
17  44  30  37   M  28   0 0.00    M    M 17.3 24 200   M    M   2        31 280
18  43  28  36   M  29   0    T    M    M 11.9 20 260   M    M   1        24 260
19  45  26  36   M  29   0 0.03    M    M  5.2  8 120   M    M   1 1       M  M
20  39  32  36   M  29   0    T    M    M  8.4 14 320   M    M   7 1       M  M
21  36  31  34   M  31   0    T    M    M 10.2 15 270   M    M   9 1      20 280
22  34  31  33   M  32   0 0.00    M    M  3.2  7 220   M    M  10 1       M  M
23  34  27  31   M  34   0 0.00    M    M  7.9 10 240   M    M   6         M  M
24  45  28  37   M  28   0 0.00    M    M 11.1 16 250   M    M   2         M  M
25  37  24  31   M  34   0 0.16    M    M 14.6 28  30   M    M   8 1      37  30
26  31  18  25   M  40   0    T    M    M  8.2 13 180   M    M   6 16      M  M
27  34  29  32   M  33   0 0.00    M    M  6.9 12 360   M    M  10 1       M  M
28  40  21  31   M  34   0    T    M    M 16.9 29 180   M    M   1 1      36 180
29  41  32  37   M  28   0    T    M    M 18.7 25 310   M    M   7 1      37 310
================================================================================
SM  900  477      1189   0  1.02    M    333.9          M      133
================================================================================
AV 31.0 16.4                              11.5 FASTST   M    M   5    MAX(MPH)
                                 MISC ---->    31   M                 41    M
================================================================================
NOTES:
# LAST OF SEVERAL OCCURRENCES

COLUMN 17 PEAK WIND IN M.P.H.

PRELIMINARY LOCAL CLIMATOLOGICAL DATA (WS FORM: F-6) , PAGE 2

                                          STATION:  BLOOMINGTON IL AIRPORT
                                          MONTH:    JANUARY
                                          YEAR:     2015
                                          LATITUDE:   40 28 N
                                          LONGITUDE:  88 56 W

[TEMPERATURE DATA]      [PRECIPITATION DATA]       SYMBOLS USED IN COLUMN 16

AVERAGE MONTHLY: 23.7   TOTAL FOR MONTH:   1.02    1 = FOG OR MIST
DPTR FM NORMAL:     M   DPTR FM NORMAL:       M    2 = FOG REDUCING VISIBILITY
HIGHEST:    45 ON 24,19 GRTST 24HR  0.77 ON  3- 3      TO 1/4 MILE OR LESS
LOWEST:    -10 ON  8                               3 = THUNDER
                        SNOW, ICE PELLETS, HAIL    4 = ICE PELLETS
                        TOTAL MONTH:    M          5 = HAIL
                        GRTST 24HR    M  ON   M    6 = FREEZING RAIN OR DRIZZLE
                        GRTST DEPTH:  M  ON   M    7 = DUSTSTORM OR SANDSTORM:
                                                       VSBY 1/2 MILE OR LESS
                                                   8 = SMOKE OR HAZE
[NO. OF DAYS WITH]      [WEATHER - DAYS WITH]      9 = BLOWING SNOW
                                                   X = TORNADO
MAX 32 OR BELOW:  12    0.01 INCH OR MORE:   5
MAX 90 OR ABOVE:   0    0.10 INCH OR MORE:   2
MIN 32 OR BELOW:  28    0.50 INCH OR MORE:   1
MIN  0 OR BELOW:   4    1.00 INCH OR MORE:   0

[HDD (BASE 65) ]
TOTAL THIS MO.  1189    CLEAR  (SCALE 0-3)  11
DPTR FM NORMAL     M    PTCLDY (SCALE 4-7)  13
TOTAL FM JUL 1  3595    CLOUDY (SCALE 8-10)  5
DPTR FM NORMAL     M

[CDD (BASE 65) ]
TOTAL THIS MO.     0
DPTR FM NORMAL     M    [PRESSURE DATA]
TOTAL FM JAN 1     0    HIGHEST SLP M ON M
DPTR FM NORMAL     M    LOWEST  SLP M ON M

[REMARKS]
