000
CXUS55 KOHX 251010
CF6BNA
PRELIMINARY LOCAL CLIMATOLOGICAL DATA (WS FORM: F-6)

                                          STATION:   NASHVILLE
                                          MONTH:     MAY
                                          YEAR:      2016
                                          LATITUDE:   36  7 N
                                          LONGITUDE:  86 41 W

  TEMPERATURE IN F:       :PCPN:    SNOW:  WIND      :SUNSHINE: SKY     :PK WND
================================================================================
1   2   3   4   5  6A  6B    7    8   9   10  11  12  13   14  15   16   17  18
                                     12Z  AVG MX 2MIN
DY MAX MIN AVG DEP HDD CDD  WTR  SNW DPTH SPD SPD DIR MIN PSBL S-S WX    SPD DR
================================================================================

 1  83  63  73   9   0   8    T  0.0    0  5.4 15 190   M    M   5 13     20 230
 2  68  57  63  -1   2   0 0.40  0.0    0  5.3 18 320   M    M   9 13     23 310
 3  67  53  60  -4   5   0 0.00  0.0    0  6.0 14 320   M    M   8        20 330
 4  70  46  58  -6   7   0 0.06  0.0    0  6.7 30 340   M    M   3 13     45 340
 5  60  44  52 -12  13   0 0.00  0.0    0  9.3 24 360   M    M   6        31 350
 6  73  47  60  -5   5   0 0.00  0.0    0  7.0 17 310   M    M   2        28  10
 7  86  49  68   3   0   3 0.00  0.0    0  7.7 20 280   M    M   3        26 250
 8  86  64  75  10   0  10 0.00  0.0    0  7.0 16 280   M    M   6        25 280
 9  76  65  71   5   0   6 0.00  0.0    0  8.6 17 170   M    M   8        22 160
10  84  66  75   9   0  10 0.06  0.0    0 10.6 21 190   M    M   5 13     26 190
11  90  67  79  13   0  14 0.02  0.0    0  7.8 20 360   M    M   8 138    23 360
12  84  63  74   8   0   9 0.12  0.0    0  5.9 22 250   M    M   8 13     32 250
13  77  54  66  -1   0   1 0.00  0.0    0  5.6 15 360   M    M   2        21 320
14  65  45  55 -12  10   0    T    M    0  9.2 18 310   M    M   4 18     24 330
15  69  40  55 -12  10   0 0.00  0.0    0  3.7 15  20   M    M   3        23 320
16  72  48  60  -8   5   0 0.09    M    0  5.8 13  50   M    M   9        15  80
17  76  54  65  -3   0   0 0.07  0.0    0  6.6 14 360   M    M   8 1      18 310
18  62  52  57 -11   8   0 0.00  0.0    0  8.4 15  20   M    M   8 18     23 340
19  77  51  64  -4   1   0 0.00  0.0    0  8.2 20  50   M    M   5 1      25  40
20  67  60  64  -4   1   0 1.26  0.0    0  3.6 15 280   M    M   9 123    22 270
21  73  56  65  -4   0   0 0.00  0.0    0  6.9 18 320   M    M   7 1      24 290
22  81  51  66  -3   0   1 0.00  0.0    0  4.1 16  50   0    0   1 1      23  10
23  84  52  68  -1   0   3 0.00  0.0    0  3.3 13  50   M    M   1 8      21 320
24  87  55  71   1   0   6 0.00  0.0    0  3.8 15 180   M    M   4        18 190
================================================================================
SM 1817 1302        67  71  2.08     0.0 156.5            0    132
================================================================================
AV 75.7 54.2                               6.5 FASTST    0   0   6    MAX(MPH)
                                 MISC ---->  # 30 340               # 45  340
================================================================================
NOTES:
# LAST OF SEVERAL OCCURRENCES

COLUMN 17 PEAK WIND IN M.P.H.

PRELIMINARY LOCAL CLIMATOLOGICAL DATA (WS FORM: F-6) , PAGE 2

                                          STATION:  NASHVILLE
                                          MONTH:    MAY
                                          YEAR:     2016
                                          LATITUDE:   36  7 N
                                          LONGITUDE:  86 41 W

[TEMPERATURE DATA]      [PRECIPITATION DATA]       SYMBOLS USED IN COLUMN 16

AVERAGE MONTHLY: 65.0   TOTAL FOR MONTH:   2.08    1 = FOG OR MIST
DPTR FM NORMAL:  -1.6   DPTR FM NORMAL:   -2.28    2 = FOG REDUCING VISIBILITY
HIGHEST:    90 ON 11    GRTST 24HR  1.26 ON 19-20      TO 1/4 MILE OR LESS
LOWEST:     40 ON 15                               3 = THUNDER
                        SNOW, ICE PELLETS, HAIL    4 = ICE PELLETS
                        TOTAL MONTH:   0.0 INCH    5 = HAIL
                        GRTST 24HR     0.0         6 = FREEZING RAIN OR DRIZZLE
                        GRTST DEPTH:   0           7 = DUSTSTORM OR SANDSTORM:
                                                       VSBY 1/2 MILE OR LESS
                                                   8 = SMOKE OR HAZE
[NO. OF DAYS WITH]      [WEATHER - DAYS WITH]      9 = BLOWING SNOW
                                                   X = TORNADO
MAX 32 OR BELOW:   0    0.01 INCH OR MORE:   8
MAX 90 OR ABOVE:   1    0.10 INCH OR MORE:   3
MIN 32 OR BELOW:   0    0.50 INCH OR MORE:   1
MIN  0 OR BELOW:   0    1.00 INCH OR MORE:   1

[HDD (BASE 65) ]
TOTAL THIS MO.    67    CLEAR  (SCALE 0-3)   6
DPTR FM NORMAL    16    PTCLDY (SCALE 4-7)  14
TOTAL FM JUL 1  2736    CLOUDY (SCALE 8-10)  4
DPTR FM NORMAL  -943

[CDD (BASE 65) ]
TOTAL THIS MO.    71
DPTR FM NORMAL   -17    [PRESSURE DATA]
TOTAL FM JAN 1   150    HIGHEST SLP  0.00 ON 22
DPTR FM NORMAL    17    LOWEST  SLP 29.67 ON  4

[REMARKS]
