000
CXUS56 KBOI 241002
CF6BNO
PRELIMINARY LOCAL CLIMATOLOGICAL DATA (WS FORM: F-6)

                                          STATION:   BURNS OR
                                          MONTH:     JULY
                                          YEAR:      2016
                                          LATITUDE:   43 34 N
                                          LONGITUDE: 118 57 W

  TEMPERATURE IN F:       :PCPN:    SNOW:  WIND      :SUNSHINE: SKY     :PK WND
================================================================================
1   2   3   4   5  6A  6B    7    8   9   10  11  12  13   14  15   16   17  18
                                     12Z  AVG MX 2MIN
DY MAX MIN AVG DEP HDD CDD  WTR  SNW DPTH SPD SPD DIR MIN PSBL S-S WX    SPD DR
================================================================================

 1  91  42  67   4   0   2 0.00    M    M  8.5 16 330   M    M   0        23 280
 2  89  44  67   3   0   2 0.00    M    M  6.1 21 260   M    M   0        26 260
 3  88  54  71   7   0   6 0.00    M    M 10.1 23 230   M    M   0        34 250
 4  82  42  62  -2   3   0 0.00    M    M  9.9 23 250   M    M   0        29 270
 5  78  42  60  -4   5   0 0.00    M    M  8.8 18 280   M    M   0        23 280
 6  78  40  59  -6   6   0 0.00    M    M  7.5 17 260   M    M   1        22 260
 7  84  41  63  -2   2   0 0.00    M    M  5.9 16 270   M    M   0        20 220
 8  75  47  61  -4   4   0 0.04    M    M  7.4 24 260   M    M   6        29 260
 9  78  48  63  -3   2   0    T    M    M  7.2 21 230   M    M   7        27 230
10  66  40  53 -13  12   0 0.10    M    M 12.8 25 260   M    M   6        33 240
11   M  33   M   M   M   M 0.00    M    M  4.3  8 290   M    M   0         M  M
12  79  39  59  -7   6   0 0.00    M    M  8.1 21 220   M    M   3        27 220
13  83  36  60  -7   5   0 0.00    M    M  4.9 14 320   M    M   0        16 320
14  90  44  67   0   0   2 0.00    M    M  6.1 13 270   M    M   0        18 300
15  85  50  68   1   0   3 0.00    M    M 10.3 20 270   M    M   0        25 290
16  82  40  61  -6   4   0 0.00    M    M  7.2 14 140   M    M   0        18 130
17  85  44  65  -3   0   0    T    M    M  7.1 15 240   M    M   3        19 210
18  85  41  63  -5   2   0 0.00    M    M  9.9 25 210   M    M   0        33 210
19  83  39  61  -7   4   0 0.00    M    M  6.5 20 220   M    M   0        24 230
20  85  46  66  -2   0   1 0.00    M    M  4.7 15 200   M    M   0        20 220
21  93  39  66  -2   0   1 0.00    M    M  7.9 23 220   M    M   0        29 200
22  84  45  65  -3   0   0 0.00    M    M  9.3 20 290   M    M   0        24 210
23  85  41  63  -5   2   0 0.00    M    M  7.8 15 180   M    M   0        21 180
================================================================================
SM 1828  977        57  17  0.14    M    178.3          M       26
================================================================================
AV 83.1 42.5                               7.8 FASTST   M    M   1    MAX(MPH)
                                 MISC ---->  # 25 260               # 34  250
================================================================================
NOTES:
# LAST OF SEVERAL OCCURRENCES

COLUMN 17 PEAK WIND IN M.P.H.

PRELIMINARY LOCAL CLIMATOLOGICAL DATA (WS FORM: F-6) , PAGE 2

                                          STATION:  BURNS OR
                                          MONTH:    JULY
                                          YEAR:     2016
                                          LATITUDE:   43 34 N
                                          LONGITUDE: 118 57 W

[TEMPERATURE DATA]      [PRECIPITATION DATA]       SYMBOLS USED IN COLUMN 16

AVERAGE MONTHLY: 62.8   TOTAL FOR MONTH:   0.14    1 = FOG OR MIST
DPTR FM NORMAL:  -3.4   DPTR FM NORMAL:   -0.16    2 = FOG REDUCING VISIBILITY
HIGHEST:    93 ON 21    GRTST 24HR  0.10 ON 10-10      TO 1/4 MILE OR LESS
LOWEST:     33 ON 11                               3 = THUNDER
                        SNOW, ICE PELLETS, HAIL    4 = ICE PELLETS
                        TOTAL MONTH:    M          5 = HAIL
                        GRTST 24HR    M  ON   M    6 = FREEZING RAIN OR DRIZZLE
                        GRTST DEPTH:  M  ON   M    7 = DUSTSTORM OR SANDSTORM:
                                                       VSBY 1/2 MILE OR LESS
                                                   8 = SMOKE OR HAZE
[NO. OF DAYS WITH]      [WEATHER - DAYS WITH]      9 = BLOWING SNOW
                                                   X = TORNADO
MAX 32 OR BELOW:   0    0.01 INCH OR MORE:   2
MAX 90 OR ABOVE:   3    0.10 INCH OR MORE:   1
MIN 32 OR BELOW:   0    0.50 INCH OR MORE:   0
MIN  0 OR BELOW:   0    1.00 INCH OR MORE:   0

[HDD (BASE 65) ]
TOTAL THIS MO.    57    CLEAR  (SCALE 0-3)  19
DPTR FM NORMAL     8    PTCLDY (SCALE 4-7)   4
TOTAL FM JUL 1    57    CLOUDY (SCALE 8-10)  0
DPTR FM NORMAL     8

[CDD (BASE 65) ]
TOTAL THIS MO.    17
DPTR FM NORMAL   -57    [PRESSURE DATA]
TOTAL FM JAN 1    75    HIGHEST SLP M ON M
DPTR FM NORMAL   -22    LOWEST  SLP 29.66 ON 17

[REMARKS]
