000
CXUS56 KBOI 271002
CF6BNO
PRELIMINARY LOCAL CLIMATOLOGICAL DATA (WS FORM: F-6)

                                          STATION:   BURNS OR
                                          MONTH:     DECEMBER
                                          YEAR:      2014
                                          LATITUDE:   43 34 N
                                          LONGITUDE: 118 57 W

  TEMPERATURE IN F:       :PCPN:    SNOW:  WIND      :SUNSHINE: SKY     :PK WND
================================================================================
1   2   3   4   5  6A  6B    7    8   9   10  11  12  13   14  15   16   17  18
                                     12Z  AVG MX 2MIN
DY MAX MIN AVG DEP HDD CDD  WTR  SNW DPTH SPD SPD DIR MIN PSBL S-S WX    SPD DR
================================================================================

 1  35  25  30   3  35   0 0.21    M    M  2.2  8  50   M    M  10 16     11  50
 2  40  27  34   7  31   0    T    M    M  7.9 18  40   M    M   6 12     24  40
 3  43  32  38  12  27   0 0.29    M    M  5.2 15  40   M    M  10 1      18  30
 4  49  29  39  13  26   0 0.01    M    M  2.2 10 300   M    M   7 1      12 300
 5  43  26  35   9  30   0 0.00    M    M  4.2 13  40   M    M   1        14  40
 6  53  28  41  15  24   0 0.09    M    M  4.3 13 220   M    M   5 1      18 240
 7  47  27  37  12  28   0 0.00    M    M  3.2  9  90   M    M   1        11  90
 8  50  31  41  16  24   0 0.02    M    M  4.5 15  30   M    M   7 1      17  30
 9  50  31  41  16  24   0 0.00    M    M  3.8 12  50   M    M   7        13  50
10  50  31  41  17  24   0    T    M    M  7.3 24 190   M    M   4        29 190
11  54  40  47  23  18   0 0.01    M    M 11.0 32 140   M    M   9        41 150
12  42  30  36  12  29   0 0.10    M    M  8.9 20 280   M    M   8        24 280
13  37  23  30   6  35   0 0.00    M    M  4.6 12 260   M    M   6        13 270
14  37  17  27   3  38   0 0.00    M    M  4.1 12 190   M    M   0        14 180
15  36  26  31   7  34   0 0.02    M    M 11.8 20  50   M    M   8 1      23  50
16  39  26  33   9  32   0 0.05    M    M  4.6 10  50   M    M   7 1      13  50
17  40  23  32   9  33   0 0.04    M    M  2.5  9  60   M    M   8 1      11  60
18  41  29  35  12  30   0 0.01    M    M  2.5  8  40   M    M  10 1       9  50
19  41  31  36  13  29   0 0.24    M    M  4.4 13 210   M    M   9 16     17 220
20  40  33  37  14  28   0 0.77    M    M  3.4 15 200   M    M  10 1      20 200
21  49  37  43  20  22   0 0.02    M    M 12.4 28 260   M    M   6        35 260
22  47  27  37  14  28   0 0.00    M    M  8.1 28 290   M    M   6        35 290
23  45  23  34  11  31   0 0.00    M    M  2.8  8 280   M    M   4        10  30
24  35  26  31   8  34   0 0.17    M    M  9.0 31 300   M    M   7 1      40 300
25  35  20  28   5  37   0    T    M    M  9.9 22 300   M    M   8        28 290
26  37  17  27   4  38   0 0.01    M    M  4.5 16 310   M    M   4 1      21 320
================================================================================
SM 1115  715       769   0  2.06    M    149.3          M      168
================================================================================
AV 42.9 27.5                               5.7 FASTST   M    M   6    MAX(MPH)
                                 MISC ---->  # 32 140               # 41  150
================================================================================
NOTES:
# LAST OF SEVERAL OCCURRENCES

COLUMN 17 PEAK WIND IN M.P.H.

PRELIMINARY LOCAL CLIMATOLOGICAL DATA (WS FORM: F-6) , PAGE 2

                                          STATION:  BURNS OR
                                          MONTH:    DECEMBER
                                          YEAR:     2014
                                          LATITUDE:   43 34 N
                                          LONGITUDE: 118 57 W

[TEMPERATURE DATA]      [PRECIPITATION DATA]       SYMBOLS USED IN COLUMN 16

AVERAGE MONTHLY: 35.2   TOTAL FOR MONTH:   2.06    1 = FOG OR MIST
DPTR FM NORMAL:  10.9   DPTR FM NORMAL:    0.75    2 = FOG REDUCING VISIBILITY
HIGHEST:    54 ON 11    GRTST 24HR  0.77 ON 20-20      TO 1/4 MILE OR LESS
LOWEST:     17 ON 26,14                            3 = THUNDER
                        SNOW, ICE PELLETS, HAIL    4 = ICE PELLETS
                        TOTAL MONTH:    M          5 = HAIL
                        GRTST 24HR    M  ON   M    6 = FREEZING RAIN OR DRIZZLE
                        GRTST DEPTH:  M  ON   M    7 = DUSTSTORM OR SANDSTORM:
                                                       VSBY 1/2 MILE OR LESS
                                                   8 = SMOKE OR HAZE
[NO. OF DAYS WITH]      [WEATHER - DAYS WITH]      9 = BLOWING SNOW
                                                   X = TORNADO
MAX 32 OR BELOW:   0    0.01 INCH OR MORE:  16
MAX 90 OR ABOVE:   0    0.10 INCH OR MORE:   6
MIN 32 OR BELOW:  23    0.50 INCH OR MORE:   1
MIN  0 OR BELOW:   0    1.00 INCH OR MORE:   0

[HDD (BASE 65) ]
TOTAL THIS MO.   769    CLEAR  (SCALE 0-3)   3
DPTR FM NORMAL  -291    PTCLDY (SCALE 4-7)  16
TOTAL FM JUL 1  2499    CLOUDY (SCALE 8-10)  7
DPTR FM NORMAL  -562

[CDD (BASE 65) ]
TOTAL THIS MO.     0
DPTR FM NORMAL     0    [PRESSURE DATA]
TOTAL FM JAN 1   318    HIGHEST SLP M ON M
DPTR FM NORMAL   103    LOWEST  SLP 29.49 ON 24

[REMARKS]
