000
CXAK56 PABR 270913
CF6BRW

PRELIMINARY LOCAL CLIMATOLOGICAL DATA (WS FORM: F-6)

                                          STATION:   BARROW
                                          MONTH:     02
                                          YEAR:      2015
                                          LATITUDE:   71 17 N
                                          LONGITUDE: 156 46 W

  TEMPERATURE IN F:       :PCPN:    SNOW:  WIND      :SUNSHINE: SKY     :PK WND
================================================================================
1   2   3   4   5  6A  6B    7     8   9   10  11  12  13   14  15   16  17  18
                                      12Z  AVG MX 2MIN
DY MAX MIN AVG DEP HDD CDD  WTR   SNW DPTH SPD SPD DIR MIN PSBL S-S WX   SPD DR
================================================================================

 1   7  -7   0  14  65   0  0.01  0.1   7 13.9 22  130   M    M   M 1     24 140
 2  16   0   8  22  57   0     T    T   7 13.5 21  310   M    M   M 1     23 310
 3   1 -21 -10   4  75   0     T    T   7 16.1 25  290   M    M   M 9     30 300
 4 -21 -32 -26 -12  91   0  0.00  0.0   7  4.8 10  310   M    M   M       12 310
 5  -4 -36 -20  -6  85   0     T  0.1   7 12.6 21  130   M    M   M 18    25 140
 6  -4 -21 -12   2  77   0     T    T   7 19.6 26  310   M    M   M 9     32 320
 7  -4 -17 -10   4  75   0  0.02  0.3   6 14.4 22  330   M    M   M 9     24 340
 8 -17 -29 -23  -9  88   0  0.00  0.0   6  4.6 12  330   M    M   M       13 330
 9 -13 -28 -20  -6  85   0  0.00  0.0   6  6.8 12  200   M    M   M 18    12 180
10 -16 -29 -22  -8  87   0  0.00  0.0   6  7.3 12   70   M    M   M 18    12 100
11 -20 -26 -23  -9  88   0  0.00  0.0   6 11.9 15   50   M    M   M       18  50
12 -16 -22 -19  -5  84   0  0.00  0.0   6 11.8 15   50   M    M   M       18  40
13 -19 -27 -23  -9  88   0  0.00  0.0   6 11.9 16   50   M    M   M       20  50
14 -21 -28 -24 -10  89   0  0.00  0.0   6 10.9 14   50   M    M   M       16  70
15 -13 -25 -19  -5  84   0  0.00  0.0   6 12.4 20   60   M    M   M 1     23  70
16  -4 -14  -9   5  74   0  0.00  0.0   6 18.7 24   70   M    M   M 19    28  70
17   0  -7  -3  11  68   0  0.00  0.0   6  9.7 18   50   M    M   M 1     21  50
18   4  -2   1  15  64   0  0.01  0.3   6  5.5 10   70   M    M   M 2     13  70
19  21  -4   9  23  56   0     T    T   6 15.1 24  230   M    M   M 19    30 230
20   6  -6   0  14  65   0     T    T   6  9.2 16  240   M    M   M 1     19 250
21   2  -2   0  14  65   0  0.04  0.6   7 14.6 23   60   M    M   M 1     28  60
22   1  -2   0  14  65   0  0.00  0.0   7 23.4 30   80   M    M   M 9     35  80
23   3  -4   0  14  65   0     T    T   6 23.1 33   80   M    M   M 9     37  90
24  18   0   9  23  56   0     T    T   6 12.8 26  230   M    M   M 29    32 230
25  22   6  14  28  51   0  0.02  0.4   5 27.5 37  210   M    M   M 9     43 200
26  29  20  25  39  40   0  0.08  0.8   6 17.6 30  200   M    M   M 19    33 210
================================================================================
SM  -42 -363      1887   0  0.18 2.6    349.7           M        M
================================================================================
AV -1.6-14.0                             13.4 FASTST  PSBL  %   M    MAX(MPH)
                                 MISC ---->     37  210                 43 200
================================================================================
NOTES:
# LAST OF SEVERAL OCCURRENCES

COLUMN 17 PEAK WIND IN M.P.H.

PRELIMINARY LOCAL CLIMATOLOGICAL DATA (WS FORM: F-6) , PAGE 2

                                          STATION:   BARROW
                                          MONTH:     02
                                          YEAR:      2015
                                          LATITUDE:  71 17 N
                                          LONGITUDE: 156 46 W

[TEMPERATURE DATA]      [PRECIPITATION DATA]       SYMBOLS USED IN COLUMN 16

AVERAGE MONTHLY:-7.8   TOTAL FOR MONTH: 0.18       1 = FOG
DPTR FM NORMAL:  6.2   DPTR FM NORMAL: 0.05       2 = FOG REDUCING VISIBILITY
HIGHEST:    29 ON 26    GRTST 24HR   0.08 ON 26        TO 1/4 MILE OR LESS
LOWEST:    -36 ON  5                               3 = THUNDER
                        SNOW, ICE PELLETS, HAIL    4 = ICE PELLETS
                        TOTAL MONTH: 2.6 INCHES  5 = HAIL
                        GRTST 24HR   0.8 ON 26     6 = GLAZE OR RIME
                        GRTST DEPTH:    7 ON 22    7 = BLOWING DUST OR SAND:
                                                       VSBY 1/2 MILE OR LESS
                                                   8 = SMOKE OR HAZE
[NO. OF DAYS WITH]      [WEATHER - DAYS WITH]      9 = BLOWING SNOW
                                                   X = TORNADO
MAX 32 OR BELOW:  26    0.01 INCH OR MORE:   6
MAX 70 OR ABOVE:   0    0.10 INCH OR MORE:   0
MIN 32 OR BELOW:  26    0.50 INCH OR MORE:   0
MIN  0 OR BELOW:  24    1.00 INCH OR MORE:   0

[HDD (BASE 65) ]
TOTAL THIS MO.  1896    CLEAR  (SCALE 0-3)   M
DPTR FM NORMAL  -158    PTCLDY (SCALE 4-7)   M
SEASONAL TOTAL 12032    CLOUDY (SCALE 8-10)  M
DPTR FM NORMAL  -658

[CDD (BASE 65) ]
TOTAL THIS MO.     0
DPTR FM NORMAL     0    [PRESSURE DATA]
SEASONAL TOTAL     0    HIGHEST SLP     M
DPTR FM NORMAL     0    LOWEST  SLP     M

[REMARKS]
