000
CXUS55 KMSO 270900
CF6BTM
PRELIMINARY LOCAL CLIMATOLOGICAL DATA (WS FORM: F-6)

                                          STATION:   BUTTE MT
                                          MONTH:     AUGUST
                                          YEAR:      2016
                                          LATITUDE:   45 57 N
                                          LONGITUDE: 112 30 W

  TEMPERATURE IN F:       :PCPN:    SNOW:  WIND      :SUNSHINE: SKY     :PK WND
================================================================================
1   2   3   4   5  6A  6B    7    8   9   10  11  12  13   14  15   16   17  18
                                     12Z  AVG MX 2MIN
DY MAX MIN AVG DEP HDD CDD  WTR  SNW DPTH SPD SPD DIR MIN PSBL S-S WX    SPD DR
================================================================================

 1  82  39  61  -3   4   0 0.00    M    M  4.9 12 360   M    M   0        15  10
 2  92  40  66   2   0   1 0.00    M    M  8.1 24 180   M    M   0        30 170
 3  72  47  60  -4   5   0 0.00    M    M 11.1 24 310   M    M   0 8      32 320
 4  80  37  59  -5   6   0 0.00    M    M  5.1 15 150   M    M   M        24 130
 5  84  47  66   2   0   1 0.00    M    M  5.8 18 140   M    M   0        23 140
 6  80  46  63  -1   2   0 0.03    M    M  6.8 24 290   M    M   2 3      37 170
 7  76  40  58  -6   7   0 0.42    M    M  7.1 31 260   M    M   2 13     45 270
 8  77  38  58  -6   7   0    T    M    M  4.7 22 210   M    M   2 3      30 210
 9  72  43  58  -6   7   0 0.02    M    M  7.3 20 330   M    M   2 3      26 280
10  67  35  51 -12  14   0 0.00    M    M  7.6 20 320   M    M   0        26 330
11  73  37  55  -8  10   0 0.00    M    M  5.5 17 320   M    M   1        22 330
12  78  41  60  -3   5   0 0.00    M    M  6.1 16 330   M    M   2        22  20
13  82  41  62  -1   3   0 0.00    M    M  4.4 12 330   M    M   0        15  10
14  82  47  65   3   0   0 0.00    M    M  6.1 26 190   M    M   0        33 200
15  85  43  64   2   1   0 0.00    M    M  3.6 16 330   M    M   0        20 320
16  88  43  66   4   0   1 0.00    M    M  5.1 17 330   M    M   0        20 320
17  87  45  66   4   0   1 0.03    M    M  4.6 24 190   M    M   2 3      32 210
18  81  46  64   2   1   0 0.16    M    M  8.6 32  30   M    M   3 13     41  40
19  68  44  56  -5   9   0 0.00    M    M  5.6 16 150   M    M   5        22 340
20  80  34  57  -4   8   0 0.00    M    M  4.1 13 320   M    M   0        19  20
21  86  38  62   1   3   0 0.00    M    M  6.1 18 270   M    M   0        25 270
22  78  40  59  -2   6   0 0.00    M    M  9.3 25 340   M    M   1 8      34 250
23  69  36  53  -7  12   0 0.00    M    M  5.5 17 320   M    M   0        22 300
24  64  36  50 -10  15   0 0.00    M    M  5.9 18  10   M    M   4        24  10
25  67  30  49 -11  16   0 0.00    M    M  4.8 17  80   M    M   1        22  80
26  71  34  53  -6  12   0 0.00    M    M  4.5 15 310   M    M   1        19 320
================================================================================
SM 2021 1047       153   4  0.66    M    158.3          M       28
================================================================================
AV 77.7 40.3                               6.1 FASTST   M    M   1    MAX(MPH)
                                 MISC ---->  # 32  30               # 45  270
================================================================================
NOTES:
# LAST OF SEVERAL OCCURRENCES

COLUMN 17 PEAK WIND IN M.P.H.

PRELIMINARY LOCAL CLIMATOLOGICAL DATA (WS FORM: F-6) , PAGE 2

                                          STATION:  BUTTE MT
                                          MONTH:    AUGUST
                                          YEAR:     2016
                                          LATITUDE:   45 57 N
                                          LONGITUDE: 112 30 W

[TEMPERATURE DATA]      [PRECIPITATION DATA]       SYMBOLS USED IN COLUMN 16

AVERAGE MONTHLY: 59.0   TOTAL FOR MONTH:   0.66    1 = FOG OR MIST
DPTR FM NORMAL:  -3.3   DPTR FM NORMAL:   -0.48    2 = FOG REDUCING VISIBILITY
HIGHEST:    92 ON  2    GRTST 24HR  0.42 ON  7- 7      TO 1/4 MILE OR LESS
LOWEST:     30 ON 25                               3 = THUNDER
                        SNOW, ICE PELLETS, HAIL    4 = ICE PELLETS
                        TOTAL MONTH:    M          5 = HAIL
                        GRTST 24HR    M  ON   M    6 = FREEZING RAIN OR DRIZZLE
                        GRTST DEPTH:  M  ON   M    7 = DUSTSTORM OR SANDSTORM:
                                                       VSBY 1/2 MILE OR LESS
                                                   8 = SMOKE OR HAZE
[NO. OF DAYS WITH]      [WEATHER - DAYS WITH]      9 = BLOWING SNOW
                                                   X = TORNADO
MAX 32 OR BELOW:   0    0.01 INCH OR MORE:   5
MAX 90 OR ABOVE:   1    0.10 INCH OR MORE:   2
MIN 32 OR BELOW:   1    0.50 INCH OR MORE:   0
MIN  0 OR BELOW:   0    1.00 INCH OR MORE:   0

[HDD (BASE 65) ]
TOTAL THIS MO.   153    CLEAR  (SCALE 0-3)  22
DPTR FM NORMAL    60    PTCLDY (SCALE 4-7)   3
TOTAL FM JUL 1   286    CLOUDY (SCALE 8-10)  0
DPTR FM NORMAL    93

[CDD (BASE 65) ]
TOTAL THIS MO.     4
DPTR FM NORMAL   -20    [PRESSURE DATA]
TOTAL FM JAN 1    51    HIGHEST SLP M ON M
DPTR FM NORMAL   -24    LOWEST  SLP 29.67 ON 21

[REMARKS]
