000
CXUS51 KBUF 241205
CF6BUF
PRELIMINARY LOCAL CLIMATOLOGICAL DATA (WS FORM: F-6)

                                          STATION:   BUFFALO NY
                                          MONTH:     OCTOBER
                                          YEAR:      2014
                                          LATITUDE:   42 55 N
                                          LONGITUDE:  78 44 W

  TEMPERATURE IN F:       :PCPN:    SNOW:  WIND      :SUNSHINE: SKY     :PK WND
================================================================================
1   2   3   4   5  6A  6B    7    8   9   10  11  12  13   14  15   16   17  18
                                     12Z  AVG MX 2MIN
DY MAX MIN AVG DEP HDD CDD  WTR  SNW DPTH SPD SPD DIR MIN PSBL S-S WX    SPD DR
================================================================================

 1  70  58  64   8   1   0 0.00  0.0    0  8.2 14 100   M    M   9 18     18  40
 2  74  56  65   9   0   0 0.00  0.0    0  7.9 16 150   M    M   3 1      20 130
 3  76  59  68  13   0   3 0.14  0.0    0 14.4 29 170   M    M   6 18     37 190
 4  60  40  50  -5  15   0 0.96    T    0 12.6 29 250   M    M   9 145    39 250
 5  49  39  44 -11  21   0 1.20  0.0    0  9.7 22 230   M    M   9 18     29 230
 6  65  47  56   2   9   0 0.39  0.0    0 10.8 26 190   M    M   9 1      33 190
 7  65  54  60   6   5   0 0.12  0.0    0 12.7 26 180   M    M   7 1      34 180
 8  59  48  54   0  11   0 0.08  0.0    0 15.5 35 250   M    M   6 13     49 280
 9  58  41  50  -3  15   0 0.00  0.0    0 10.6 26 230   M    M   2        34 240
10  56  43  50  -3  15   0 0.00  0.0    0  6.0 14 230   M    M   8        17 270
11  56  41  49  -3  16   0 0.00  0.0    0  4.7 14 330   M    M   7        18 320
12  61  35  48  -4  17   0 0.00  0.0    0  4.9 13 100   M    M   2        17 100
13  73  48  61   9   4   0 0.34  0.0    0  8.9 18 190   M    M   9 1      23 200
14  80  60  70  19   0   5    T  0.0    0 17.3 30 160   M    M   8        39 180
15  74  56  65  14   0   0 0.07  0.0    0  8.7 25 190   M    M   9 12     35 160
16  63  54  59   8   6   0 0.05  0.0    0  9.0 20 230   M    M   9 123    27 220
17  63  55  59   9   6   0 0.74  0.0    0 13.0 29 250   M    M   9 1      35 230
18  58  42  50   0  15   0 0.13  0.0    0 12.7 23 320   M    M  10 1      32 320
19  47  38  43  -7  22   0    T  0.0    0  9.9 21 350   M    M   8        25 340
20  57  41  49   0  16   0 0.04  0.0    0 10.4 20 220   M    M   9 8      24 200
21  54  44  49   0  16   0 0.14  0.0    0  9.1 18  20   M    M  10 18     28  20
22  47  44  46  -3  19   0    T  0.0    0  7.1 15  30   M    M   9 1      19  20
23  60  41  51   3  14   0 0.00  0.0    0  8.9 17 330   M    M   2        21 340
================================================================================
SM 1425 1084       243   8  4.40    T    233.0          M      169
================================================================================
AV 62.0 47.1                              10.1 FASTST   M    M   7    MAX(MPH)
                                 MISC ---->  # 35 250               # 49  280
================================================================================
NOTES:
# LAST OF SEVERAL OCCURRENCES

COLUMN 17 PEAK WIND IN M.P.H.

PRELIMINARY LOCAL CLIMATOLOGICAL DATA (WS FORM: F-6) , PAGE 2

                                          STATION:  BUFFALO NY
                                          MONTH:    OCTOBER
                                          YEAR:     2014
                                          LATITUDE:   42 55 N
                                          LONGITUDE:  78 44 W

[TEMPERATURE DATA]      [PRECIPITATION DATA]       SYMBOLS USED IN COLUMN 16

AVERAGE MONTHLY: 54.5   TOTAL FOR MONTH:   4.40    1 = FOG OR MIST
DPTR FM NORMAL:   2.4   DPTR FM NORMAL:    1.76    2 = FOG REDUCING VISIBILITY
HIGHEST:    80 ON 14    GRTST 24HR  1.59 ON  4- 5      TO 1/4 MILE OR LESS
LOWEST:     35 ON 12                               3 = THUNDER
                        SNOW, ICE PELLETS, HAIL    4 = ICE PELLETS
                        TOTAL MONTH:    T          5 = HAIL
                        GRTST 24HR    T  ON  4- 4  6 = FREEZING RAIN OR DRIZZLE
                        GRTST DEPTH:   0           7 = DUSTSTORM OR SANDSTORM:
                                                       VSBY 1/2 MILE OR LESS
                                                   8 = SMOKE OR HAZE
[NO. OF DAYS WITH]      [WEATHER - DAYS WITH]      9 = BLOWING SNOW
                                                   X = TORNADO
MAX 32 OR BELOW:   0    0.01 INCH OR MORE:  13
MAX 90 OR ABOVE:   0    0.10 INCH OR MORE:   9
MIN 32 OR BELOW:   0    0.50 INCH OR MORE:   3
MIN  0 OR BELOW:   0    1.00 INCH OR MORE:   1

[HDD (BASE 65) ]
TOTAL THIS MO.   243    CLEAR  (SCALE 0-3)   3
DPTR FM NORMAL   -56    PTCLDY (SCALE 4-7)   8
TOTAL FM JUL 1   373    CLOUDY (SCALE 8-10) 12
DPTR FM NORMAL   -88

[CDD (BASE 65) ]
TOTAL THIS MO.     8
DPTR FM NORMAL     8    [PRESSURE DATA]
TOTAL FM JAN 1   515    HIGHEST SLP M ON M
DPTR FM NORMAL   -25    LOWEST  SLP 29.50 ON M

[REMARKS]
